5.189.177.19 - - [28/Jun/2025:09:31:40 +0000] "GET /administrator/ HTTP/1.1" 404 1130 "https://www.google.com" "Mozilla/5.0 (Windows NT 10.0; Win64; x64) AppleWebKit/537.36 (KHTML, like Gecko) Chrome/90.0.4430.85 Safari/537.36"
5.189.177.19 - - [28/Jun/2025:09:31:41 +0000] "GET / HTTP/1.1" 200 12924 "https://www.google.com" "Mozilla/5.0 (Windows NT 10.0; Win64; x64) AppleWebKit/537.36 (KHTML, like Gecko) Chrome/90.0.4430.85 Safari/537.36"
66.249.68.67 - - [28/Jun/2025:09:34:16 +0000] "GET /bague-anneau-femme-homme-acier-laqu%C3%A9-noire-battement-de-ss-20385603 HTTP/1.1" 404 1130 "-" "Mozilla/5.0 (Linux; Android 6.0.1; Nexus 5X Build/MMB29P) AppleWebKit/537.36 (KHTML, like Gecko) Chrome/137.0.7151.103 Mobile Safari/537.36 (compatible; GoogleOther)"
66.249.68.69 - - [28/Jun/2025:09:35:32 +0000] "GET /bague-anneau-femme-homme-acier-laqu%C3%A9-noire-battement-de-ss-20385603 HTTP/1.1" 404 1130 "-" "Mozilla/5.0 (Linux; Android 6.0.1; Nexus 5X Build/MMB29P) AppleWebKit/537.36 (KHTML, like Gecko) Chrome/137.0.7151.103 Mobile Safari/537.36 (compatible; Googlebot/2.1; +http://www.google.com/bot.html)"
114.119.158.97 - - [28/Jun/2025:09:40:48 +0000] "GET /quad-halfords-roadsterz-6v-s-32298308&sa=U HTTP/1.1" 400 1134 "-" "Mozilla/5.0 (Linux; Android 7.0;) AppleWebKit/537.36 (KHTML, like Gecko) Mobile Safari/537.36 (compatible; PetalBot;+https://webmaster.petalsearch.com/site/petalbot)"
205.210.31.154 - - [28/Jun/2025:09:55:22 +0000] "GET / HTTP/1.1" 200 12877 "http://43.205.77.33:80/" "-"
66.249.68.69 - - [28/Jun/2025:10:20:20 +0000] "GET /ferme-de-vaulerand-pomme-de-terre-frite-filet-de-ss-43856695 HTTP/1.1" 404 1130 "-" "Mozilla/5.0 (Linux; Android 6.0.1; Nexus 5X Build/MMB29P) AppleWebKit/537.36 (KHTML, like Gecko) Chrome/137.0.7151.103 Mobile Safari/537.36 (compatible; Googlebot/2.1; +http://www.google.com/bot.html)"
66.249.68.69 - - [28/Jun/2025:10:21:44 +0000] "GET /ferme-de-vaulerand-pomme-de-terre-frite-filet-de-ss-43856695 HTTP/1.1" 404 1130 "-" "Mozilla/5.0 (Linux; Android 6.0.1; Nexus 5X Build/MMB29P) AppleWebKit/537.36 (KHTML, like Gecko) Chrome/137.0.7151.103 Mobile Safari/537.36 (compatible; GoogleOther)"
66.249.68.68 - - [28/Jun/2025:10:24:25 +0000] "GET /jbl-t110bt-%C3%89couteurs-avec-micro-intra-auriculaire-bluetooth-sans-ss-42448241 HTTP/1.1" 404 1130 "-" "Mozilla/5.0 (Linux; Android 6.0.1; Nexus 5X Build/MMB29P) AppleWebKit/537.36 (KHTML, like Gecko) Chrome/137.0.7151.103 Mobile Safari/537.36 (compatible; GoogleOther)"
66.249.68.69 - - [28/Jun/2025:10:27:09 +0000] "GET /jbl-t110bt-%C3%89couteurs-avec-micro-intra-auriculaire-bluetooth-sans-ss-42448241 HTTP/1.1" 404 1130 "-" "Mozilla/5.0 (Linux; Android 6.0.1; Nexus 5X Build/MMB29P) AppleWebKit/537.36 (KHTML, like Gecko) Chrome/137.0.7151.103 Mobile Safari/537.36 (compatible; Googlebot/2.1; +http://www.google.com/bot.html)"
66.249.68.68 - - [28/Jun/2025:10:28:31 +0000] "GET /?p=qk/C618795.html HTTP/1.1" 200 12861 "-" "Mozilla/5.0 (Linux; Android 6.0.1; Nexus 5X Build/MMB29P) AppleWebKit/537.36 (KHTML, like Gecko) Chrome/137.0.7151.103 Mobile Safari/537.36 (compatible; GoogleOther)"
66.249.68.69 - - [28/Jun/2025:10:31:15 +0000] "GET /?p=qk/C618795.html HTTP/1.1" 200 12944 "-" "Mozilla/5.0 (Linux; Android 6.0.1; Nexus 5X Build/MMB29P) AppleWebKit/537.36 (KHTML, like Gecko) Chrome/137.0.7151.103 Mobile Safari/537.36 (compatible; Googlebot/2.1; +http://www.google.com/bot.html)"
66.249.68.67 - - [28/Jun/2025:11:35:04 +0000] "GET /merchandising-bol-pro-s-18187256 HTTP/1.1" 404 1130 "-" "Mozilla/5.0 (Linux; Android 6.0.1; Nexus 5X Build/MMB29P) AppleWebKit/537.36 (KHTML, like Gecko) Chrome/137.0.7151.103 Mobile Safari/537.36 (compatible; GoogleOther)"
66.249.68.69 - - [28/Jun/2025:11:36:25 +0000] "GET /merchandising-bol-pro-s-18187256 HTTP/1.1" 404 1130 "-" "Mozilla/5.0 (Linux; Android 6.0.1; Nexus 5X Build/MMB29P) AppleWebKit/537.36 (KHTML, like Gecko) Chrome/137.0.7151.103 Mobile Safari/537.36 (compatible; Googlebot/2.1; +http://www.google.com/bot.html)"
66.249.68.68 - - [28/Jun/2025:11:54:10 +0000] "GET /robots.txt HTTP/1.1" 404 1130 "-" "Mozilla/5.0 (compatible; Googlebot/2.1; +http://www.google.com/bot.html)"
66.249.68.68 - - [28/Jun/2025:11:54:11 +0000] "GET /marvel-super-heroes-eaglemoss-hs01-the-incredible-hulk-l-ss-21720281 HTTP/1.1" 404 1130 "-" "Mozilla/5.0 (Linux; Android 6.0.1; Nexus 5X Build/MMB29P) AppleWebKit/537.36 (KHTML, like Gecko) Chrome/137.0.7151.103 Mobile Safari/537.36 (compatible; Googlebot/2.1; +http://www.google.com/bot.html)"
66.249.68.69 - - [28/Jun/2025:11:55:32 +0000] "GET /marvel-super-heroes-eaglemoss-hs01-the-incredible-hulk-l-ss-21720281 HTTP/1.1" 404 1130 "-" "Mozilla/5.0 (Linux; Android 6.0.1; Nexus 5X Build/MMB29P) AppleWebKit/537.36 (KHTML, like Gecko) Chrome/137.0.7151.103 Mobile Safari/537.36 (compatible; GoogleOther)"
170.205.30.52 - - [28/Jun/2025:12:19:00 +0000] "GET /index.php?gdftps.php HTTP/1.1" 200 12857 "-" "Mozlila/5.0 (Linux; Android 7.0; SM-G892A Bulid/NRD90M; wv) AppleWebKit/537.36 (KHTML, like Gecko) Version/4.0 Chrome/60.0.3112.107 Moblie Safari/537.36"
66.249.68.67 - - [28/Jun/2025:12:24:12 +0000] "GET /medium-bar-toyota-hilux-2006-2016-ss-44337146 HTTP/1.1" 404 1130 "-" "Mozilla/5.0 (Linux; Android 6.0.1; Nexus 5X Build/MMB29P) AppleWebKit/537.36 (KHTML, like Gecko) Chrome/137.0.7151.103 Mobile Safari/537.36 (compatible; GoogleOther)"
66.249.68.67 - - [28/Jun/2025:12:25:34 +0000] "GET /medium-bar-toyota-hilux-2006-2016-ss-44337146 HTTP/1.1" 404 1130 "-" "Mozilla/5.0 (Linux; Android 6.0.1; Nexus 5X Build/MMB29P) AppleWebKit/537.36 (KHTML, like Gecko) Chrome/137.0.7151.103 Mobile Safari/537.36 (compatible; Googlebot/2.1; +http://www.google.com/bot.html)"
66.249.68.67 - - [28/Jun/2025:12:39:13 +0000] "GET /plafonnier-en-pl%C3%A2tre-gu10-ss-49731907 HTTP/1.1" 404 1130 "-" "Mozilla/5.0 (Linux; Android 6.0.1; Nexus 5X Build/MMB29P) AppleWebKit/537.36 (KHTML, like Gecko) Chrome/137.0.7151.103 Mobile Safari/537.36 (compatible; GoogleOther)"
66.249.68.68 - - [28/Jun/2025:12:41:57 +0000] "GET /plafonnier-en-pl%C3%A2tre-gu10-ss-49731907 HTTP/1.1" 404 1130 "-" "Mozilla/5.0 (Linux; Android 6.0.1; Nexus 5X Build/MMB29P) AppleWebKit/537.36 (KHTML, like Gecko) Chrome/137.0.7151.103 Mobile Safari/537.36 (compatible; Googlebot/2.1; +http://www.google.com/bot.html)"
205.210.31.149 - - [28/Jun/2025:13:14:21 +0000] "GET / HTTP/1.1" 200 12841 "-" "-"
114.119.153.247 - - [28/Jun/2025:13:37:34 +0000] "GET /brochas-de-maquillaje-nombres-y-usos-s-33546386&sa=U HTTP/1.1" 400 1134 "-" "Mozilla/5.0 (Linux; Android 7.0;) AppleWebKit/537.36 (KHTML, like Gecko) Mobile Safari/537.36 (compatible; PetalBot;+https://webmaster.petalsearch.com/site/petalbot)"
66.249.68.67 - - [28/Jun/2025:13:54:57 +0000] "GET /%C3%89quipement-de-gymnastique-%C3%A0-domicile-anneau-d-%C3%A9paule-ouvert-ss-42543556 HTTP/1.1" 404 1130 "-" "Mozilla/5.0 (Linux; Android 6.0.1; Nexus 5X Build/MMB29P) AppleWebKit/537.36 (KHTML, like Gecko) Chrome/137.0.7151.103 Mobile Safari/537.36 (compatible; GoogleOther)"
66.249.68.68 - - [28/Jun/2025:13:55:12 +0000] "GET /%C3%89quipement-de-gymnastique-%C3%A0-domicile-anneau-d-%C3%A9paule-ouvert-ss-42543556 HTTP/1.1" 404 1130 "-" "Mozilla/5.0 (Linux; Android 6.0.1; Nexus 5X Build/MMB29P) AppleWebKit/537.36 (KHTML, like Gecko) Chrome/137.0.7151.103 Mobile Safari/537.36 (compatible; Googlebot/2.1; +http://www.google.com/bot.html)"
66.249.68.69 - - [28/Jun/2025:14:15:48 +0000] "GET /officiel-stray-kids-bagues-ss-5292345 HTTP/1.1" 404 1130 "-" "Mozilla/5.0 (Linux; Android 6.0.1; Nexus 5X Build/MMB29P) AppleWebKit/537.36 (KHTML, like Gecko) Chrome/137.0.7151.103 Mobile Safari/537.36 (compatible; GoogleOther)"
66.249.68.69 - - [28/Jun/2025:14:16:19 +0000] "GET /officiel-stray-kids-bagues-ss-5292345 HTTP/1.1" 404 1130 "-" "Mozilla/5.0 (Linux; Android 6.0.1; Nexus 5X Build/MMB29P) AppleWebKit/537.36 (KHTML, like Gecko) Chrome/137.0.7151.103 Mobile Safari/537.36 (compatible; Googlebot/2.1; +http://www.google.com/bot.html)"
66.249.68.68 - - [28/Jun/2025:14:31:39 +0000] "GET /elite-calaca-para-ni%C3%B1os-talla-y-ss-33280991 HTTP/1.1" 404 1130 "-" "Mozilla/5.0 (Linux; Android 6.0.1; Nexus 5X Build/MMB29P) AppleWebKit/537.36 (KHTML, like Gecko) Chrome/137.0.7151.103 Mobile Safari/537.36 (compatible; GoogleOther)"
66.249.68.68 - - [28/Jun/2025:14:31:53 +0000] "GET /elite-calaca-para-ni%C3%B1os-talla-y-ss-33280991 HTTP/1.1" 404 1130 "-" "Mozilla/5.0 (Linux; Android 6.0.1; Nexus 5X Build/MMB29P) AppleWebKit/537.36 (KHTML, like Gecko) Chrome/137.0.7151.103 Mobile Safari/537.36 (compatible; Googlebot/2.1; +http://www.google.com/bot.html)"
66.249.68.68 - - [28/Jun/2025:14:52:02 +0000] "GET /base-familyfix3-ss-11110088 HTTP/1.1" 404 1130 "-" "Mozilla/5.0 (Linux; Android 6.0.1; Nexus 5X Build/MMB29P) AppleWebKit/537.36 (KHTML, like Gecko) Chrome/137.0.7151.103 Mobile Safari/537.36 (compatible; Googlebot/2.1; +http://www.google.com/bot.html)"
66.249.68.69 - - [28/Jun/2025:14:53:07 +0000] "GET /paire-boucles-d-oreilles-pour-homme-ado-tige-fermoir-ss-44781945 HTTP/1.1" 404 1130 "-" "Mozilla/5.0 (Linux; Android 6.0.1; Nexus 5X Build/MMB29P) AppleWebKit/537.36 (KHTML, like Gecko) Chrome/137.0.7151.103 Mobile Safari/537.36 (compatible; Googlebot/2.1; +http://www.google.com/bot.html)"
66.249.68.67 - - [28/Jun/2025:14:53:17 +0000] "GET /paire-boucles-d-oreilles-pour-homme-ado-tige-fermoir-ss-44781945 HTTP/1.1" 404 1130 "-" "Mozilla/5.0 (Linux; Android 6.0.1; Nexus 5X Build/MMB29P) AppleWebKit/537.36 (KHTML, like Gecko) Chrome/137.0.7151.103 Mobile Safari/537.36 (compatible; GoogleOther)"
66.249.68.68 - - [28/Jun/2025:15:19:53 +0000] "GET /homcom-sapin-de-no%C3%ABl-artificiel-lumineux-1705-branches-enneig%C3%A9es-ss-32066815 HTTP/1.1" 404 1130 "-" "Mozilla/5.0 (Linux; Android 6.0.1; Nexus 5X Build/MMB29P) AppleWebKit/537.36 (KHTML, like Gecko) Chrome/137.0.7151.103 Mobile Safari/537.36 (compatible; Googlebot/2.1; +http://www.google.com/bot.html)"
66.249.68.67 - - [28/Jun/2025:15:20:02 +0000] "GET /homcom-sapin-de-no%C3%ABl-artificiel-lumineux-1705-branches-enneig%C3%A9es-ss-32066815 HTTP/1.1" 404 1130 "-" "Mozilla/5.0 (Linux; Android 6.0.1; Nexus 5X Build/MMB29P) AppleWebKit/537.36 (KHTML, like Gecko) Chrome/137.0.7151.103 Mobile Safari/537.36 (compatible; GoogleOther)"
66.249.68.67 - - [28/Jun/2025:15:23:30 +0000] "GET /abat-jour-de-rideau-de-porte-coulissante-en-verre-ss-16574642 HTTP/1.1" 404 1130 "-" "Mozilla/5.0 (Linux; Android 6.0.1; Nexus 5X Build/MMB29P) AppleWebKit/537.36 (KHTML, like Gecko) Chrome/137.0.7151.103 Mobile Safari/537.36 (compatible; Googlebot/2.1; +http://www.google.com/bot.html)"
139.99.34.216 - - [28/Jun/2025:15:44:36 +0000] "GET /index.php?.env HTTP/1.1" 200 12825 "-" "Mozilla/5.0 (Windows NT 10.0; Win64; x64) AppleWebKit/537.36 (KHTML, like Gecko) Chrome/120.0.0.0 Safari/537.36"
66.249.68.67 - - [28/Jun/2025:15:51:03 +0000] "GET /abat-jour-de-rideau-de-porte-coulissante-en-verre-ss-16574642 HTTP/1.1" 404 1130 "-" "Mozilla/5.0 (Linux; Android 6.0.1; Nexus 5X Build/MMB29P) AppleWebKit/537.36 (KHTML, like Gecko) Chrome/137.0.7151.103 Mobile Safari/537.36 (compatible; GoogleOther)"
66.249.68.67 - - [28/Jun/2025:15:51:08 +0000] "GET /avion-radiocommand%C3%A9-x-twin-ss-5535315 HTTP/1.1" 404 1130 "-" "Mozilla/5.0 (Linux; Android 6.0.1; Nexus 5X Build/MMB29P) AppleWebKit/537.36 (KHTML, like Gecko) Chrome/137.0.7151.103 Mobile Safari/537.36 (compatible; Googlebot/2.1; +http://www.google.com/bot.html)"
66.249.68.67 - - [28/Jun/2025:15:51:18 +0000] "GET /avion-radiocommand%C3%A9-x-twin-ss-5535315 HTTP/1.1" 404 1130 "-" "Mozilla/5.0 (Linux; Android 6.0.1; Nexus 5X Build/MMB29P) AppleWebKit/537.36 (KHTML, like Gecko) Chrome/137.0.7151.103 Mobile Safari/537.36 (compatible; GoogleOther)"
66.249.68.69 - - [28/Jun/2025:16:52:02 +0000] "GET /boussole-de-l-%C3%A9difice-s-43312837 HTTP/1.1" 404 1130 "-" "Mozilla/5.0 (Linux; Android 6.0.1; Nexus 5X Build/MMB29P) AppleWebKit/537.36 (KHTML, like Gecko) Chrome/137.0.7151.103 Mobile Safari/537.36 (compatible; Googlebot/2.1; +http://www.google.com/bot.html)"
66.249.68.68 - - [28/Jun/2025:16:52:11 +0000] "GET /boussole-de-l-%C3%A9difice-s-43312837 HTTP/1.1" 404 1130 "-" "Mozilla/5.0 (Linux; Android 6.0.1; Nexus 5X Build/MMB29P) AppleWebKit/537.36 (KHTML, like Gecko) Chrome/137.0.7151.103 Mobile Safari/537.36 (compatible; GoogleOther)"
66.249.68.67 - - [28/Jun/2025:19:02:15 +0000] "GET /audio-de-jour-s-3759129 HTTP/1.1" 404 1130 "-" "Mozilla/5.0 (Linux; Android 6.0.1; Nexus 5X Build/MMB29P) AppleWebKit/537.36 (KHTML, like Gecko) Chrome/137.0.7151.103 Mobile Safari/537.36 (compatible; GoogleOther)"
66.249.68.67 - - [28/Jun/2025:19:02:31 +0000] "GET /audio-de-jour-s-3759129 HTTP/1.1" 404 1130 "-" "Mozilla/5.0 (Linux; Android 6.0.1; Nexus 5X Build/MMB29P) AppleWebKit/537.36 (KHTML, like Gecko) Chrome/137.0.7151.103 Mobile Safari/537.36 (compatible; Googlebot/2.1; +http://www.google.com/bot.html)"
66.249.68.68 - - [28/Jun/2025:19:55:37 +0000] "GET /collier-cercle-prodigieux-or-et-diamants-ss-49374469 HTTP/1.1" 404 1130 "-" "Mozilla/5.0 (Linux; Android 6.0.1; Nexus 5X Build/MMB29P) AppleWebKit/537.36 (KHTML, like Gecko) Chrome/137.0.7151.103 Mobile Safari/537.36 (compatible; Googlebot/2.1; +http://www.google.com/bot.html)"
66.249.68.67 - - [28/Jun/2025:19:55:58 +0000] "GET /collier-cercle-prodigieux-or-et-diamants-ss-49374469 HTTP/1.1" 404 1130 "-" "Mozilla/5.0 (Linux; Android 6.0.1; Nexus 5X Build/MMB29P) AppleWebKit/537.36 (KHTML, like Gecko) Chrome/137.0.7151.103 Mobile Safari/537.36 (compatible; GoogleOther)"
66.249.68.67 - - [28/Jun/2025:20:02:17 +0000] "GET /evolution-de-la-mode-du-xviii%C3%A8me-si%C3%A8cle-au-milieu-ss-37209155 HTTP/1.1" 404 1130 "-" "Mozilla/5.0 (Linux; Android 6.0.1; Nexus 5X Build/MMB29P) AppleWebKit/537.36 (KHTML, like Gecko) Chrome/137.0.7151.103 Mobile Safari/537.36 (compatible; Googlebot/2.1; +http://www.google.com/bot.html)"
66.249.68.67 - - [28/Jun/2025:20:02:31 +0000] "GET /lot-de-tabourets-de-bar-turner-ss-47833982 HTTP/1.1" 404 1130 "-" "Mozilla/5.0 (Linux; Android 6.0.1; Nexus 5X Build/MMB29P) AppleWebKit/537.36 (KHTML, like Gecko) Chrome/137.0.7151.103 Mobile Safari/537.36 (compatible; Googlebot/2.1; +http://www.google.com/bot.html)"
66.249.68.67 - - [28/Jun/2025:20:02:41 +0000] "GET /lot-de-tabourets-de-bar-turner-ss-47833982 HTTP/1.1" 404 1130 "-" "Mozilla/5.0 (Linux; Android 6.0.1; Nexus 5X Build/MMB29P) AppleWebKit/537.36 (KHTML, like Gecko) Chrome/137.0.7151.103 Mobile Safari/537.36 (compatible; GoogleOther)"
66.249.68.69 - - [28/Jun/2025:20:03:02 +0000] "GET /evolution-de-la-mode-du-xviii%C3%A8me-si%C3%A8cle-au-milieu-ss-37209155 HTTP/1.1" 404 1130 "-" "Mozilla/5.0 (Linux; Android 6.0.1; Nexus 5X Build/MMB29P) AppleWebKit/537.36 (KHTML, like Gecko) Chrome/137.0.7151.103 Mobile Safari/537.36 (compatible; GoogleOther)"
66.249.68.69 - - [28/Jun/2025:20:11:19 +0000] "GET /sweat-capuche-moi-susceptible-ss-10171749 HTTP/1.1" 404 1130 "-" "Mozilla/5.0 (Linux; Android 6.0.1; Nexus 5X Build/MMB29P) AppleWebKit/537.36 (KHTML, like Gecko) Chrome/137.0.7151.103 Mobile Safari/537.36 (compatible; GoogleOther)"
66.249.68.68 - - [28/Jun/2025:20:11:34 +0000] "GET /sweat-capuche-moi-susceptible-ss-10171749 HTTP/1.1" 404 1130 "-" "Mozilla/5.0 (Linux; Android 6.0.1; Nexus 5X Build/MMB29P) AppleWebKit/537.36 (KHTML, like Gecko) Chrome/137.0.7151.103 Mobile Safari/537.36 (compatible; Googlebot/2.1; +http://www.google.com/bot.html)"
66.249.68.69 - - [28/Jun/2025:20:15:47 +0000] "GET /de-toutes-petites-choses-s-18678228 HTTP/1.1" 404 1130 "-" "Mozilla/5.0 (Linux; Android 6.0.1; Nexus 5X Build/MMB29P) AppleWebKit/537.36 (KHTML, like Gecko) Chrome/137.0.7151.103 Mobile Safari/537.36 (compatible; Googlebot/2.1; +http://www.google.com/bot.html)"
66.249.68.67 - - [28/Jun/2025:20:15:57 +0000] "GET /de-toutes-petites-choses-s-18678228 HTTP/1.1" 404 1130 "-" "Mozilla/5.0 (Linux; Android 6.0.1; Nexus 5X Build/MMB29P) AppleWebKit/537.36 (KHTML, like Gecko) Chrome/137.0.7151.103 Mobile Safari/537.36 (compatible; GoogleOther)"
66.249.68.68 - - [28/Jun/2025:20:25:09 +0000] "GET /jus-d-orange-raisin-et-banane-tropicana-90-cl-ss-19347679 HTTP/1.1" 404 1130 "-" "Mozilla/5.0 (Linux; Android 6.0.1; Nexus 5X Build/MMB29P) AppleWebKit/537.36 (KHTML, like Gecko) Chrome/137.0.7151.103 Mobile Safari/537.36 (compatible; GoogleOther)"
66.249.68.68 - - [28/Jun/2025:20:25:20 +0000] "GET /jus-d-orange-raisin-et-banane-tropicana-90-cl-ss-19347679 HTTP/1.1" 404 1130 "-" "Mozilla/5.0 (Linux; Android 6.0.1; Nexus 5X Build/MMB29P) AppleWebKit/537.36 (KHTML, like Gecko) Chrome/137.0.7151.103 Mobile Safari/537.36 (compatible; Googlebot/2.1; +http://www.google.com/bot.html)"
66.249.68.67 - - [28/Jun/2025:21:41:50 +0000] "GET /adidas-kids-real-madrid-condivo-22-training-jersey-purple-ss-8596027 HTTP/1.1" 404 1130 "-" "Mozilla/5.0 (Linux; Android 6.0.1; Nexus 5X Build/MMB29P) AppleWebKit/537.36 (KHTML, like Gecko) Chrome/137.0.7151.103 Mobile Safari/537.36 (compatible; GoogleOther)"
66.249.68.67 - - [28/Jun/2025:21:42:02 +0000] "GET /adidas-kids-real-madrid-condivo-22-training-jersey-purple-ss-8596027 HTTP/1.1" 404 1130 "-" "Mozilla/5.0 (Linux; Android 6.0.1; Nexus 5X Build/MMB29P) AppleWebKit/537.36 (KHTML, like Gecko) Chrome/137.0.7151.103 Mobile Safari/537.36 (compatible; Googlebot/2.1; +http://www.google.com/bot.html)"
104.210.140.137 - - [28/Jun/2025:21:47:24 +0000] "GET /robots.txt HTTP/1.1" 404 1130 "-" "Mozilla/5.0 (Macintosh; Intel Mac OS X 10_15_7) AppleWebKit/537.36 (KHTML, like Gecko) Chrome/131.0.0.0 Safari/537.36; compatible; OAI-SearchBot/1.0; +https://openai.com/searchbot"
104.210.140.137 - - [28/Jun/2025:21:47:26 +0000] "GET /index.php?robots.txt HTTP/1.1" 200 12861 "-" "Mozilla/5.0 (Macintosh; Intel Mac OS X 10_15_7) AppleWebKit/537.36 (KHTML, like Gecko) Chrome/131.0.0.0 Safari/537.36; compatible; OAI-SearchBot/1.0; +https://openai.com/searchbot"
66.249.68.69 - - [28/Jun/2025:22:32:25 +0000] "GET /la-maison-halter-boucles-d-oreilles-or-gujarat-ss-45580500 HTTP/1.1" 404 1130 "-" "Mozilla/5.0 (Linux; Android 6.0.1; Nexus 5X Build/MMB29P) AppleWebKit/537.36 (KHTML, like Gecko) Chrome/137.0.7151.103 Mobile Safari/537.36 (compatible; GoogleOther)"
66.249.68.69 - - [28/Jun/2025:22:34:25 +0000] "GET /la-maison-halter-boucles-d-oreilles-or-gujarat-ss-45580500 HTTP/1.1" 404 1130 "-" "Mozilla/5.0 (Linux; Android 6.0.1; Nexus 5X Build/MMB29P) AppleWebKit/537.36 (KHTML, like Gecko) Chrome/137.0.7151.103 Mobile Safari/537.36 (compatible; Googlebot/2.1; +http://www.google.com/bot.html)"
66.249.68.68 - - [28/Jun/2025:22:49:15 +0000] "GET /commode-tiroirs-et-armoire-portes-tiroir-amalya-blanc-et-ss-8428016 HTTP/1.1" 404 1130 "-" "Mozilla/5.0 (Linux; Android 6.0.1; Nexus 5X Build/MMB29P) AppleWebKit/537.36 (KHTML, like Gecko) Chrome/137.0.7151.103 Mobile Safari/537.36 (compatible; GoogleOther)"
66.249.68.68 - - [28/Jun/2025:22:49:27 +0000] "GET /commode-tiroirs-et-armoire-portes-tiroir-amalya-blanc-et-ss-8428016 HTTP/1.1" 404 1130 "-" "Mozilla/5.0 (Linux; Android 6.0.1; Nexus 5X Build/MMB29P) AppleWebKit/537.36 (KHTML, like Gecko) Chrome/137.0.7151.103 Mobile Safari/537.36 (compatible; Googlebot/2.1; +http://www.google.com/bot.html)"
66.249.68.67 - - [28/Jun/2025:23:18:55 +0000] "GET /bracelet-brosway-homme-nautilus-bnu12-bijoux-de-mode-ss-37215624 HTTP/1.1" 404 1130 "-" "Mozilla/5.0 (Linux; Android 6.0.1; Nexus 5X Build/MMB29P) AppleWebKit/537.36 (KHTML, like Gecko) Chrome/137.0.7151.103 Mobile Safari/537.36 (compatible; GoogleOther)"
66.249.68.68 - - [28/Jun/2025:23:22:04 +0000] "GET /bracelet-brosway-homme-nautilus-bnu12-bijoux-de-mode-ss-37215624 HTTP/1.1" 404 1130 "-" "Mozilla/5.0 (Linux; Android 6.0.1; Nexus 5X Build/MMB29P) AppleWebKit/537.36 (KHTML, like Gecko) Chrome/137.0.7151.103 Mobile Safari/537.36 (compatible; Googlebot/2.1; +http://www.google.com/bot.html)"
66.249.68.69 - - [28/Jun/2025:23:23:38 +0000] "GET /corsair-h100i-v2-hydro-series-ss-18768780 HTTP/1.1" 404 1130 "-" "Mozilla/5.0 (Linux; Android 6.0.1; Nexus 5X Build/MMB29P) AppleWebKit/537.36 (KHTML, like Gecko) Chrome/137.0.7151.103 Mobile Safari/537.36 (compatible; GoogleOther)"
66.249.68.69 - - [28/Jun/2025:23:25:13 +0000] "GET /corsair-h100i-v2-hydro-series-ss-18768780 HTTP/1.1" 404 1130 "-" "Mozilla/5.0 (Linux; Android 6.0.1; Nexus 5X Build/MMB29P) AppleWebKit/537.36 (KHTML, like Gecko) Chrome/137.0.7151.103 Mobile Safari/537.36 (compatible; Googlebot/2.1; +http://www.google.com/bot.html)"
66.249.68.68 - - [28/Jun/2025:23:26:47 +0000] "GET /crochet-laiton-large-m10-femelle-ss-13729861 HTTP/1.1" 404 1130 "-" "Mozilla/5.0 (Linux; Android 6.0.1; Nexus 5X Build/MMB29P) AppleWebKit/537.36 (KHTML, like Gecko) Chrome/137.0.7151.103 Mobile Safari/537.36 (compatible; Googlebot/2.1; +http://www.google.com/bot.html)"
66.249.68.69 - - [28/Jun/2025:23:28:22 +0000] "GET /crochet-laiton-large-m10-femelle-ss-13729861 HTTP/1.1" 404 1130 "-" "Mozilla/5.0 (Linux; Android 6.0.1; Nexus 5X Build/MMB29P) AppleWebKit/537.36 (KHTML, like Gecko) Chrome/137.0.7151.103 Mobile Safari/537.36 (compatible; GoogleOther)"
66.249.68.69 - - [28/Jun/2025:23:50:26 +0000] "GET /surprise-boys-s%C3%A9rie-ss-16626856 HTTP/1.1" 404 1130 "-" "Mozilla/5.0 (Linux; Android 6.0.1; Nexus 5X Build/MMB29P) AppleWebKit/537.36 (KHTML, like Gecko) Chrome/137.0.7151.103 Mobile Safari/537.36 (compatible; GoogleOther)"
5.189.177.19 - - [28/Jun/2025:23:50:39 +0000] "GET /index.php?wp-login.php HTTP/1.1" 200 12882 "https://www.google.com" "Mozilla/5.0 (Windows NT 10.0; Win64; x64) AppleWebKit/537.36 (KHTML, like Gecko) Chrome/90.0.4430.85 Safari/537.36"
5.189.177.19 - - [28/Jun/2025:23:50:41 +0000] "GET / HTTP/1.1" 200 12854 "https://www.google.com" "Mozilla/5.0 (Windows NT 10.0; Win64; x64) AppleWebKit/537.36 (KHTML, like Gecko) Chrome/90.0.4430.85 Safari/537.36"
66.249.68.67 - - [29/Jun/2025:00:03:02 +0000] "GET /bici-bmx-free-style-r20-ss-50222907 HTTP/1.1" 404 1130 "-" "Mozilla/5.0 (Linux; Android 6.0.1; Nexus 5X Build/MMB29P) AppleWebKit/537.36 (KHTML, like Gecko) Chrome/137.0.7151.103 Mobile Safari/537.36 (compatible; GoogleOther)"
66.249.68.69 - - [29/Jun/2025:00:06:11 +0000] "GET /bici-bmx-free-style-r20-ss-50222907 HTTP/1.1" 404 1130 "-" "Mozilla/5.0 (Linux; Android 6.0.1; Nexus 5X Build/MMB29P) AppleWebKit/537.36 (KHTML, like Gecko) Chrome/137.0.7151.103 Mobile Safari/537.36 (compatible; Googlebot/2.1; +http://www.google.com/bot.html)"
66.249.68.67 - - [29/Jun/2025:00:07:45 +0000] "GET /surprise-boys-s%C3%A9rie-ss-16626856 HTTP/1.1" 404 1130 "-" "Mozilla/5.0 (Linux; Android 6.0.1; Nexus 5X Build/MMB29P) AppleWebKit/537.36 (KHTML, like Gecko) Chrome/137.0.7151.103 Mobile Safari/537.36 (compatible; Googlebot/2.1; +http://www.google.com/bot.html)"
66.249.68.69 - - [29/Jun/2025:00:31:24 +0000] "GET /robots.txt HTTP/1.1" 404 1130 "-" "Mozilla/5.0 (compatible; Googlebot/2.1; +http://www.google.com/bot.html)"
66.249.68.68 - - [29/Jun/2025:00:31:25 +0000] "GET /free-guy-dvd-[import]-ss-22906345 HTTP/1.1" 400 1134 "-" "Mozilla/5.0 (Linux; Android 6.0.1; Nexus 5X Build/MMB29P) AppleWebKit/537.36 (KHTML, like Gecko) Chrome/137.0.7151.103 Mobile Safari/537.36 (compatible; GoogleOther)"
66.249.68.68 - - [29/Jun/2025:00:34:32 +0000] "GET /free-guy-dvd-[import]-ss-22906345 HTTP/1.1" 400 1134 "-" "Mozilla/5.0 (Linux; Android 6.0.1; Nexus 5X Build/MMB29P) AppleWebKit/537.36 (KHTML, like Gecko) Chrome/137.0.7151.103 Mobile Safari/537.36 (compatible; Googlebot/2.1; +http://www.google.com/bot.html)"
103.153.66.184 - - [29/Jun/2025:00:57:02 +0000] "GET /index.php?wp-config.php HTTP/1.1" 200 12887 "-" "Mozilla/5.0 (Linux; Android 7.0; SM-G892A Build/NRD90M; wv) AppleWebKit/537.36 (KHTML, like Gecko) Version/4.0 Chrome/60.0.3112.107 Mobile Safari/537.36"
103.153.66.184 - - [29/Jun/2025:00:57:05 +0000] "GET /index.php/admin-ajax.php?wp-admin/admin-ajax.php HTTP/1.1" 404 1130 "-" "Mozilla/5.0 (Linux; Android 7.0; SM-G892A Build/NRD90M; wv) AppleWebKit/537.36 (KHTML, like Gecko) Version/4.0 Chrome/60.0.3112.107 Mobile Safari/537.36"
103.153.66.184 - - [29/Jun/2025:00:57:08 +0000] "GET /index.php?%20index.php HTTP/1.1" 200 12858 "-" "Mozilla/5.0 (Linux; Android 7.0; SM-G892A Build/NRD90M; wv) AppleWebKit/537.36 (KHTML, like Gecko) Version/4.0 Chrome/60.0.3112.107 Mobile Safari/537.36"
103.153.66.184 - - [29/Jun/2025:00:57:11 +0000] "GET /index.php/uploads.php?wp-content/uploads.php HTTP/1.1" 404 1130 "-" "Mozilla/5.0 (Linux; Android 7.0; SM-G892A Build/NRD90M; wv) AppleWebKit/537.36 (KHTML, like Gecko) Version/4.0 Chrome/60.0.3112.107 Mobile Safari/537.36"
103.153.66.184 - - [29/Jun/2025:00:57:13 +0000] "GET /index.php/?wp-includes/ HTTP/1.1" 200 12852 "-" "Mozilla/5.0 (Linux; Android 7.0; SM-G892A Build/NRD90M; wv) AppleWebKit/537.36 (KHTML, like Gecko) Version/4.0 Chrome/60.0.3112.107 Mobile Safari/537.36"
103.153.66.184 - - [29/Jun/2025:00:57:28 +0000] "GET /index.php/plugins/?wp-content/plugins/ HTTP/1.1" 404 1130 "-" "Mozilla/5.0 (Linux; Android 7.0; SM-G892A Build/NRD90M; wv) AppleWebKit/537.36 (KHTML, like Gecko) Version/4.0 Chrome/60.0.3112.107 Mobile Safari/537.36"
103.153.66.184 - - [29/Jun/2025:00:57:29 +0000] "GET /index.php?chosen.php HTTP/1.1" 200 12946 "-" "Mozilla/5.0 (Linux; Android 7.0; SM-G892A Build/NRD90M; wv) AppleWebKit/537.36 (KHTML, like Gecko) Version/4.0 Chrome/60.0.3112.107 Mobile Safari/537.36"
103.153.66.184 - - [29/Jun/2025:00:57:31 +0000] "GET /index.php?wso.php HTTP/1.1" 200 12906 "-" "Mozilla/5.0 (Linux; Android 7.0; SM-G892A Build/NRD90M; wv) AppleWebKit/537.36 (KHTML, like Gecko) Version/4.0 Chrome/60.0.3112.107 Mobile Safari/537.36"
103.153.66.184 - - [29/Jun/2025:00:57:32 +0000] "GET /index.php?alfa.php HTTP/1.1" 200 12919 "-" "Mozilla/5.0 (Linux; Android 7.0; SM-G892A Build/NRD90M; wv) AppleWebKit/537.36 (KHTML, like Gecko) Version/4.0 Chrome/60.0.3112.107 Mobile Safari/537.36"
103.153.66.184 - - [29/Jun/2025:00:57:36 +0000] "GET /index.php?up.php HTTP/1.1" 200 12825 "-" "Mozilla/5.0 (Linux; Android 7.0; SM-G892A Build/NRD90M; wv) AppleWebKit/537.36 (KHTML, like Gecko) Version/4.0 Chrome/60.0.3112.107 Mobile Safari/537.36"
103.153.66.184 - - [29/Jun/2025:00:57:37 +0000] "GET /index.php?cmd.php HTTP/1.1" 200 12829 "-" "Mozilla/5.0 (Linux; Android 7.0; SM-G892A Build/NRD90M; wv) AppleWebKit/537.36 (KHTML, like Gecko) Version/4.0 Chrome/60.0.3112.107 Mobile Safari/537.36"
103.153.66.184 - - [29/Jun/2025:00:57:42 +0000] "GET /index.php?upload.php HTTP/1.1" 200 12927 "-" "Mozilla/5.0 (Linux; Android 7.0; SM-G892A Build/NRD90M; wv) AppleWebKit/537.36 (KHTML, like Gecko) Version/4.0 Chrome/60.0.3112.107 Mobile Safari/537.36"
103.153.66.184 - - [29/Jun/2025:00:57:44 +0000] "GET /index.php?c99.php HTTP/1.1" 200 12909 "-" "Mozilla/5.0 (Linux; Android 7.0; SM-G892A Build/NRD90M; wv) AppleWebKit/537.36 (KHTML, like Gecko) Version/4.0 Chrome/60.0.3112.107 Mobile Safari/537.36"
103.153.66.184 - - [29/Jun/2025:00:57:55 +0000] "GET /index.php?adminer.php HTTP/1.1" 200 12909 "-" "Mozilla/5.0 (Linux; Android 7.0; SM-G892A Build/NRD90M; wv) AppleWebKit/537.36 (KHTML, like Gecko) Version/4.0 Chrome/60.0.3112.107 Mobile Safari/537.36"
103.153.66.184 - - [29/Jun/2025:00:58:02 +0000] "GET /index.php?config.php HTTP/1.1" 200 12897 "-" "Mozilla/5.0 (Linux; Android 7.0; SM-G892A Build/NRD90M; wv) AppleWebKit/537.36 (KHTML, like Gecko) Version/4.0 Chrome/60.0.3112.107 Mobile Safari/537.36"
103.153.66.184 - - [29/Jun/2025:00:58:06 +0000] "GET /index.php?backdoor.php HTTP/1.1" 200 12855 "-" "Mozilla/5.0 (Linux; Android 7.0; SM-G892A Build/NRD90M; wv) AppleWebKit/537.36 (KHTML, like Gecko) Version/4.0 Chrome/60.0.3112.107 Mobile Safari/537.36"
103.153.66.184 - - [29/Jun/2025:00:58:08 +0000] "GET /index.php?lol.php HTTP/1.1" 200 12860 "-" "Mozilla/5.0 (Linux; Android 7.0; SM-G892A Build/NRD90M; wv) AppleWebKit/537.36 (KHTML, like Gecko) Version/4.0 Chrome/60.0.3112.107 Mobile Safari/537.36"
103.153.66.184 - - [29/Jun/2025:00:58:13 +0000] "GET /index.php?mad.php HTTP/1.1" 200 12854 "-" "Mozilla/5.0 (Linux; Android 7.0; SM-G892A Build/NRD90M; wv) AppleWebKit/537.36 (KHTML, like Gecko) Version/4.0 Chrome/60.0.3112.107 Mobile Safari/537.36"
103.153.66.184 - - [29/Jun/2025:00:58:14 +0000] "GET /index.php?sh.php HTTP/1.1" 200 12908 "-" "Mozilla/5.0 (Linux; Android 7.0; SM-G892A Build/NRD90M; wv) AppleWebKit/537.36 (KHTML, like Gecko) Version/4.0 Chrome/60.0.3112.107 Mobile Safari/537.36"
103.153.66.184 - - [29/Jun/2025:00:58:17 +0000] "GET /index.php?1.php HTTP/1.1" 200 12878 "-" "Mozilla/5.0 (Linux; Android 7.0; SM-G892A Build/NRD90M; wv) AppleWebKit/537.36 (KHTML, like Gecko) Version/4.0 Chrome/60.0.3112.107 Mobile Safari/537.36"
103.153.66.184 - - [29/Jun/2025:00:58:22 +0000] "GET /index.php?r57.php HTTP/1.1" 200 12864 "-" "Mozilla/5.0 (Linux; Android 7.0; SM-G892A Build/NRD90M; wv) AppleWebKit/537.36 (KHTML, like Gecko) Version/4.0 Chrome/60.0.3112.107 Mobile Safari/537.36"
103.153.66.184 - - [29/Jun/2025:00:58:25 +0000] "GET /index.php?404.php HTTP/1.1" 200 12836 "-" "Mozilla/5.0 (Linux; Android 7.0; SM-G892A Build/NRD90M; wv) AppleWebKit/537.36 (KHTML, like Gecko) Version/4.0 Chrome/60.0.3112.107 Mobile Safari/537.36"
66.249.68.68 - - [29/Jun/2025:01:17:05 +0000] "GET /pelle-%C3%A0-liti%C3%A8re-josera-ss-46956794 HTTP/1.1" 404 1130 "-" "Mozilla/5.0 (Linux; Android 6.0.1; Nexus 5X Build/MMB29P) AppleWebKit/537.36 (KHTML, like Gecko) Chrome/137.0.7151.103 Mobile Safari/537.36 (compatible; GoogleOther)"
66.249.68.68 - - [29/Jun/2025:01:37:34 +0000] "GET /pelle-%C3%A0-liti%C3%A8re-josera-ss-46956794 HTTP/1.1" 404 1130 "-" "Mozilla/5.0 (Linux; Android 6.0.1; Nexus 5X Build/MMB29P) AppleWebKit/537.36 (KHTML, like Gecko) Chrome/137.0.7151.103 Mobile Safari/537.36 (compatible; Googlebot/2.1; +http://www.google.com/bot.html)"
66.249.68.69 - - [29/Jun/2025:01:52:24 +0000] "GET /camiseta-erima-liga-star-training-t-shirt-negra-blanca-ss-10126015 HTTP/1.1" 404 1130 "-" "Mozilla/5.0 (Linux; Android 6.0.1; Nexus 5X Build/MMB29P) AppleWebKit/537.36 (KHTML, like Gecko) Chrome/137.0.7151.103 Mobile Safari/537.36 (compatible; GoogleOther)"
66.249.68.68 - - [29/Jun/2025:01:52:48 +0000] "GET /camiseta-erima-liga-star-training-t-shirt-negra-blanca-ss-10126015 HTTP/1.1" 404 1130 "-" "Mozilla/5.0 (Linux; Android 6.0.1; Nexus 5X Build/MMB29P) AppleWebKit/537.36 (KHTML, like Gecko) Chrome/137.0.7151.103 Mobile Safari/537.36 (compatible; Googlebot/2.1; +http://www.google.com/bot.html)"
66.249.68.67 - - [29/Jun/2025:01:53:49 +0000] "GET /papier-lokta-palmes-fond-rose-fuchsia-50x75-ss-28079238 HTTP/1.1" 404 1130 "-" "Mozilla/5.0 (Linux; Android 6.0.1; Nexus 5X Build/MMB29P) AppleWebKit/537.36 (KHTML, like Gecko) Chrome/137.0.7151.103 Mobile Safari/537.36 (compatible; Googlebot/2.1; +http://www.google.com/bot.html)"
66.249.68.68 - - [29/Jun/2025:01:54:14 +0000] "GET /papier-lokta-palmes-fond-rose-fuchsia-50x75-ss-28079238 HTTP/1.1" 404 1130 "-" "Mozilla/5.0 (Linux; Android 6.0.1; Nexus 5X Build/MMB29P) AppleWebKit/537.36 (KHTML, like Gecko) Chrome/137.0.7151.103 Mobile Safari/537.36 (compatible; GoogleOther)"
66.249.68.67 - - [29/Jun/2025:02:32:38 +0000] "GET /bici-bmx-free-style-r20-ss-50222907 HTTP/1.1" 404 1130 "-" "Mozilla/5.0 (Linux; Android 6.0.1; Nexus 5X Build/MMB29P) AppleWebKit/537.36 (KHTML, like Gecko) Chrome/137.0.7151.103 Mobile Safari/537.36 (compatible; GoogleOther)"
66.249.68.68 - - [29/Jun/2025:02:32:50 +0000] "GET /bici-bmx-free-style-r20-ss-50222907 HTTP/1.1" 404 1130 "-" "Mozilla/5.0 (Linux; Android 6.0.1; Nexus 5X Build/MMB29P) AppleWebKit/537.36 (KHTML, like Gecko) Chrome/137.0.7151.103 Mobile Safari/537.36 (compatible; Googlebot/2.1; +http://www.google.com/bot.html)"
66.249.68.68 - - [29/Jun/2025:03:24:10 +0000] "GET /bague-saphir-4-50-carats-entourage-diamants-49-carat-ss-29569564 HTTP/1.1" 404 1130 "-" "Mozilla/5.0 (Linux; Android 6.0.1; Nexus 5X Build/MMB29P) AppleWebKit/537.36 (KHTML, like Gecko) Chrome/137.0.7151.103 Mobile Safari/537.36 (compatible; GoogleOther)"
66.249.68.67 - - [29/Jun/2025:03:24:36 +0000] "GET /bague-saphir-4-50-carats-entourage-diamants-49-carat-ss-29569564 HTTP/1.1" 404 1130 "-" "Mozilla/5.0 (Linux; Android 6.0.1; Nexus 5X Build/MMB29P) AppleWebKit/537.36 (KHTML, like Gecko) Chrome/137.0.7151.103 Mobile Safari/537.36 (compatible; Googlebot/2.1; +http://www.google.com/bot.html)"
66.249.68.67 - - [29/Jun/2025:04:03:58 +0000] "GET /amikinos-essential-chien-x-12-kg-croquette-sans-c%C3%A9r%C3%A9ales-ss-29984490 HTTP/1.1" 404 1130 "-" "Mozilla/5.0 (Linux; Android 6.0.1; Nexus 5X Build/MMB29P) AppleWebKit/537.36 (KHTML, like Gecko) Chrome/137.0.7151.103 Mobile Safari/537.36 (compatible; GoogleOther)"
66.249.68.68 - - [29/Jun/2025:04:04:26 +0000] "GET /retrouvez-le-go%C3%BBt-d-un-caf%C3%A9-italien-espresso-ristretto-ss-19747936 HTTP/1.1" 404 1130 "-" "Mozilla/5.0 (Linux; Android 6.0.1; Nexus 5X Build/MMB29P) AppleWebKit/537.36 (KHTML, like Gecko) Chrome/137.0.7151.103 Mobile Safari/537.36 (compatible; GoogleOther)"
66.249.68.67 - - [29/Jun/2025:04:04:41 +0000] "GET /retrouvez-le-go%C3%BBt-d-un-caf%C3%A9-italien-espresso-ristretto-ss-19747936 HTTP/1.1" 404 1130 "-" "Mozilla/5.0 (Linux; Android 6.0.1; Nexus 5X Build/MMB29P) AppleWebKit/537.36 (KHTML, like Gecko) Chrome/137.0.7151.103 Mobile Safari/537.36 (compatible; Googlebot/2.1; +http://www.google.com/bot.html)"
66.249.68.69 - - [29/Jun/2025:04:05:09 +0000] "GET /amikinos-essential-chien-x-12-kg-croquette-sans-c%C3%A9r%C3%A9ales-ss-29984490 HTTP/1.1" 404 1130 "-" "Mozilla/5.0 (Linux; Android 6.0.1; Nexus 5X Build/MMB29P) AppleWebKit/537.36 (KHTML, like Gecko) Chrome/137.0.7151.103 Mobile Safari/537.36 (compatible; Googlebot/2.1; +http://www.google.com/bot.html)"
66.249.68.69 - - [29/Jun/2025:04:20:35 +0000] "GET /max-et-lapin-la-grosse-b%C3%AAtise-d%C3%A8s-ans-6-ss-30116880 HTTP/1.1" 404 1130 "-" "Mozilla/5.0 (Linux; Android 6.0.1; Nexus 5X Build/MMB29P) AppleWebKit/537.36 (KHTML, like Gecko) Chrome/137.0.7151.103 Mobile Safari/537.36 (compatible; GoogleOther)"
66.249.68.68 - - [29/Jun/2025:04:20:49 +0000] "GET /max-et-lapin-la-grosse-b%C3%AAtise-d%C3%A8s-ans-6-ss-30116880 HTTP/1.1" 404 1130 "-" "Mozilla/5.0 (Linux; Android 6.0.1; Nexus 5X Build/MMB29P) AppleWebKit/537.36 (KHTML, like Gecko) Chrome/137.0.7151.103 Mobile Safari/537.36 (compatible; Googlebot/2.1; +http://www.google.com/bot.html)"
66.249.68.69 - - [29/Jun/2025:04:22:04 +0000] "GET /chemise-manches-courtes-multi-rayures-ss-39751598 HTTP/1.1" 404 1130 "-" "Mozilla/5.0 (Linux; Android 6.0.1; Nexus 5X Build/MMB29P) AppleWebKit/537.36 (KHTML, like Gecko) Chrome/137.0.7151.103 Mobile Safari/537.36 (compatible; GoogleOther)"
66.249.68.68 - - [29/Jun/2025:04:41:11 +0000] "GET /collier-ras-de-cou-perles-de-verres-et-franges-ss-8773443 HTTP/1.1" 404 1130 "-" "Mozilla/5.0 (Linux; Android 6.0.1; Nexus 5X Build/MMB29P) AppleWebKit/537.36 (KHTML, like Gecko) Chrome/137.0.7151.103 Mobile Safari/537.36 (compatible; Googlebot/2.1; +http://www.google.com/bot.html)"
66.249.68.67 - - [29/Jun/2025:04:41:25 +0000] "GET /collier-ras-de-cou-perles-de-verres-et-franges-ss-8773443 HTTP/1.1" 404 1130 "-" "Mozilla/5.0 (Linux; Android 6.0.1; Nexus 5X Build/MMB29P) AppleWebKit/537.36 (KHTML, like Gecko) Chrome/137.0.7151.103 Mobile Safari/537.36 (compatible; GoogleOther)"
66.249.68.68 - - [29/Jun/2025:04:51:36 +0000] "GET /chemise-manches-courtes-multi-rayures-ss-39751598 HTTP/1.1" 404 1130 "-" "Mozilla/5.0 (Linux; Android 6.0.1; Nexus 5X Build/MMB29P) AppleWebKit/537.36 (KHTML, like Gecko) Chrome/137.0.7151.103 Mobile Safari/537.36 (compatible; Googlebot/2.1; +http://www.google.com/bot.html)"
66.249.68.69 - - [29/Jun/2025:05:16:01 +0000] "GET /enceinte-bluetooth-villaon-vs52-ss-28393063 HTTP/1.1" 404 1130 "-" "Mozilla/5.0 (Linux; Android 6.0.1; Nexus 5X Build/MMB29P) AppleWebKit/537.36 (KHTML, like Gecko) Chrome/137.0.7151.103 Mobile Safari/537.36 (compatible; Googlebot/2.1; +http://www.google.com/bot.html)"
66.249.68.67 - - [29/Jun/2025:05:16:16 +0000] "GET /enceinte-bluetooth-villaon-vs52-ss-28393063 HTTP/1.1" 404 1130 "-" "Mozilla/5.0 (Linux; Android 6.0.1; Nexus 5X Build/MMB29P) AppleWebKit/537.36 (KHTML, like Gecko) Chrome/137.0.7151.103 Mobile Safari/537.36 (compatible; GoogleOther)"
66.249.68.69 - - [29/Jun/2025:05:17:34 +0000] "GET /pierre-arkansas-triangulaire-100-x-10-mm-selfor-paris-ss-32610143 HTTP/1.1" 404 1130 "-" "Mozilla/5.0 (Linux; Android 6.0.1; Nexus 5X Build/MMB29P) AppleWebKit/537.36 (KHTML, like Gecko) Chrome/137.0.7151.103 Mobile Safari/537.36 (compatible; Googlebot/2.1; +http://www.google.com/bot.html)"
66.249.68.67 - - [29/Jun/2025:05:17:48 +0000] "GET /pierre-arkansas-triangulaire-100-x-10-mm-selfor-paris-ss-32610143 HTTP/1.1" 404 1130 "-" "Mozilla/5.0 (Linux; Android 6.0.1; Nexus 5X Build/MMB29P) AppleWebKit/537.36 (KHTML, like Gecko) Chrome/137.0.7151.103 Mobile Safari/537.36 (compatible; GoogleOther)"
66.249.68.67 - - [29/Jun/2025:06:48:21 +0000] "GET /coffret-bien-%C3%AAtre-yoga-pilates-dvd-et-blu-ray-ss-2200075 HTTP/1.1" 404 1130 "-" "Mozilla/5.0 (Linux; Android 6.0.1; Nexus 5X Build/MMB29P) AppleWebKit/537.36 (KHTML, like Gecko) Chrome/137.0.7151.103 Mobile Safari/537.36 (compatible; GoogleOther)"
66.249.68.67 - - [29/Jun/2025:06:48:50 +0000] "GET /coffret-bien-%C3%AAtre-yoga-pilates-dvd-et-blu-ray-ss-2200075 HTTP/1.1" 404 1130 "-" "Mozilla/5.0 (Linux; Android 6.0.1; Nexus 5X Build/MMB29P) AppleWebKit/537.36 (KHTML, like Gecko) Chrome/137.0.7151.103 Mobile Safari/537.36 (compatible; Googlebot/2.1; +http://www.google.com/bot.html)"
66.249.68.67 - - [29/Jun/2025:07:52:23 +0000] "GET /palmier-phoenix-grande-taille-ss-33416814 HTTP/1.1" 404 1130 "-" "Mozilla/5.0 (Linux; Android 6.0.1; Nexus 5X Build/MMB29P) AppleWebKit/537.36 (KHTML, like Gecko) Chrome/137.0.7151.103 Mobile Safari/537.36 (compatible; GoogleOther)"
66.249.68.69 - - [29/Jun/2025:07:54:45 +0000] "GET /palmier-phoenix-grande-taille-ss-33416814 HTTP/1.1" 404 1130 "-" "Mozilla/5.0 (Linux; Android 6.0.1; Nexus 5X Build/MMB29P) AppleWebKit/537.36 (KHTML, like Gecko) Chrome/137.0.7151.103 Mobile Safari/537.36 (compatible; Googlebot/2.1; +http://www.google.com/bot.html)"
66.249.68.67 - - [29/Jun/2025:08:02:20 +0000] "GET /paire-boucles-d-oreilles-pour-homme-ado-tige-fermoir-ss-44781945 HTTP/1.1" 404 1130 "-" "Mozilla/5.0 (Linux; Android 6.0.1; Nexus 5X Build/MMB29P) AppleWebKit/537.36 (KHTML, like Gecko) Chrome/137.0.7151.103 Mobile Safari/537.36 (compatible; Googlebot/2.1; +http://www.google.com/bot.html)"
66.249.68.67 - - [29/Jun/2025:08:02:49 +0000] "GET /paire-boucles-d-oreilles-pour-homme-ado-tige-fermoir-ss-44781945 HTTP/1.1" 404 1130 "-" "Mozilla/5.0 (Linux; Android 6.0.1; Nexus 5X Build/MMB29P) AppleWebKit/537.36 (KHTML, like Gecko) Chrome/137.0.7151.103 Mobile Safari/537.36 (compatible; GoogleOther)"
66.249.68.69 - - [29/Jun/2025:08:05:12 +0000] "GET /abiti-da-sposa-in-stile-800-modello-principessa-sissi-ss-21937770 HTTP/1.1" 404 1130 "-" "Mozilla/5.0 (Linux; Android 6.0.1; Nexus 5X Build/MMB29P) AppleWebKit/537.36 (KHTML, like Gecko) Chrome/137.0.7151.103 Mobile Safari/537.36 (compatible; Googlebot/2.1; +http://www.google.com/bot.html)"
66.249.68.67 - - [29/Jun/2025:08:05:40 +0000] "GET /abiti-da-sposa-in-stile-800-modello-principessa-sissi-ss-21937770 HTTP/1.1" 404 1130 "-" "Mozilla/5.0 (Linux; Android 6.0.1; Nexus 5X Build/MMB29P) AppleWebKit/537.36 (KHTML, like Gecko) Chrome/137.0.7151.103 Mobile Safari/537.36 (compatible; GoogleOther)"
66.249.68.67 - - [29/Jun/2025:08:52:01 +0000] "GET /lange-fisiologia-renale-ss-29168938 HTTP/1.1" 404 1130 "-" "Mozilla/5.0 (Linux; Android 6.0.1; Nexus 5X Build/MMB29P) AppleWebKit/537.36 (KHTML, like Gecko) Chrome/137.0.7151.103 Mobile Safari/537.36 (compatible; GoogleOther)"
66.249.68.68 - - [29/Jun/2025:08:52:12 +0000] "GET /lange-fisiologia-renale-ss-29168938 HTTP/1.1" 404 1130 "-" "Mozilla/5.0 (Linux; Android 6.0.1; Nexus 5X Build/MMB29P) AppleWebKit/537.36 (KHTML, like Gecko) Chrome/137.0.7151.103 Mobile Safari/537.36 (compatible; Googlebot/2.1; +http://www.google.com/bot.html)"
66.249.68.67 - - [29/Jun/2025:09:11:21 +0000] "GET /retrouvez-le-go%C3%BBt-d-un-caf%C3%A9-italien-espresso-ristretto-ss-19747936 HTTP/1.1" 404 1130 "-" "Mozilla/5.0 (Linux; Android 6.0.1; Nexus 5X Build/MMB29P) AppleWebKit/537.36 (KHTML, like Gecko) Chrome/137.0.7151.103 Mobile Safari/537.36 (compatible; Googlebot/2.1; +http://www.google.com/bot.html)"
66.249.68.68 - - [29/Jun/2025:09:11:27 +0000] "GET /retrouvez-le-go%C3%BBt-d-un-caf%C3%A9-italien-espresso-ristretto-ss-19747936 HTTP/1.1" 404 1130 "-" "Mozilla/5.0 (Linux; Android 6.0.1; Nexus 5X Build/MMB29P) AppleWebKit/537.36 (KHTML, like Gecko) Chrome/137.0.7151.103 Mobile Safari/537.36 (compatible; GoogleOther)"
66.249.68.69 - - [29/Jun/2025:09:24:06 +0000] "GET /robe-de-pinkie-pie-s-37905587 HTTP/1.1" 404 1130 "-" "Mozilla/5.0 (Linux; Android 6.0.1; Nexus 5X Build/MMB29P) AppleWebKit/537.36 (KHTML, like Gecko) Chrome/137.0.7151.103 Mobile Safari/537.36 (compatible; Googlebot/2.1; +http://www.google.com/bot.html)"
66.249.68.68 - - [29/Jun/2025:09:24:17 +0000] "GET /robe-de-pinkie-pie-s-37905587 HTTP/1.1" 404 1130 "-" "Mozilla/5.0 (Linux; Android 6.0.1; Nexus 5X Build/MMB29P) AppleWebKit/537.36 (KHTML, like Gecko) Chrome/137.0.7151.103 Mobile Safari/537.36 (compatible; GoogleOther)"
93.123.109.107 - - [29/Jun/2025:09:56:05 +0000] "GET /.git/config HTTP/1.1" 404 1130 "-" "python-requests/2.25.1"
66.249.68.67 - - [29/Jun/2025:10:18:54 +0000] "GET /hauck-si%C3%A8ge-auto-cosi-comfort-fix-black-ss-13974270 HTTP/1.1" 404 1130 "-" "Mozilla/5.0 (Linux; Android 6.0.1; Nexus 5X Build/MMB29P) AppleWebKit/537.36 (KHTML, like Gecko) Chrome/137.0.7151.103 Mobile Safari/537.36 (compatible; GoogleOther)"
66.249.68.68 - - [29/Jun/2025:10:19:15 +0000] "GET /hauck-si%C3%A8ge-auto-cosi-comfort-fix-black-ss-13974270 HTTP/1.1" 404 1130 "-" "Mozilla/5.0 (Linux; Android 6.0.1; Nexus 5X Build/MMB29P) AppleWebKit/537.36 (KHTML, like Gecko) Chrome/137.0.7151.103 Mobile Safari/537.36 (compatible; Googlebot/2.1; +http://www.google.com/bot.html)"
66.249.68.68 - - [29/Jun/2025:11:03:56 +0000] "GET /carte-annonce-de-grossesse-avec-votre-%C3%A9chographie-annonce-grossesse-ss-22212803 HTTP/1.1" 404 1130 "-" "Mozilla/5.0 (Linux; Android 6.0.1; Nexus 5X Build/MMB29P) AppleWebKit/537.36 (KHTML, like Gecko) Chrome/137.0.7151.103 Mobile Safari/537.36 (compatible; GoogleOther)"
66.249.68.67 - - [29/Jun/2025:11:04:17 +0000] "GET /carte-annonce-de-grossesse-avec-votre-%C3%A9chographie-annonce-grossesse-ss-22212803 HTTP/1.1" 404 1130 "-" "Mozilla/5.0 (Linux; Android 6.0.1; Nexus 5X Build/MMB29P) AppleWebKit/537.36 (KHTML, like Gecko) Chrome/137.0.7151.103 Mobile Safari/537.36 (compatible; Googlebot/2.1; +http://www.google.com/bot.html)"
66.249.68.68 - - [29/Jun/2025:11:06:40 +0000] "GET /1-2-3-voil%C3%A0-les-k3-ss-18634381 HTTP/1.1" 404 1130 "-" "Mozilla/5.0 (Linux; Android 6.0.1; Nexus 5X Build/MMB29P) AppleWebKit/537.36 (KHTML, like Gecko) Chrome/137.0.7151.103 Mobile Safari/537.36 (compatible; Googlebot/2.1; +http://www.google.com/bot.html)"
66.249.68.67 - - [29/Jun/2025:11:06:50 +0000] "GET /1-2-3-voil%C3%A0-les-k3-ss-18634381 HTTP/1.1" 404 1130 "-" "Mozilla/5.0 (Linux; Android 6.0.1; Nexus 5X Build/MMB29P) AppleWebKit/537.36 (KHTML, like Gecko) Chrome/137.0.7151.103 Mobile Safari/537.36 (compatible; GoogleOther)"
66.249.68.67 - - [29/Jun/2025:11:07:48 +0000] "GET /carol-s-daughter-black-vanilla-edge-ss-44620992 HTTP/1.1" 404 1130 "-" "Mozilla/5.0 (Linux; Android 6.0.1; Nexus 5X Build/MMB29P) AppleWebKit/537.36 (KHTML, like Gecko) Chrome/137.0.7151.103 Mobile Safari/537.36 (compatible; Googlebot/2.1; +http://www.google.com/bot.html)"
66.249.68.68 - - [29/Jun/2025:11:08:09 +0000] "GET /carol-s-daughter-black-vanilla-edge-ss-44620992 HTTP/1.1" 404 1130 "-" "Mozilla/5.0 (Linux; Android 6.0.1; Nexus 5X Build/MMB29P) AppleWebKit/537.36 (KHTML, like Gecko) Chrome/137.0.7151.103 Mobile Safari/537.36 (compatible; GoogleOther)"
66.249.68.67 - - [29/Jun/2025:11:17:20 +0000] "GET /lente-ingrandimento-led-diottrie-da-tavolo-air-touch-xanitalia-ss-34996717 HTTP/1.1" 404 1130 "-" "Mozilla/5.0 (Linux; Android 6.0.1; Nexus 5X Build/MMB29P) AppleWebKit/537.36 (KHTML, like Gecko) Chrome/137.0.7151.103 Mobile Safari/537.36 (compatible; Googlebot/2.1; +http://www.google.com/bot.html)"
66.249.68.68 - - [29/Jun/2025:11:17:40 +0000] "GET /lente-ingrandimento-led-diottrie-da-tavolo-air-touch-xanitalia-ss-34996717 HTTP/1.1" 404 1130 "-" "Mozilla/5.0 (Linux; Android 6.0.1; Nexus 5X Build/MMB29P) AppleWebKit/537.36 (KHTML, like Gecko) Chrome/137.0.7151.103 Mobile Safari/537.36 (compatible; GoogleOther)"
66.249.68.67 - - [29/Jun/2025:11:20:53 +0000] "GET /retrouvez-le-go%C3%BBt-d-un-caf%C3%A9-italien-espresso-ristretto-ss-19747936 HTTP/1.1" 404 1130 "-" "Mozilla/5.0 (Linux; Android 6.0.1; Nexus 5X Build/MMB29P) AppleWebKit/537.36 (KHTML, like Gecko) Chrome/137.0.7151.103 Mobile Safari/537.36 (compatible; GoogleOther)"
66.249.68.67 - - [29/Jun/2025:11:21:33 +0000] "GET /retrouvez-le-go%C3%BBt-d-un-caf%C3%A9-italien-espresso-ristretto-ss-19747936 HTTP/1.1" 404 1130 "-" "Mozilla/5.0 (Linux; Android 6.0.1; Nexus 5X Build/MMB29P) AppleWebKit/537.36 (KHTML, like Gecko) Chrome/137.0.7151.103 Mobile Safari/537.36 (compatible; Googlebot/2.1; +http://www.google.com/bot.html)"
66.249.68.68 - - [29/Jun/2025:12:31:45 +0000] "GET /mat%C3%A9riel-de-pied-de-table-amovible-s-27799690 HTTP/1.1" 404 1130 "-" "Mozilla/5.0 (Linux; Android 6.0.1; Nexus 5X Build/MMB29P) AppleWebKit/537.36 (KHTML, like Gecko) Chrome/137.0.7151.103 Mobile Safari/537.36 (compatible; Googlebot/2.1; +http://www.google.com/bot.html)"
66.249.68.68 - - [29/Jun/2025:12:31:45 +0000] "GET /robots.txt HTTP/1.1" 404 1130 "-" "Mozilla/5.0 (compatible; Googlebot/2.1; +http://www.google.com/bot.html)"
66.249.68.67 - - [29/Jun/2025:12:32:05 +0000] "GET /mat%C3%A9riel-de-pied-de-table-amovible-s-27799690 HTTP/1.1" 404 1130 "-" "Mozilla/5.0 (Linux; Android 6.0.1; Nexus 5X Build/MMB29P) AppleWebKit/537.36 (KHTML, like Gecko) Chrome/137.0.7151.103 Mobile Safari/537.36 (compatible; GoogleOther)"
66.249.68.67 - - [29/Jun/2025:13:01:41 +0000] "GET /filtre-%C3%A0-huile-mercedes-s-22519768 HTTP/1.1" 404 1130 "-" "Mozilla/5.0 (Linux; Android 6.0.1; Nexus 5X Build/MMB29P) AppleWebKit/537.36 (KHTML, like Gecko) Chrome/137.0.7151.103 Mobile Safari/537.36 (compatible; Googlebot/2.1; +http://www.google.com/bot.html)"
66.249.68.67 - - [29/Jun/2025:13:02:01 +0000] "GET /filtre-%C3%A0-huile-mercedes-s-22519768 HTTP/1.1" 404 1130 "-" "Mozilla/5.0 (Linux; Android 6.0.1; Nexus 5X Build/MMB29P) AppleWebKit/537.36 (KHTML, like Gecko) Chrome/137.0.7151.103 Mobile Safari/537.36 (compatible; GoogleOther)"
66.249.68.67 - - [29/Jun/2025:13:06:58 +0000] "GET /matelas-ressorts-140x190-cm-dreamea-edition-iris-ss-50271740 HTTP/1.1" 404 1130 "-" "Mozilla/5.0 (Linux; Android 6.0.1; Nexus 5X Build/MMB29P) AppleWebKit/537.36 (KHTML, like Gecko) Chrome/137.0.7151.103 Mobile Safari/537.36 (compatible; GoogleOther)"
66.249.68.68 - - [29/Jun/2025:13:11:18 +0000] "GET /10-euros-comm%C3%A9morative-autriche-2021-chevalerie-fraternit%C3%A9-cuivre-ss-45214204 HTTP/1.1" 404 1130 "-" "Mozilla/5.0 (Linux; Android 6.0.1; Nexus 5X Build/MMB29P) AppleWebKit/537.36 (KHTML, like Gecko) Chrome/137.0.7151.103 Mobile Safari/537.36 (compatible; GoogleOther)"
143.198.127.169 - - [29/Jun/2025:13:25:13 +0000] "GET / HTTP/1.1" 200 12848 "-" "Mozilla/5.0 (Windows NT 10.0; Win64; x64) AppleWebKit/537.36 (KHTML, like Gecko) Chrome/89.0.4389.114 Safari/537.36"
143.198.127.169 - - [29/Jun/2025:13:25:13 +0000] "GET / HTTP/1.1" 200 12881 "-" "Mozilla/5.0 (Windows NT 10.0; Win64; x64) AppleWebKit/537.36 (KHTML, like Gecko) Chrome/89.0.4389.114 Safari/537.36"
143.198.127.169 - - [29/Jun/2025:13:25:17 +0000] "GET //wp-includes/wlwmanifest.xml HTTP/1.1" 404 1130 "-" "Mozilla/5.0 (Windows NT 10.0; Win64; x64) AppleWebKit/537.36 (KHTML, like Gecko) Chrome/89.0.4389.114 Safari/537.36"
143.198.127.169 - - [29/Jun/2025:13:25:18 +0000] "GET //wp-includes/wlwmanifest.xml HTTP/1.1" 404 1130 "-" "Mozilla/5.0 (Windows NT 10.0; Win64; x64) AppleWebKit/537.36 (KHTML, like Gecko) Chrome/89.0.4389.114 Safari/537.36"
143.198.127.169 - - [29/Jun/2025:13:25:20 +0000] "GET //xmlrpc.php?rsd HTTP/1.1" 404 1130 "-" "Mozilla/5.0 (Windows NT 10.0; Win64; x64) AppleWebKit/537.36 (KHTML, like Gecko) Chrome/89.0.4389.114 Safari/537.36"
143.198.127.169 - - [29/Jun/2025:13:25:22 +0000] "GET //xmlrpc.php?rsd HTTP/1.1" 404 1130 "-" "Mozilla/5.0 (Windows NT 10.0; Win64; x64) AppleWebKit/537.36 (KHTML, like Gecko) Chrome/89.0.4389.114 Safari/537.36"
143.198.127.169 - - [29/Jun/2025:13:25:24 +0000] "GET / HTTP/1.1" 200 12932 "-" "Mozilla/5.0 (Windows NT 10.0; Win64; x64) AppleWebKit/537.36 (KHTML, like Gecko) Chrome/89.0.4389.114 Safari/537.36"
143.198.127.169 - - [29/Jun/2025:13:25:25 +0000] "GET / HTTP/1.1" 200 12826 "-" "Mozilla/5.0 (Windows NT 10.0; Win64; x64) AppleWebKit/537.36 (KHTML, like Gecko) Chrome/89.0.4389.114 Safari/537.36"
143.198.127.169 - - [29/Jun/2025:13:25:29 +0000] "GET //blog/wp-includes/wlwmanifest.xml HTTP/1.1" 404 1130 "-" "Mozilla/5.0 (Windows NT 10.0; Win64; x64) AppleWebKit/537.36 (KHTML, like Gecko) Chrome/89.0.4389.114 Safari/537.36"
143.198.127.169 - - [29/Jun/2025:13:25:31 +0000] "GET //blog/wp-includes/wlwmanifest.xml HTTP/1.1" 404 1130 "-" "Mozilla/5.0 (Windows NT 10.0; Win64; x64) AppleWebKit/537.36 (KHTML, like Gecko) Chrome/89.0.4389.114 Safari/537.36"
143.198.127.169 - - [29/Jun/2025:13:25:33 +0000] "GET //web/wp-includes/wlwmanifest.xml HTTP/1.1" 404 1130 "-" "Mozilla/5.0 (Windows NT 10.0; Win64; x64) AppleWebKit/537.36 (KHTML, like Gecko) Chrome/89.0.4389.114 Safari/537.36"
143.198.127.169 - - [29/Jun/2025:13:25:34 +0000] "GET //web/wp-includes/wlwmanifest.xml HTTP/1.1" 404 1130 "-" "Mozilla/5.0 (Windows NT 10.0; Win64; x64) AppleWebKit/537.36 (KHTML, like Gecko) Chrome/89.0.4389.114 Safari/537.36"
143.198.127.169 - - [29/Jun/2025:13:25:35 +0000] "GET //wordpress/wp-includes/wlwmanifest.xml HTTP/1.1" 404 1130 "-" "Mozilla/5.0 (Windows NT 10.0; Win64; x64) AppleWebKit/537.36 (KHTML, like Gecko) Chrome/89.0.4389.114 Safari/537.36"
