143.198.127.169 - - [29/Jun/2025:13:25:36 +0000] "GET //wordpress/wp-includes/wlwmanifest.xml HTTP/1.1" 404 1130 "-" "Mozilla/5.0 (Windows NT 10.0; Win64; x64) AppleWebKit/537.36 (KHTML, like Gecko) Chrome/89.0.4389.114 Safari/537.36"
143.198.127.169 - - [29/Jun/2025:13:25:37 +0000] "GET //website/wp-includes/wlwmanifest.xml HTTP/1.1" 404 1130 "-" "Mozilla/5.0 (Windows NT 10.0; Win64; x64) AppleWebKit/537.36 (KHTML, like Gecko) Chrome/89.0.4389.114 Safari/537.36"
143.198.127.169 - - [29/Jun/2025:13:25:38 +0000] "GET //website/wp-includes/wlwmanifest.xml HTTP/1.1" 404 1130 "-" "Mozilla/5.0 (Windows NT 10.0; Win64; x64) AppleWebKit/537.36 (KHTML, like Gecko) Chrome/89.0.4389.114 Safari/537.36"
143.198.127.169 - - [29/Jun/2025:13:25:39 +0000] "GET //wp/wp-includes/wlwmanifest.xml HTTP/1.1" 404 1130 "-" "Mozilla/5.0 (Windows NT 10.0; Win64; x64) AppleWebKit/537.36 (KHTML, like Gecko) Chrome/89.0.4389.114 Safari/537.36"
143.198.127.169 - - [29/Jun/2025:13:25:40 +0000] "GET //wp/wp-includes/wlwmanifest.xml HTTP/1.1" 404 1130 "-" "Mozilla/5.0 (Windows NT 10.0; Win64; x64) AppleWebKit/537.36 (KHTML, like Gecko) Chrome/89.0.4389.114 Safari/537.36"
143.198.127.169 - - [29/Jun/2025:13:25:40 +0000] "GET //news/wp-includes/wlwmanifest.xml HTTP/1.1" 404 1130 "-" "Mozilla/5.0 (Windows NT 10.0; Win64; x64) AppleWebKit/537.36 (KHTML, like Gecko) Chrome/89.0.4389.114 Safari/537.36"
143.198.127.169 - - [29/Jun/2025:13:25:42 +0000] "GET //2020/wp-includes/wlwmanifest.xml HTTP/1.1" 404 1130 "-" "Mozilla/5.0 (Windows NT 10.0; Win64; x64) AppleWebKit/537.36 (KHTML, like Gecko) Chrome/89.0.4389.114 Safari/537.36"
143.198.127.169 - - [29/Jun/2025:13:25:42 +0000] "GET //news/wp-includes/wlwmanifest.xml HTTP/1.1" 404 1130 "-" "Mozilla/5.0 (Windows NT 10.0; Win64; x64) AppleWebKit/537.36 (KHTML, like Gecko) Chrome/89.0.4389.114 Safari/537.36"
143.198.127.169 - - [29/Jun/2025:13:25:44 +0000] "GET //2019/wp-includes/wlwmanifest.xml HTTP/1.1" 404 1130 "-" "Mozilla/5.0 (Windows NT 10.0; Win64; x64) AppleWebKit/537.36 (KHTML, like Gecko) Chrome/89.0.4389.114 Safari/537.36"
143.198.127.169 - - [29/Jun/2025:13:25:44 +0000] "GET //2020/wp-includes/wlwmanifest.xml HTTP/1.1" 404 1130 "-" "Mozilla/5.0 (Windows NT 10.0; Win64; x64) AppleWebKit/537.36 (KHTML, like Gecko) Chrome/89.0.4389.114 Safari/537.36"
143.198.127.169 - - [29/Jun/2025:13:25:46 +0000] "GET //shop/wp-includes/wlwmanifest.xml HTTP/1.1" 404 1130 "-" "Mozilla/5.0 (Windows NT 10.0; Win64; x64) AppleWebKit/537.36 (KHTML, like Gecko) Chrome/89.0.4389.114 Safari/537.36"
143.198.127.169 - - [29/Jun/2025:13:25:46 +0000] "GET //2019/wp-includes/wlwmanifest.xml HTTP/1.1" 404 1130 "-" "Mozilla/5.0 (Windows NT 10.0; Win64; x64) AppleWebKit/537.36 (KHTML, like Gecko) Chrome/89.0.4389.114 Safari/537.36"
143.198.127.169 - - [29/Jun/2025:13:25:48 +0000] "GET //wp1/wp-includes/wlwmanifest.xml HTTP/1.1" 404 1130 "-" "Mozilla/5.0 (Windows NT 10.0; Win64; x64) AppleWebKit/537.36 (KHTML, like Gecko) Chrome/89.0.4389.114 Safari/537.36"
143.198.127.169 - - [29/Jun/2025:13:25:49 +0000] "GET //shop/wp-includes/wlwmanifest.xml HTTP/1.1" 404 1130 "-" "Mozilla/5.0 (Windows NT 10.0; Win64; x64) AppleWebKit/537.36 (KHTML, like Gecko) Chrome/89.0.4389.114 Safari/537.36"
143.198.127.169 - - [29/Jun/2025:13:25:50 +0000] "GET //test/wp-includes/wlwmanifest.xml HTTP/1.1" 404 1130 "-" "Mozilla/5.0 (Windows NT 10.0; Win64; x64) AppleWebKit/537.36 (KHTML, like Gecko) Chrome/89.0.4389.114 Safari/537.36"
143.198.127.169 - - [29/Jun/2025:13:25:51 +0000] "GET //wp1/wp-includes/wlwmanifest.xml HTTP/1.1" 404 1130 "-" "Mozilla/5.0 (Windows NT 10.0; Win64; x64) AppleWebKit/537.36 (KHTML, like Gecko) Chrome/89.0.4389.114 Safari/537.36"
143.198.127.169 - - [29/Jun/2025:13:25:52 +0000] "GET //wp2/wp-includes/wlwmanifest.xml HTTP/1.1" 404 1130 "-" "Mozilla/5.0 (Windows NT 10.0; Win64; x64) AppleWebKit/537.36 (KHTML, like Gecko) Chrome/89.0.4389.114 Safari/537.36"
143.198.127.169 - - [29/Jun/2025:13:25:53 +0000] "GET //test/wp-includes/wlwmanifest.xml HTTP/1.1" 404 1130 "-" "Mozilla/5.0 (Windows NT 10.0; Win64; x64) AppleWebKit/537.36 (KHTML, like Gecko) Chrome/89.0.4389.114 Safari/537.36"
143.198.127.169 - - [29/Jun/2025:13:25:54 +0000] "GET //site/wp-includes/wlwmanifest.xml HTTP/1.1" 404 1130 "-" "Mozilla/5.0 (Windows NT 10.0; Win64; x64) AppleWebKit/537.36 (KHTML, like Gecko) Chrome/89.0.4389.114 Safari/537.36"
143.198.127.169 - - [29/Jun/2025:13:25:55 +0000] "GET //wp2/wp-includes/wlwmanifest.xml HTTP/1.1" 404 1130 "-" "Mozilla/5.0 (Windows NT 10.0; Win64; x64) AppleWebKit/537.36 (KHTML, like Gecko) Chrome/89.0.4389.114 Safari/537.36"
143.198.127.169 - - [29/Jun/2025:13:25:56 +0000] "GET //cms/wp-includes/wlwmanifest.xml HTTP/1.1" 404 1130 "-" "Mozilla/5.0 (Windows NT 10.0; Win64; x64) AppleWebKit/537.36 (KHTML, like Gecko) Chrome/89.0.4389.114 Safari/537.36"
143.198.127.169 - - [29/Jun/2025:13:25:57 +0000] "GET //site/wp-includes/wlwmanifest.xml HTTP/1.1" 404 1130 "-" "Mozilla/5.0 (Windows NT 10.0; Win64; x64) AppleWebKit/537.36 (KHTML, like Gecko) Chrome/89.0.4389.114 Safari/537.36"
143.198.127.169 - - [29/Jun/2025:13:25:58 +0000] "GET //sito/wp-includes/wlwmanifest.xml HTTP/1.1" 404 1130 "-" "Mozilla/5.0 (Windows NT 10.0; Win64; x64) AppleWebKit/537.36 (KHTML, like Gecko) Chrome/89.0.4389.114 Safari/537.36"
143.198.127.169 - - [29/Jun/2025:13:25:59 +0000] "GET //cms/wp-includes/wlwmanifest.xml HTTP/1.1" 404 1130 "-" "Mozilla/5.0 (Windows NT 10.0; Win64; x64) AppleWebKit/537.36 (KHTML, like Gecko) Chrome/89.0.4389.114 Safari/537.36"
143.198.127.169 - - [29/Jun/2025:13:26:01 +0000] "GET //sito/wp-includes/wlwmanifest.xml HTTP/1.1" 404 1130 "-" "Mozilla/5.0 (Windows NT 10.0; Win64; x64) AppleWebKit/537.36 (KHTML, like Gecko) Chrome/89.0.4389.114 Safari/537.36"
66.249.68.67 - - [29/Jun/2025:13:30:19 +0000] "GET /pour-hyundai-veloster-turbo-gdi-2011-%3E-jeu-neuf-ss-47036374 HTTP/1.1" 404 1130 "-" "Mozilla/5.0 (Linux; Android 6.0.1; Nexus 5X Build/MMB29P) AppleWebKit/537.36 (KHTML, like Gecko) Chrome/137.0.7151.103 Mobile Safari/537.36 (compatible; Googlebot/2.1; +http://www.google.com/bot.html)"
66.249.68.68 - - [29/Jun/2025:13:30:38 +0000] "GET /pour-hyundai-veloster-turbo-gdi-2011-%3E-jeu-neuf-ss-47036374 HTTP/1.1" 404 1130 "-" "Mozilla/5.0 (Linux; Android 6.0.1; Nexus 5X Build/MMB29P) AppleWebKit/537.36 (KHTML, like Gecko) Chrome/137.0.7151.103 Mobile Safari/537.36 (compatible; GoogleOther)"
103.141.144.222 - - [29/Jun/2025:13:32:25 +0000] "GET /index.php/alfacgiapi?ALFA_DATA/alfacgiapi HTTP/1.1" 404 1130 "http://alumni.dbcollege.ac.in/ALFA_DATA/alfacgiapi" "Mozilla/5.0 (Windows NT 10.0; Win64; x64) AppleWebKit/537.36 (KHTML, like Gecko) Chrome/87.0.4280.141 Safari/537.36"
103.141.144.222 - - [29/Jun/2025:13:35:49 +0000] "GET /wp-admin/ALFA_DATA/alfacgiapi/ HTTP/1.1" 404 1130 "-" "Mozilla/5.0 (Windows NT 10.0; Win64; x64) AppleWebKit/537.36 (KHTML, like Gecko) Chrome/87.0.4280.141 Safari/537.36"
103.141.144.222 - - [29/Jun/2025:13:40:18 +0000] "GET /wp-content/ALFA_DATA/alfacgiapi/ HTTP/1.1" 404 1130 "-" "Mozilla/5.0 (Windows NT 10.0; Win64; x64) AppleWebKit/537.36 (KHTML, like Gecko) Chrome/87.0.4280.141 Safari/537.36"
103.141.144.222 - - [29/Jun/2025:13:43:00 +0000] "GET /wp-includes/ALFA_DATA/alfacgiapi/ HTTP/1.1" 404 1130 "-" "Mozilla/5.0 (Windows NT 10.0; Win64; x64) AppleWebKit/537.36 (KHTML, like Gecko) Chrome/87.0.4280.141 Safari/537.36"
103.141.144.222 - - [29/Jun/2025:13:48:18 +0000] "GET /.well-known/ALFA_DATA/alfacgiapi/ HTTP/1.1" 404 1130 "-" "Mozilla/5.0 (Windows NT 10.0; Win64; x64) AppleWebKit/537.36 (KHTML, like Gecko) Chrome/87.0.4280.141 Safari/537.36"
103.141.144.222 - - [29/Jun/2025:13:50:28 +0000] "GET /files/ALFA_DATA/alfacgiapi/ HTTP/1.1" 404 1130 "-" "Mozilla/5.0 (Windows NT 10.0; Win64; x64) AppleWebKit/537.36 (KHTML, like Gecko) Chrome/87.0.4280.141 Safari/537.36"
104.210.140.131 - - [29/Jun/2025:13:50:29 +0000] "GET /robots.txt HTTP/1.1" 404 1130 "-" "Mozilla/5.0 (Macintosh; Intel Mac OS X 10_15_7) AppleWebKit/537.36 (KHTML, like Gecko) Chrome/131.0.0.0 Safari/537.36; compatible; OAI-SearchBot/1.0; +https://openai.com/searchbot"
104.210.140.128 - - [29/Jun/2025:13:50:33 +0000] "GET /index.php?robots.txt HTTP/1.1" 200 12826 "-" "Mozilla/5.0 (Macintosh; Intel Mac OS X 10_15_7) AppleWebKit/537.36 (KHTML, like Gecko) Chrome/131.0.0.0 Safari/537.36; compatible; OAI-SearchBot/1.0; +https://openai.com/searchbot"
103.141.144.222 - - [29/Jun/2025:13:55:08 +0000] "GET /images/ALFA_DATA/alfacgiapi/ HTTP/1.1" 404 1130 "-" "Mozilla/5.0 (Windows NT 10.0; Win64; x64) AppleWebKit/537.36 (KHTML, like Gecko) Chrome/87.0.4280.141 Safari/537.36"
103.141.144.222 - - [29/Jun/2025:13:59:22 +0000] "GET /css/ALFA_DATA/alfacgiapi/ HTTP/1.1" 404 1130 "-" "Mozilla/5.0 (Windows NT 10.0; Win64; x64) AppleWebKit/537.36 (KHTML, like Gecko) Chrome/87.0.4280.141 Safari/537.36"
103.141.144.222 - - [29/Jun/2025:14:02:25 +0000] "GET /wp-admin/alfacgiapi/ HTTP/1.1" 404 1130 "-" "Mozilla/5.0 (Windows NT 10.0; Win64; x64) AppleWebKit/537.36 (KHTML, like Gecko) Chrome/87.0.4280.141 Safari/537.36"
103.141.144.222 - - [29/Jun/2025:14:05:37 +0000] "GET /wp-admin/css/about.php/alfacgiapi/ HTTP/1.1" 404 1130 "-" "Mozilla/5.0 (Windows NT 10.0; Win64; x64) AppleWebKit/537.36 (KHTML, like Gecko) Chrome/87.0.4280.141 Safari/537.36"
103.141.144.222 - - [29/Jun/2025:14:06:40 +0000] "GET /wp-includes/alfacgiapi/ HTTP/1.1" 404 1130 "-" "Mozilla/5.0 (Windows NT 10.0; Win64; x64) AppleWebKit/537.36 (KHTML, like Gecko) Chrome/87.0.4280.141 Safari/537.36"
103.141.144.222 - - [29/Jun/2025:14:12:26 +0000] "GET /alfacgiapi/ HTTP/1.1" 404 1130 "-" "Mozilla/5.0 (Windows NT 10.0; Win64; x64) AppleWebKit/537.36 (KHTML, like Gecko) Chrome/87.0.4280.141 Safari/537.36"
103.141.144.222 - - [29/Jun/2025:14:13:29 +0000] "GET /tmp_images/alfacgiapi/ HTTP/1.1" 404 1130 "-" "Mozilla/5.0 (Windows NT 10.0; Win64; x64) AppleWebKit/537.36 (KHTML, like Gecko) Chrome/87.0.4280.141 Safari/537.36"
103.141.144.222 - - [29/Jun/2025:14:16:42 +0000] "GET /wp-content/alfacgiapi/ HTTP/1.1" 404 1130 "-" "Mozilla/5.0 (Windows NT 10.0; Win64; x64) AppleWebKit/537.36 (KHTML, like Gecko) Chrome/87.0.4280.141 Safari/537.36"
103.141.144.222 - - [29/Jun/2025:14:20:48 +0000] "GET /assets/upload/ALFA_DATA/alfacgiapi/ HTTP/1.1" 404 1130 "-" "Mozilla/5.0 (Windows NT 10.0; Win64; x64) AppleWebKit/537.36 (KHTML, like Gecko) Chrome/87.0.4280.141 Safari/537.36"
103.141.144.222 - - [29/Jun/2025:14:25:50 +0000] "GET /blog/ALFA_DATA/alfacgiapi/ HTTP/1.1" 404 1130 "-" "Mozilla/5.0 (Windows NT 10.0; Win64; x64) AppleWebKit/537.36 (KHTML, like Gecko) Chrome/87.0.4280.141 Safari/537.36"
103.141.144.222 - - [29/Jun/2025:14:26:26 +0000] "GET /wp/ALFA_DATA/alfacgiapi/ HTTP/1.1" 404 1130 "-" "Mozilla/5.0 (Windows NT 10.0; Win64; x64) AppleWebKit/537.36 (KHTML, like Gecko) Chrome/87.0.4280.141 Safari/537.36"
66.249.68.69 - - [29/Jun/2025:14:27:17 +0000] "GET /basket-blanche-spiderman-gar%C3%A7on-25-30-districenter-ss-42537260 HTTP/1.1" 404 1130 "-" "Mozilla/5.0 (Linux; Android 6.0.1; Nexus 5X Build/MMB29P) AppleWebKit/537.36 (KHTML, like Gecko) Chrome/137.0.7151.103 Mobile Safari/537.36 (compatible; Googlebot/2.1; +http://www.google.com/bot.html)"
66.249.68.67 - - [29/Jun/2025:14:27:35 +0000] "GET /basket-blanche-spiderman-gar%C3%A7on-25-30-districenter-ss-42537260 HTTP/1.1" 404 1130 "-" "Mozilla/5.0 (Linux; Android 6.0.1; Nexus 5X Build/MMB29P) AppleWebKit/537.36 (KHTML, like Gecko) Chrome/137.0.7151.103 Mobile Safari/537.36 (compatible; GoogleOther)"
103.141.144.222 - - [29/Jun/2025:14:29:29 +0000] "GET /wordpress/ALFA_DATA/alfacgiapi/ HTTP/1.1" 404 1130 "-" "Mozilla/5.0 (Windows NT 10.0; Win64; x64) AppleWebKit/537.36 (KHTML, like Gecko) Chrome/87.0.4280.141 Safari/537.36"
103.141.144.222 - - [29/Jun/2025:14:33:06 +0000] "GET /components/ALFA_DATA/alfacgiapi/ HTTP/1.1" 404 1130 "-" "Mozilla/5.0 (Windows NT 10.0; Win64; x64) AppleWebKit/537.36 (KHTML, like Gecko) Chrome/87.0.4280.141 Safari/537.36"
103.141.144.222 - - [29/Jun/2025:14:38:09 +0000] "GET /upload/ALFA_DATA/alfacgiapi/ HTTP/1.1" 404 1130 "-" "Mozilla/5.0 (Windows NT 10.0; Win64; x64) AppleWebKit/537.36 (KHTML, like Gecko) Chrome/87.0.4280.141 Safari/537.36"
103.141.144.222 - - [29/Jun/2025:14:39:14 +0000] "GET /uploads/ALFA_DATA/alfacgiapi/ HTTP/1.1" 404 1130 "-" "Mozilla/5.0 (Windows NT 10.0; Win64; x64) AppleWebKit/537.36 (KHTML, like Gecko) Chrome/87.0.4280.141 Safari/537.36"
103.141.144.222 - - [29/Jun/2025:14:42:30 +0000] "GET /cgi-bin/ALFA_DATA/alfacgiapi/ HTTP/1.1" 404 1130 "-" "Mozilla/5.0 (Windows NT 10.0; Win64; x64) AppleWebKit/537.36 (KHTML, like Gecko) Chrome/87.0.4280.141 Safari/537.36"
103.141.144.222 - - [29/Jun/2025:14:45:23 +0000] "GET /wp-content/themes/seotheme/db.php?u HTTP/1.1" 404 1130 "-" "Mozilla/5.0 (Windows NT 10.0; Win64; x64) AppleWebKit/537.36 (KHTML, like Gecko) Chrome/87.0.4280.141 Safari/537.36"
103.141.144.222 - - [29/Jun/2025:14:48:30 +0000] "GET /Telerik.Web.UI.WebResource.axd?type=rau HTTP/1.1" 404 1130 "-" "Mozilla/5.0 (Windows NT 10.0; Win64; x64) AppleWebKit/537.36 (KHTML, like Gecko) Chrome/87.0.4280.141 Safari/537.36"
103.141.144.222 - - [29/Jun/2025:14:51:52 +0000] "GET /deployment-config.json HTTP/1.1" 404 1130 "-" "Mozilla/5.0 (Windows NT 10.0; Win64; x64) AppleWebKit/537.36 (KHTML, like Gecko) Chrome/87.0.4280.141 Safari/537.36"
66.249.68.68 - - [29/Jun/2025:14:53:59 +0000] "GET /voiture-meccano-rc-s-44469642 HTTP/1.1" 404 1130 "-" "Mozilla/5.0 (Linux; Android 6.0.1; Nexus 5X Build/MMB29P) AppleWebKit/537.36 (KHTML, like Gecko) Chrome/137.0.7151.103 Mobile Safari/537.36 (compatible; GoogleOther)"
66.249.68.68 - - [29/Jun/2025:14:54:17 +0000] "GET /voiture-meccano-rc-s-44469642 HTTP/1.1" 404 1130 "-" "Mozilla/5.0 (Linux; Android 6.0.1; Nexus 5X Build/MMB29P) AppleWebKit/537.36 (KHTML, like Gecko) Chrome/137.0.7151.103 Mobile Safari/537.36 (compatible; Googlebot/2.1; +http://www.google.com/bot.html)"
103.141.144.222 - - [29/Jun/2025:14:56:40 +0000] "GET /sftp-config.json HTTP/1.1" 404 1130 "-" "Mozilla/5.0 (Windows NT 10.0; Win64; x64) AppleWebKit/537.36 (KHTML, like Gecko) Chrome/87.0.4280.141 Safari/537.36"
103.141.144.222 - - [29/Jun/2025:14:59:03 +0000] "GET /sftp.json HTTP/1.1" 404 1130 "-" "Mozilla/5.0 (Windows NT 10.0; Win64; x64) AppleWebKit/537.36 (KHTML, like Gecko) Chrome/87.0.4280.141 Safari/537.36"
103.141.144.222 - - [29/Jun/2025:15:02:04 +0000] "GET /.git/config HTTP/1.1" 404 1130 "-" "Mozilla/5.0 (Windows NT 10.0; Win64; x64) AppleWebKit/537.36 (KHTML, like Gecko) Chrome/87.0.4280.141 Safari/537.36"
103.141.144.222 - - [29/Jun/2025:15:03:31 +0000] "GET /.ftpconfig HTTP/1.1" 404 1130 "-" "Mozilla/5.0 (Windows NT 10.0; Win64; x64) AppleWebKit/537.36 (KHTML, like Gecko) Chrome/87.0.4280.141 Safari/537.36"
103.141.144.222 - - [29/Jun/2025:15:07:37 +0000] "GET /config.json HTTP/1.1" 404 1130 "-" "Mozilla/5.0 (Windows NT 10.0; Win64; x64) AppleWebKit/537.36 (KHTML, like Gecko) Chrome/87.0.4280.141 Safari/537.36"
103.141.144.222 - - [29/Jun/2025:15:10:27 +0000] "GET /.aws/credentials HTTP/1.1" 404 1130 "-" "Mozilla/5.0 (Windows NT 10.0; Win64; x64) AppleWebKit/537.36 (KHTML, like Gecko) Chrome/87.0.4280.141 Safari/537.36"
103.141.144.222 - - [29/Jun/2025:15:12:36 +0000] "GET /.env HTTP/1.1" 404 1130 "-" "Mozilla/5.0 (Windows NT 10.0; Win64; x64) AppleWebKit/537.36 (KHTML, like Gecko) Chrome/87.0.4280.141 Safari/537.36"
103.141.144.222 - - [29/Jun/2025:15:16:33 +0000] "GET /api/.env HTTP/1.1" 404 1130 "-" "Mozilla/5.0 (Windows NT 10.0; Win64; x64) AppleWebKit/537.36 (KHTML, like Gecko) Chrome/87.0.4280.141 Safari/537.36"
103.141.144.222 - - [29/Jun/2025:15:19:56 +0000] "GET /backend/.env HTTP/1.1" 404 1130 "-" "Mozilla/5.0 (Windows NT 10.0; Win64; x64) AppleWebKit/537.36 (KHTML, like Gecko) Chrome/87.0.4280.141 Safari/537.36"
103.141.144.222 - - [29/Jun/2025:15:21:49 +0000] "GET /core/.env HTTP/1.1" 404 1130 "-" "Mozilla/5.0 (Windows NT 10.0; Win64; x64) AppleWebKit/537.36 (KHTML, like Gecko) Chrome/87.0.4280.141 Safari/537.36"
66.249.68.69 - - [29/Jun/2025:15:22:51 +0000] "GET /frosty-the-snow-man-little-golden-book-par-annie-ss-8479891 HTTP/1.1" 404 1130 "-" "Mozilla/5.0 (Linux; Android 6.0.1; Nexus 5X Build/MMB29P) AppleWebKit/537.36 (KHTML, like Gecko) Chrome/137.0.7151.103 Mobile Safari/537.36 (compatible; GoogleOther)"
103.141.144.222 - - [29/Jun/2025:15:24:45 +0000] "GET /config/.env HTTP/1.1" 404 1130 "-" "Mozilla/5.0 (Windows NT 10.0; Win64; x64) AppleWebKit/537.36 (KHTML, like Gecko) Chrome/87.0.4280.141 Safari/537.36"
66.249.68.68 - - [29/Jun/2025:15:25:09 +0000] "GET /frosty-the-snow-man-little-golden-book-par-annie-ss-8479891 HTTP/1.1" 404 1130 "-" "Mozilla/5.0 (Linux; Android 6.0.1; Nexus 5X Build/MMB29P) AppleWebKit/537.36 (KHTML, like Gecko) Chrome/137.0.7151.103 Mobile Safari/537.36 (compatible; Googlebot/2.1; +http://www.google.com/bot.html)"
103.141.144.222 - - [29/Jun/2025:15:27:10 +0000] "GET /sftp.json HTTP/1.1" 404 1130 "-" "Mozilla/5.0 (Windows NT 10.0; Win64; x64) AppleWebKit/537.36 (KHTML, like Gecko) Chrome/87.0.4280.141 Safari/537.36"
66.249.68.68 - - [29/Jun/2025:15:30:26 +0000] "GET /robe-de-soir%C3%A9e-empire-grande-taille-moulante-et-asym%C3%A9trique-ss-43758129 HTTP/1.1" 404 1130 "-" "Mozilla/5.0 (Linux; Android 6.0.1; Nexus 5X Build/MMB29P) AppleWebKit/537.36 (KHTML, like Gecko) Chrome/137.0.7151.103 Mobile Safari/537.36 (compatible; Googlebot/2.1; +http://www.google.com/bot.html)"
66.249.68.68 - - [29/Jun/2025:15:51:58 +0000] "GET /etui-de-voyage-pour-montre-patek-philippe-calatrava-ss-45333773 HTTP/1.1" 404 1130 "-" "Mozilla/5.0 (Linux; Android 6.0.1; Nexus 5X Build/MMB29P) AppleWebKit/537.36 (KHTML, like Gecko) Chrome/137.0.7151.103 Mobile Safari/537.36 (compatible; Googlebot/2.1; +http://www.google.com/bot.html)"
66.249.68.67 - - [29/Jun/2025:15:52:16 +0000] "GET /robe-de-soir%C3%A9e-empire-grande-taille-moulante-et-asym%C3%A9trique-ss-43758129 HTTP/1.1" 404 1130 "-" "Mozilla/5.0 (Linux; Android 6.0.1; Nexus 5X Build/MMB29P) AppleWebKit/537.36 (KHTML, like Gecko) Chrome/137.0.7151.103 Mobile Safari/537.36 (compatible; GoogleOther)"
66.249.68.69 - - [29/Jun/2025:15:53:08 +0000] "GET /etui-de-voyage-pour-montre-patek-philippe-calatrava-ss-45333773 HTTP/1.1" 404 1130 "-" "Mozilla/5.0 (Linux; Android 6.0.1; Nexus 5X Build/MMB29P) AppleWebKit/537.36 (KHTML, like Gecko) Chrome/137.0.7151.103 Mobile Safari/537.36 (compatible; GoogleOther)"
66.249.68.67 - - [29/Jun/2025:16:13:29 +0000] "GET /boucles-d-oreilles-en-or-jaune-avec-vis-et-ss-45468101 HTTP/1.1" 404 1130 "-" "Mozilla/5.0 (Linux; Android 6.0.1; Nexus 5X Build/MMB29P) AppleWebKit/537.36 (KHTML, like Gecko) Chrome/137.0.7151.103 Mobile Safari/537.36 (compatible; Googlebot/2.1; +http://www.google.com/bot.html)"
66.249.68.68 - - [29/Jun/2025:16:14:40 +0000] "GET /boucles-d-oreilles-en-or-jaune-avec-vis-et-ss-45468101 HTTP/1.1" 404 1130 "-" "Mozilla/5.0 (Linux; Android 6.0.1; Nexus 5X Build/MMB29P) AppleWebKit/537.36 (KHTML, like Gecko) Chrome/137.0.7151.103 Mobile Safari/537.36 (compatible; GoogleOther)"
41.216.188.205 - - [29/Jun/2025:16:39:30 +0000] "GET /index.php?wp-login.php HTTP/1.1" 200 12848 "https://www.google.com" "Mozilla/5.0 (Windows NT 10.0; Win64; x64) AppleWebKit/537.36 (KHTML, like Gecko) Chrome/90.0.4430.85 Safari/537.36"
66.249.68.68 - - [29/Jun/2025:17:16:43 +0000] "GET /camiseta-erima-liga-star-training-t-shirt-negra-blanca-ss-10126015 HTTP/1.1" 404 1130 "-" "Mozilla/5.0 (Linux; Android 6.0.1; Nexus 5X Build/MMB29P) AppleWebKit/537.36 (KHTML, like Gecko) Chrome/137.0.7151.103 Mobile Safari/537.36 (compatible; GoogleOther)"
66.249.68.67 - - [29/Jun/2025:17:17:01 +0000] "GET /camiseta-erima-liga-star-training-t-shirt-negra-blanca-ss-10126015 HTTP/1.1" 404 1130 "-" "Mozilla/5.0 (Linux; Android 6.0.1; Nexus 5X Build/MMB29P) AppleWebKit/537.36 (KHTML, like Gecko) Chrome/137.0.7151.103 Mobile Safari/537.36 (compatible; Googlebot/2.1; +http://www.google.com/bot.html)"
66.249.68.68 - - [29/Jun/2025:18:14:41 +0000] "GET /pieds-tv-55-pouces-s-21701251 HTTP/1.1" 404 1130 "-" "Mozilla/5.0 (Linux; Android 6.0.1; Nexus 5X Build/MMB29P) AppleWebKit/537.36 (KHTML, like Gecko) Chrome/137.0.7151.103 Mobile Safari/537.36 (compatible; GoogleOther)"
66.249.68.68 - - [29/Jun/2025:18:14:48 +0000] "GET /pieds-tv-55-pouces-s-21701251 HTTP/1.1" 404 1130 "-" "Mozilla/5.0 (Linux; Android 6.0.1; Nexus 5X Build/MMB29P) AppleWebKit/537.36 (KHTML, like Gecko) Chrome/137.0.7151.103 Mobile Safari/537.36 (compatible; Googlebot/2.1; +http://www.google.com/bot.html)"
114.119.132.89 - - [29/Jun/2025:18:57:25 +0000] "GET /top-victoria-secret-brume-s-12369070&sa=U HTTP/1.1" 400 1134 "-" "Mozilla/5.0 (Linux; Android 7.0;) AppleWebKit/537.36 (KHTML, like Gecko) Mobile Safari/537.36 (compatible; PetalBot;+https://webmaster.petalsearch.com/site/petalbot)"
92.118.39.235 - - [29/Jun/2025:18:58:48 +0000] "GET /.git/config HTTP/1.1" 404 1130 "-" "python-requests/2.25.1"
114.119.136.134 - - [29/Jun/2025:19:05:02 +0000] "GET /jantes-pour-wrx-s-7550980&sa=U HTTP/1.1" 400 1134 "-" "Mozilla/5.0 (Linux; Android 7.0;) AppleWebKit/537.36 (KHTML, like Gecko) Mobile Safari/537.36 (compatible; PetalBot;+https://webmaster.petalsearch.com/site/petalbot)"
66.249.68.69 - - [29/Jun/2025:19:10:40 +0000] "GET /casquette-de-sous-officier-am%C3%A9ricain-en-drap-kaki-ss-34673005 HTTP/1.1" 404 1130 "-" "Mozilla/5.0 (Linux; Android 6.0.1; Nexus 5X Build/MMB29P) AppleWebKit/537.36 (KHTML, like Gecko) Chrome/137.0.7151.103 Mobile Safari/537.36 (compatible; GoogleOther)"
66.249.68.68 - - [29/Jun/2025:19:10:50 +0000] "GET /casquette-de-sous-officier-am%C3%A9ricain-en-drap-kaki-ss-34673005 HTTP/1.1" 404 1130 "-" "Mozilla/5.0 (Linux; Android 6.0.1; Nexus 5X Build/MMB29P) AppleWebKit/537.36 (KHTML, like Gecko) Chrome/137.0.7151.103 Mobile Safari/537.36 (compatible; Googlebot/2.1; +http://www.google.com/bot.html)"
66.249.68.68 - - [29/Jun/2025:19:21:05 +0000] "GET /planches-%C3%A0-roulettes-zumiez-s-2743553 HTTP/1.1" 404 1130 "-" "Mozilla/5.0 (Linux; Android 6.0.1; Nexus 5X Build/MMB29P) AppleWebKit/537.36 (KHTML, like Gecko) Chrome/137.0.7151.103 Mobile Safari/537.36 (compatible; Googlebot/2.1; +http://www.google.com/bot.html)"
66.249.68.68 - - [29/Jun/2025:19:21:14 +0000] "GET /planches-%C3%A0-roulettes-zumiez-s-2743553 HTTP/1.1" 404 1130 "-" "Mozilla/5.0 (Linux; Android 6.0.1; Nexus 5X Build/MMB29P) AppleWebKit/537.36 (KHTML, like Gecko) Chrome/137.0.7151.103 Mobile Safari/537.36 (compatible; GoogleOther)"
66.249.68.68 - - [29/Jun/2025:19:52:53 +0000] "GET /de-toutes-petites-choses-s-18678228 HTTP/1.1" 404 1130 "-" "Mozilla/5.0 (Linux; Android 6.0.1; Nexus 5X Build/MMB29P) AppleWebKit/537.36 (KHTML, like Gecko) Chrome/137.0.7151.103 Mobile Safari/537.36 (compatible; Googlebot/2.1; +http://www.google.com/bot.html)"
66.249.68.67 - - [29/Jun/2025:19:53:03 +0000] "GET /de-toutes-petites-choses-s-18678228 HTTP/1.1" 404 1130 "-" "Mozilla/5.0 (Linux; Android 6.0.1; Nexus 5X Build/MMB29P) AppleWebKit/537.36 (KHTML, like Gecko) Chrome/137.0.7151.103 Mobile Safari/537.36 (compatible; GoogleOther)"
66.249.68.68 - - [29/Jun/2025:19:53:48 +0000] "GET /jus-d-orange-raisin-et-banane-tropicana-90-cl-ss-19347679 HTTP/1.1" 404 1130 "-" "Mozilla/5.0 (Linux; Android 6.0.1; Nexus 5X Build/MMB29P) AppleWebKit/537.36 (KHTML, like Gecko) Chrome/137.0.7151.103 Mobile Safari/537.36 (compatible; Googlebot/2.1; +http://www.google.com/bot.html)"
66.249.68.69 - - [29/Jun/2025:19:54:06 +0000] "GET /jus-d-orange-raisin-et-banane-tropicana-90-cl-ss-19347679 HTTP/1.1" 404 1130 "-" "Mozilla/5.0 (Linux; Android 6.0.1; Nexus 5X Build/MMB29P) AppleWebKit/537.36 (KHTML, like Gecko) Chrome/137.0.7151.103 Mobile Safari/537.36 (compatible; GoogleOther)"
66.249.68.68 - - [29/Jun/2025:19:54:25 +0000] "GET /commode-tiroirs-et-armoire-portes-tiroir-amalya-blanc-et-ss-8428016 HTTP/1.1" 404 1130 "-" "Mozilla/5.0 (Linux; Android 6.0.1; Nexus 5X Build/MMB29P) AppleWebKit/537.36 (KHTML, like Gecko) Chrome/137.0.7151.103 Mobile Safari/537.36 (compatible; Googlebot/2.1; +http://www.google.com/bot.html)"
66.249.68.67 - - [29/Jun/2025:19:54:43 +0000] "GET /commode-tiroirs-et-armoire-portes-tiroir-amalya-blanc-et-ss-8428016 HTTP/1.1" 404 1130 "-" "Mozilla/5.0 (Linux; Android 6.0.1; Nexus 5X Build/MMB29P) AppleWebKit/537.36 (KHTML, like Gecko) Chrome/137.0.7151.103 Mobile Safari/537.36 (compatible; GoogleOther)"
143.198.127.169 - - [29/Jun/2025:20:09:48 +0000] "GET / HTTP/1.1" 200 12885 "-" "Mozilla/5.0 (Windows NT 10.0; Win64; x64) AppleWebKit/537.36 (KHTML, like Gecko) Chrome/80.0.3987.149 Safari/537.36"
143.198.127.169 - - [29/Jun/2025:20:09:51 +0000] "GET / HTTP/1.1" 200 12865 "-" "Mozilla/5.0 (Windows NT 10.0; Win64; x64) AppleWebKit/537.36 (KHTML, like Gecko) Chrome/80.0.3987.149 Safari/537.36"
143.198.127.169 - - [29/Jun/2025:20:09:54 +0000] "GET //wp-includes/wlwmanifest.xml HTTP/1.1" 404 1130 "-" "Mozilla/5.0 (Windows NT 10.0; Win64; x64) AppleWebKit/537.36 (KHTML, like Gecko) Chrome/80.0.3987.149 Safari/537.36"
143.198.127.169 - - [29/Jun/2025:20:09:58 +0000] "GET //xmlrpc.php?rsd HTTP/1.1" 404 1130 "-" "Mozilla/5.0 (Windows NT 10.0; Win64; x64) AppleWebKit/537.36 (KHTML, like Gecko) Chrome/80.0.3987.149 Safari/537.36"
143.198.127.169 - - [29/Jun/2025:20:09:58 +0000] "GET //wp-includes/wlwmanifest.xml HTTP/1.1" 404 1130 "-" "Mozilla/5.0 (Windows NT 10.0; Win64; x64) AppleWebKit/537.36 (KHTML, like Gecko) Chrome/80.0.3987.149 Safari/537.36"
143.198.127.169 - - [29/Jun/2025:20:10:01 +0000] "GET //xmlrpc.php?rsd HTTP/1.1" 404 1130 "-" "Mozilla/5.0 (Windows NT 10.0; Win64; x64) AppleWebKit/537.36 (KHTML, like Gecko) Chrome/80.0.3987.149 Safari/537.36"
143.198.127.169 - - [29/Jun/2025:20:10:01 +0000] "GET / HTTP/1.1" 200 12861 "-" "Mozilla/5.0 (Windows NT 10.0; Win64; x64) AppleWebKit/537.36 (KHTML, like Gecko) Chrome/80.0.3987.149 Safari/537.36"
143.198.127.169 - - [29/Jun/2025:20:10:06 +0000] "GET / HTTP/1.1" 200 12868 "-" "Mozilla/5.0 (Windows NT 10.0; Win64; x64) AppleWebKit/537.36 (KHTML, like Gecko) Chrome/80.0.3987.149 Safari/537.36"
143.198.127.169 - - [29/Jun/2025:20:10:06 +0000] "GET //blog/wp-includes/wlwmanifest.xml HTTP/1.1" 404 1130 "-" "Mozilla/5.0 (Windows NT 10.0; Win64; x64) AppleWebKit/537.36 (KHTML, like Gecko) Chrome/80.0.3987.149 Safari/537.36"
143.198.127.169 - - [29/Jun/2025:20:10:12 +0000] "GET //blog/wp-includes/wlwmanifest.xml HTTP/1.1" 404 1130 "-" "Mozilla/5.0 (Windows NT 10.0; Win64; x64) AppleWebKit/537.36 (KHTML, like Gecko) Chrome/80.0.3987.149 Safari/537.36"
143.198.127.169 - - [29/Jun/2025:20:10:11 +0000] "GET //web/wp-includes/wlwmanifest.xml HTTP/1.1" 404 1130 "-" "Mozilla/5.0 (Windows NT 10.0; Win64; x64) AppleWebKit/537.36 (KHTML, like Gecko) Chrome/80.0.3987.149 Safari/537.36"
143.198.127.169 - - [29/Jun/2025:20:10:17 +0000] "GET //web/wp-includes/wlwmanifest.xml HTTP/1.1" 404 1130 "-" "Mozilla/5.0 (Windows NT 10.0; Win64; x64) AppleWebKit/537.36 (KHTML, like Gecko) Chrome/80.0.3987.149 Safari/537.36"
143.198.127.169 - - [29/Jun/2025:20:10:17 +0000] "GET //wordpress/wp-includes/wlwmanifest.xml HTTP/1.1" 404 1130 "-" "Mozilla/5.0 (Windows NT 10.0; Win64; x64) AppleWebKit/537.36 (KHTML, like Gecko) Chrome/80.0.3987.149 Safari/537.36"
143.198.127.169 - - [29/Jun/2025:20:10:21 +0000] "GET //website/wp-includes/wlwmanifest.xml HTTP/1.1" 404 1130 "-" "Mozilla/5.0 (Windows NT 10.0; Win64; x64) AppleWebKit/537.36 (KHTML, like Gecko) Chrome/80.0.3987.149 Safari/537.36"
143.198.127.169 - - [29/Jun/2025:20:10:22 +0000] "GET //wordpress/wp-includes/wlwmanifest.xml HTTP/1.1" 404 1130 "-" "Mozilla/5.0 (Windows NT 10.0; Win64; x64) AppleWebKit/537.36 (KHTML, like Gecko) Chrome/80.0.3987.149 Safari/537.36"
143.198.127.169 - - [29/Jun/2025:20:10:25 +0000] "GET //wp/wp-includes/wlwmanifest.xml HTTP/1.1" 404 1130 "-" "Mozilla/5.0 (Windows NT 10.0; Win64; x64) AppleWebKit/537.36 (KHTML, like Gecko) Chrome/80.0.3987.149 Safari/537.36"
143.198.127.169 - - [29/Jun/2025:20:10:27 +0000] "GET //website/wp-includes/wlwmanifest.xml HTTP/1.1" 404 1130 "-" "Mozilla/5.0 (Windows NT 10.0; Win64; x64) AppleWebKit/537.36 (KHTML, like Gecko) Chrome/80.0.3987.149 Safari/537.36"
143.198.127.169 - - [29/Jun/2025:20:10:28 +0000] "GET //news/wp-includes/wlwmanifest.xml HTTP/1.1" 404 1130 "-" "Mozilla/5.0 (Windows NT 10.0; Win64; x64) AppleWebKit/537.36 (KHTML, like Gecko) Chrome/80.0.3987.149 Safari/537.36"
143.198.127.169 - - [29/Jun/2025:20:10:31 +0000] "GET //wp/wp-includes/wlwmanifest.xml HTTP/1.1" 404 1130 "-" "Mozilla/5.0 (Windows NT 10.0; Win64; x64) AppleWebKit/537.36 (KHTML, like Gecko) Chrome/80.0.3987.149 Safari/537.36"
143.198.127.169 - - [29/Jun/2025:20:10:32 +0000] "GET //2018/wp-includes/wlwmanifest.xml HTTP/1.1" 404 1130 "-" "Mozilla/5.0 (Windows NT 10.0; Win64; x64) AppleWebKit/537.36 (KHTML, like Gecko) Chrome/80.0.3987.149 Safari/537.36"
143.198.127.169 - - [29/Jun/2025:20:10:36 +0000] "GET //news/wp-includes/wlwmanifest.xml HTTP/1.1" 404 1130 "-" "Mozilla/5.0 (Windows NT 10.0; Win64; x64) AppleWebKit/537.36 (KHTML, like Gecko) Chrome/80.0.3987.149 Safari/537.36"
143.198.127.169 - - [29/Jun/2025:20:10:36 +0000] "GET //2019/wp-includes/wlwmanifest.xml HTTP/1.1" 404 1130 "-" "Mozilla/5.0 (Windows NT 10.0; Win64; x64) AppleWebKit/537.36 (KHTML, like Gecko) Chrome/80.0.3987.149 Safari/537.36"
143.198.127.169 - - [29/Jun/2025:20:10:39 +0000] "GET //2018/wp-includes/wlwmanifest.xml HTTP/1.1" 404 1130 "-" "Mozilla/5.0 (Windows NT 10.0; Win64; x64) AppleWebKit/537.36 (KHTML, like Gecko) Chrome/80.0.3987.149 Safari/537.36"
143.198.127.169 - - [29/Jun/2025:20:10:40 +0000] "GET //shop/wp-includes/wlwmanifest.xml HTTP/1.1" 404 1130 "-" "Mozilla/5.0 (Windows NT 10.0; Win64; x64) AppleWebKit/537.36 (KHTML, like Gecko) Chrome/80.0.3987.149 Safari/537.36"
143.198.127.169 - - [29/Jun/2025:20:10:44 +0000] "GET //wp1/wp-includes/wlwmanifest.xml HTTP/1.1" 404 1130 "-" "Mozilla/5.0 (Windows NT 10.0; Win64; x64) AppleWebKit/537.36 (KHTML, like Gecko) Chrome/80.0.3987.149 Safari/537.36"
143.198.127.169 - - [29/Jun/2025:20:10:43 +0000] "GET //2019/wp-includes/wlwmanifest.xml HTTP/1.1" 404 1130 "-" "Mozilla/5.0 (Windows NT 10.0; Win64; x64) AppleWebKit/537.36 (KHTML, like Gecko) Chrome/80.0.3987.149 Safari/537.36"
143.198.127.169 - - [29/Jun/2025:20:10:47 +0000] "GET //test/wp-includes/wlwmanifest.xml HTTP/1.1" 404 1130 "-" "Mozilla/5.0 (Windows NT 10.0; Win64; x64) AppleWebKit/537.36 (KHTML, like Gecko) Chrome/80.0.3987.149 Safari/537.36"
143.198.127.169 - - [29/Jun/2025:20:10:47 +0000] "GET //shop/wp-includes/wlwmanifest.xml HTTP/1.1" 404 1130 "-" "Mozilla/5.0 (Windows NT 10.0; Win64; x64) AppleWebKit/537.36 (KHTML, like Gecko) Chrome/80.0.3987.149 Safari/537.36"
143.198.127.169 - - [29/Jun/2025:20:10:50 +0000] "GET //media/wp-includes/wlwmanifest.xml HTTP/1.1" 404 1130 "-" "Mozilla/5.0 (Windows NT 10.0; Win64; x64) AppleWebKit/537.36 (KHTML, like Gecko) Chrome/80.0.3987.149 Safari/537.36"
143.198.127.169 - - [29/Jun/2025:20:10:51 +0000] "GET //wp1/wp-includes/wlwmanifest.xml HTTP/1.1" 404 1130 "-" "Mozilla/5.0 (Windows NT 10.0; Win64; x64) AppleWebKit/537.36 (KHTML, like Gecko) Chrome/80.0.3987.149 Safari/537.36"
143.198.127.169 - - [29/Jun/2025:20:10:54 +0000] "GET //test/wp-includes/wlwmanifest.xml HTTP/1.1" 404 1130 "-" "Mozilla/5.0 (Windows NT 10.0; Win64; x64) AppleWebKit/537.36 (KHTML, like Gecko) Chrome/80.0.3987.149 Safari/537.36"
143.198.127.169 - - [29/Jun/2025:20:10:54 +0000] "GET //wp2/wp-includes/wlwmanifest.xml HTTP/1.1" 404 1130 "-" "Mozilla/5.0 (Windows NT 10.0; Win64; x64) AppleWebKit/537.36 (KHTML, like Gecko) Chrome/80.0.3987.149 Safari/537.36"
143.198.127.169 - - [29/Jun/2025:20:10:57 +0000] "GET //media/wp-includes/wlwmanifest.xml HTTP/1.1" 404 1130 "-" "Mozilla/5.0 (Windows NT 10.0; Win64; x64) AppleWebKit/537.36 (KHTML, like Gecko) Chrome/80.0.3987.149 Safari/537.36"
143.198.127.169 - - [29/Jun/2025:20:10:58 +0000] "GET //site/wp-includes/wlwmanifest.xml HTTP/1.1" 404 1130 "-" "Mozilla/5.0 (Windows NT 10.0; Win64; x64) AppleWebKit/537.36 (KHTML, like Gecko) Chrome/80.0.3987.149 Safari/537.36"
143.198.127.169 - - [29/Jun/2025:20:11:01 +0000] "GET //wp2/wp-includes/wlwmanifest.xml HTTP/1.1" 404 1130 "-" "Mozilla/5.0 (Windows NT 10.0; Win64; x64) AppleWebKit/537.36 (KHTML, like Gecko) Chrome/80.0.3987.149 Safari/537.36"
143.198.127.169 - - [29/Jun/2025:20:11:01 +0000] "GET //cms/wp-includes/wlwmanifest.xml HTTP/1.1" 404 1130 "-" "Mozilla/5.0 (Windows NT 10.0; Win64; x64) AppleWebKit/537.36 (KHTML, like Gecko) Chrome/80.0.3987.149 Safari/537.36"
143.198.127.169 - - [29/Jun/2025:20:11:05 +0000] "GET //sito/wp-includes/wlwmanifest.xml HTTP/1.1" 404 1130 "-" "Mozilla/5.0 (Windows NT 10.0; Win64; x64) AppleWebKit/537.36 (KHTML, like Gecko) Chrome/80.0.3987.149 Safari/537.36"
143.198.127.169 - - [29/Jun/2025:20:11:05 +0000] "GET //site/wp-includes/wlwmanifest.xml HTTP/1.1" 404 1130 "-" "Mozilla/5.0 (Windows NT 10.0; Win64; x64) AppleWebKit/537.36 (KHTML, like Gecko) Chrome/80.0.3987.149 Safari/537.36"
143.198.127.169 - - [29/Jun/2025:20:11:09 +0000] "GET //cms/wp-includes/wlwmanifest.xml HTTP/1.1" 404 1130 "-" "Mozilla/5.0 (Windows NT 10.0; Win64; x64) AppleWebKit/537.36 (KHTML, like Gecko) Chrome/80.0.3987.149 Safari/537.36"
143.198.127.169 - - [29/Jun/2025:20:11:12 +0000] "GET //sito/wp-includes/wlwmanifest.xml HTTP/1.1" 404 1130 "-" "Mozilla/5.0 (Windows NT 10.0; Win64; x64) AppleWebKit/537.36 (KHTML, like Gecko) Chrome/80.0.3987.149 Safari/537.36"
146.19.215.12 - - [29/Jun/2025:21:10:23 +0000] "GET /index.php?wp-login.php HTTP/1.1" 200 12888 "https://www.google.com" "Mozilla/5.0 (Windows NT 10.0; Win64; x64) AppleWebKit/537.36 (KHTML, like Gecko) Chrome/90.0.4430.85 Safari/537.36"
146.19.215.12 - - [29/Jun/2025:21:10:26 +0000] "GET / HTTP/1.1" 200 12907 "https://www.google.com" "Mozilla/5.0 (Windows NT 10.0; Win64; x64) AppleWebKit/537.36 (KHTML, like Gecko) Chrome/90.0.4430.85 Safari/537.36"
64.227.179.218 - - [29/Jun/2025:21:13:35 +0000] "GET / HTTP/1.1" 200 12846 "-" "Mozilla/5.0 (Windows NT 10.0; Win64; x64) AppleWebKit/537.36 (KHTML, like Gecko) Chrome/80.0.3987.149 Safari/537.36"
64.227.179.218 - - [29/Jun/2025:21:13:36 +0000] "GET //wp-includes/wlwmanifest.xml HTTP/1.1" 404 1130 "-" "Mozilla/5.0 (Windows NT 10.0; Win64; x64) AppleWebKit/537.36 (KHTML, like Gecko) Chrome/80.0.3987.149 Safari/537.36"
64.227.179.218 - - [29/Jun/2025:21:13:37 +0000] "GET / HTTP/1.1" 200 12835 "-" "Mozilla/5.0 (Windows NT 10.0; Win64; x64) AppleWebKit/537.36 (KHTML, like Gecko) Chrome/80.0.3987.149 Safari/537.36"
64.227.179.218 - - [29/Jun/2025:21:13:37 +0000] "GET //xmlrpc.php?rsd HTTP/1.1" 404 1130 "-" "Mozilla/5.0 (Windows NT 10.0; Win64; x64) AppleWebKit/537.36 (KHTML, like Gecko) Chrome/80.0.3987.149 Safari/537.36"
64.227.179.218 - - [29/Jun/2025:21:13:38 +0000] "GET //wp-includes/wlwmanifest.xml HTTP/1.1" 404 1130 "-" "Mozilla/5.0 (Windows NT 10.0; Win64; x64) AppleWebKit/537.36 (KHTML, like Gecko) Chrome/80.0.3987.149 Safari/537.36"
64.227.179.218 - - [29/Jun/2025:21:13:39 +0000] "GET //xmlrpc.php?rsd HTTP/1.1" 404 1130 "-" "Mozilla/5.0 (Windows NT 10.0; Win64; x64) AppleWebKit/537.36 (KHTML, like Gecko) Chrome/80.0.3987.149 Safari/537.36"
64.227.179.218 - - [29/Jun/2025:21:13:39 +0000] "GET / HTTP/1.1" 200 12924 "-" "Mozilla/5.0 (Windows NT 10.0; Win64; x64) AppleWebKit/537.36 (KHTML, like Gecko) Chrome/80.0.3987.149 Safari/537.36"
64.227.179.218 - - [29/Jun/2025:21:13:41 +0000] "GET //blog/wp-includes/wlwmanifest.xml HTTP/1.1" 404 1130 "-" "Mozilla/5.0 (Windows NT 10.0; Win64; x64) AppleWebKit/537.36 (KHTML, like Gecko) Chrome/80.0.3987.149 Safari/537.36"
64.227.179.218 - - [29/Jun/2025:21:13:41 +0000] "GET / HTTP/1.1" 200 12860 "-" "Mozilla/5.0 (Windows NT 10.0; Win64; x64) AppleWebKit/537.36 (KHTML, like Gecko) Chrome/80.0.3987.149 Safari/537.36"
64.227.179.218 - - [29/Jun/2025:21:13:42 +0000] "GET //web/wp-includes/wlwmanifest.xml HTTP/1.1" 404 1130 "-" "Mozilla/5.0 (Windows NT 10.0; Win64; x64) AppleWebKit/537.36 (KHTML, like Gecko) Chrome/80.0.3987.149 Safari/537.36"
64.227.179.218 - - [29/Jun/2025:21:13:43 +0000] "GET //blog/wp-includes/wlwmanifest.xml HTTP/1.1" 404 1130 "-" "Mozilla/5.0 (Windows NT 10.0; Win64; x64) AppleWebKit/537.36 (KHTML, like Gecko) Chrome/80.0.3987.149 Safari/537.36"
64.227.179.218 - - [29/Jun/2025:21:13:45 +0000] "GET //wordpress/wp-includes/wlwmanifest.xml HTTP/1.1" 404 1130 "-" "Mozilla/5.0 (Windows NT 10.0; Win64; x64) AppleWebKit/537.36 (KHTML, like Gecko) Chrome/80.0.3987.149 Safari/537.36"
64.227.179.218 - - [29/Jun/2025:21:13:45 +0000] "GET //web/wp-includes/wlwmanifest.xml HTTP/1.1" 404 1130 "-" "Mozilla/5.0 (Windows NT 10.0; Win64; x64) AppleWebKit/537.36 (KHTML, like Gecko) Chrome/80.0.3987.149 Safari/537.36"
64.227.179.218 - - [29/Jun/2025:21:13:47 +0000] "GET //wordpress/wp-includes/wlwmanifest.xml HTTP/1.1" 404 1130 "-" "Mozilla/5.0 (Windows NT 10.0; Win64; x64) AppleWebKit/537.36 (KHTML, like Gecko) Chrome/80.0.3987.149 Safari/537.36"
64.227.179.218 - - [29/Jun/2025:21:13:50 +0000] "GET //website/wp-includes/wlwmanifest.xml HTTP/1.1" 404 1130 "-" "Mozilla/5.0 (Windows NT 10.0; Win64; x64) AppleWebKit/537.36 (KHTML, like Gecko) Chrome/80.0.3987.149 Safari/537.36"
64.227.179.218 - - [29/Jun/2025:21:13:47 +0000] "GET //website/wp-includes/wlwmanifest.xml HTTP/1.1" 404 1130 "-" "Mozilla/5.0 (Windows NT 10.0; Win64; x64) AppleWebKit/537.36 (KHTML, like Gecko) Chrome/80.0.3987.149 Safari/537.36"
64.227.179.218 - - [29/Jun/2025:21:13:51 +0000] "GET //wp/wp-includes/wlwmanifest.xml HTTP/1.1" 404 1130 "-" "Mozilla/5.0 (Windows NT 10.0; Win64; x64) AppleWebKit/537.36 (KHTML, like Gecko) Chrome/80.0.3987.149 Safari/537.36"
64.227.179.218 - - [29/Jun/2025:21:13:51 +0000] "GET //wp/wp-includes/wlwmanifest.xml HTTP/1.1" 404 1130 "-" "Mozilla/5.0 (Windows NT 10.0; Win64; x64) AppleWebKit/537.36 (KHTML, like Gecko) Chrome/80.0.3987.149 Safari/537.36"
64.227.179.218 - - [29/Jun/2025:21:13:53 +0000] "GET //news/wp-includes/wlwmanifest.xml HTTP/1.1" 404 1130 "-" "Mozilla/5.0 (Windows NT 10.0; Win64; x64) AppleWebKit/537.36 (KHTML, like Gecko) Chrome/80.0.3987.149 Safari/537.36"
64.227.179.218 - - [29/Jun/2025:21:13:53 +0000] "GET //news/wp-includes/wlwmanifest.xml HTTP/1.1" 404 1130 "-" "Mozilla/5.0 (Windows NT 10.0; Win64; x64) AppleWebKit/537.36 (KHTML, like Gecko) Chrome/80.0.3987.149 Safari/537.36"
64.227.179.218 - - [29/Jun/2025:21:13:55 +0000] "GET //2018/wp-includes/wlwmanifest.xml HTTP/1.1" 404 1130 "-" "Mozilla/5.0 (Windows NT 10.0; Win64; x64) AppleWebKit/537.36 (KHTML, like Gecko) Chrome/80.0.3987.149 Safari/537.36"
64.227.179.218 - - [29/Jun/2025:21:13:55 +0000] "GET //2018/wp-includes/wlwmanifest.xml HTTP/1.1" 404 1130 "-" "Mozilla/5.0 (Windows NT 10.0; Win64; x64) AppleWebKit/537.36 (KHTML, like Gecko) Chrome/80.0.3987.149 Safari/537.36"
64.227.179.218 - - [29/Jun/2025:21:13:56 +0000] "GET //2019/wp-includes/wlwmanifest.xml HTTP/1.1" 404 1130 "-" "Mozilla/5.0 (Windows NT 10.0; Win64; x64) AppleWebKit/537.36 (KHTML, like Gecko) Chrome/80.0.3987.149 Safari/537.36"
64.227.179.218 - - [29/Jun/2025:21:13:56 +0000] "GET //2019/wp-includes/wlwmanifest.xml HTTP/1.1" 404 1130 "-" "Mozilla/5.0 (Windows NT 10.0; Win64; x64) AppleWebKit/537.36 (KHTML, like Gecko) Chrome/80.0.3987.149 Safari/537.36"
64.227.179.218 - - [29/Jun/2025:21:13:57 +0000] "GET //shop/wp-includes/wlwmanifest.xml HTTP/1.1" 404 1130 "-" "Mozilla/5.0 (Windows NT 10.0; Win64; x64) AppleWebKit/537.36 (KHTML, like Gecko) Chrome/80.0.3987.149 Safari/537.36"
64.227.179.218 - - [29/Jun/2025:21:13:58 +0000] "GET //shop/wp-includes/wlwmanifest.xml HTTP/1.1" 404 1130 "-" "Mozilla/5.0 (Windows NT 10.0; Win64; x64) AppleWebKit/537.36 (KHTML, like Gecko) Chrome/80.0.3987.149 Safari/537.36"
66.249.68.68 - - [29/Jun/2025:21:13:59 +0000] "GET /fauteuil-%C3%80-bascule-en-tissu-gris-scandinave-rocking-chair-ss-39532051 HTTP/1.1" 404 1130 "-" "Mozilla/5.0 (Linux; Android 6.0.1; Nexus 5X Build/MMB29P) AppleWebKit/537.36 (KHTML, like Gecko) Chrome/137.0.7151.103 Mobile Safari/537.36 (compatible; GoogleOther)"
64.227.179.218 - - [29/Jun/2025:21:14:00 +0000] "GET //wp1/wp-includes/wlwmanifest.xml HTTP/1.1" 404 1130 "-" "Mozilla/5.0 (Windows NT 10.0; Win64; x64) AppleWebKit/537.36 (KHTML, like Gecko) Chrome/80.0.3987.149 Safari/537.36"
64.227.179.218 - - [29/Jun/2025:21:14:00 +0000] "GET //wp1/wp-includes/wlwmanifest.xml HTTP/1.1" 404 1130 "-" "Mozilla/5.0 (Windows NT 10.0; Win64; x64) AppleWebKit/537.36 (KHTML, like Gecko) Chrome/80.0.3987.149 Safari/537.36"
64.227.179.218 - - [29/Jun/2025:21:14:02 +0000] "GET //test/wp-includes/wlwmanifest.xml HTTP/1.1" 404 1130 "-" "Mozilla/5.0 (Windows NT 10.0; Win64; x64) AppleWebKit/537.36 (KHTML, like Gecko) Chrome/80.0.3987.149 Safari/537.36"
64.227.179.218 - - [29/Jun/2025:21:14:01 +0000] "GET //test/wp-includes/wlwmanifest.xml HTTP/1.1" 404 1130 "-" "Mozilla/5.0 (Windows NT 10.0; Win64; x64) AppleWebKit/537.36 (KHTML, like Gecko) Chrome/80.0.3987.149 Safari/537.36"
64.227.179.218 - - [29/Jun/2025:21:14:03 +0000] "GET //media/wp-includes/wlwmanifest.xml HTTP/1.1" 404 1130 "-" "Mozilla/5.0 (Windows NT 10.0; Win64; x64) AppleWebKit/537.36 (KHTML, like Gecko) Chrome/80.0.3987.149 Safari/537.36"
64.227.179.218 - - [29/Jun/2025:21:14:03 +0000] "GET //media/wp-includes/wlwmanifest.xml HTTP/1.1" 404 1130 "-" "Mozilla/5.0 (Windows NT 10.0; Win64; x64) AppleWebKit/537.36 (KHTML, like Gecko) Chrome/80.0.3987.149 Safari/537.36"
64.227.179.218 - - [29/Jun/2025:21:14:04 +0000] "GET //wp2/wp-includes/wlwmanifest.xml HTTP/1.1" 404 1130 "-" "Mozilla/5.0 (Windows NT 10.0; Win64; x64) AppleWebKit/537.36 (KHTML, like Gecko) Chrome/80.0.3987.149 Safari/537.36"
64.227.179.218 - - [29/Jun/2025:21:14:04 +0000] "GET //wp2/wp-includes/wlwmanifest.xml HTTP/1.1" 404 1130 "-" "Mozilla/5.0 (Windows NT 10.0; Win64; x64) AppleWebKit/537.36 (KHTML, like Gecko) Chrome/80.0.3987.149 Safari/537.36"
64.227.179.218 - - [29/Jun/2025:21:14:06 +0000] "GET //site/wp-includes/wlwmanifest.xml HTTP/1.1" 404 1130 "-" "Mozilla/5.0 (Windows NT 10.0; Win64; x64) AppleWebKit/537.36 (KHTML, like Gecko) Chrome/80.0.3987.149 Safari/537.36"
64.227.179.218 - - [29/Jun/2025:21:14:06 +0000] "GET //site/wp-includes/wlwmanifest.xml HTTP/1.1" 404 1130 "-" "Mozilla/5.0 (Windows NT 10.0; Win64; x64) AppleWebKit/537.36 (KHTML, like Gecko) Chrome/80.0.3987.149 Safari/537.36"
64.227.179.218 - - [29/Jun/2025:21:14:08 +0000] "GET //cms/wp-includes/wlwmanifest.xml HTTP/1.1" 404 1130 "-" "Mozilla/5.0 (Windows NT 10.0; Win64; x64) AppleWebKit/537.36 (KHTML, like Gecko) Chrome/80.0.3987.149 Safari/537.36"
64.227.179.218 - - [29/Jun/2025:21:14:08 +0000] "GET //cms/wp-includes/wlwmanifest.xml HTTP/1.1" 404 1130 "-" "Mozilla/5.0 (Windows NT 10.0; Win64; x64) AppleWebKit/537.36 (KHTML, like Gecko) Chrome/80.0.3987.149 Safari/537.36"
64.227.179.218 - - [29/Jun/2025:21:14:09 +0000] "GET //sito/wp-includes/wlwmanifest.xml HTTP/1.1" 404 1130 "-" "Mozilla/5.0 (Windows NT 10.0; Win64; x64) AppleWebKit/537.36 (KHTML, like Gecko) Chrome/80.0.3987.149 Safari/537.36"
64.227.179.218 - - [29/Jun/2025:21:14:09 +0000] "GET //sito/wp-includes/wlwmanifest.xml HTTP/1.1" 404 1130 "-" "Mozilla/5.0 (Windows NT 10.0; Win64; x64) AppleWebKit/537.36 (KHTML, like Gecko) Chrome/80.0.3987.149 Safari/537.36"
34.30.211.92 - - [29/Jun/2025:21:20:44 +0000] "GET /index.php/system/js/core.js?media/system/js/core.js HTTP/1.1" 404 1130 "http://alumni.dbcollege.ac.in/media/system/js/core.js" "Mozilla/5.0 (Macintosh; Intel Mac OS X 10_10_1) AppleWebKit/537.36 (KHTML, like Gecko) Chrome/39.0.2171.95 Safari/537.36"
34.235.168.53 - - [29/Jun/2025:22:14:21 +0000] "GET /.git/ HTTP/1.1" 404 1130 "-" "Mozilla/5.0 (X11; Linux x86_64)"
114.119.132.89 - - [29/Jun/2025:23:13:02 +0000] "GET /ensemble-de-poup%C3%A9e-brynja-kit-ss-16626182&sa=U HTTP/1.1" 400 1134 "-" "Mozilla/5.0 (Linux; Android 7.0;) AppleWebKit/537.36 (KHTML, like Gecko) Mobile Safari/537.36 (compatible; PetalBot;+https://webmaster.petalsearch.com/site/petalbot)"
66.249.68.69 - - [30/Jun/2025:00:09:53 +0000] "GET /si-le-ciel-est-amoureux-de-toi-oui-la-ss-23344709 HTTP/1.1" 404 1130 "-" "Mozilla/5.0 (Linux; Android 6.0.1; Nexus 5X Build/MMB29P) AppleWebKit/537.36 (KHTML, like Gecko) Chrome/137.0.7151.103 Mobile Safari/537.36 (compatible; Googlebot/2.1; +http://www.google.com/bot.html)"
66.249.68.67 - - [30/Jun/2025:00:10:16 +0000] "GET /si-le-ciel-est-amoureux-de-toi-oui-la-ss-23344709 HTTP/1.1" 404 1130 "-" "Mozilla/5.0 (Linux; Android 6.0.1; Nexus 5X Build/MMB29P) AppleWebKit/537.36 (KHTML, like Gecko) Chrome/137.0.7151.103 Mobile Safari/537.36 (compatible; GoogleOther)"
141.98.118.114 - - [30/Jun/2025:00:13:12 +0000] "GET /index.php/a/b/e/a/vlqzysbtkcd.php?cache/a/b/e/a/vlqzysbtkcd.php HTTP/1.1" 404 1130 "-" "python-requests/2.30.0"
141.98.118.114 - - [30/Jun/2025:00:14:52 +0000] "GET /index.php/f/f/f/f/hsviaqtfwlu.php?cache/f/f/f/f/hsviaqtfwlu.php HTTP/1.1" 404 1130 "-" "python-requests/2.30.0"
146.19.215.12 - - [30/Jun/2025:00:44:26 +0000] "GET /wp-login.php HTTP/1.1" 404 1130 "https://www.google.com" "Mozilla/5.0 (Windows NT 10.0; Win64; x64) AppleWebKit/537.36 (KHTML, like Gecko) Chrome/90.0.4430.85 Safari/537.36"
146.19.215.12 - - [30/Jun/2025:00:44:26 +0000] "GET /administrator/ HTTP/1.1" 404 1130 "https://www.google.com" "Mozilla/5.0 (Windows NT 10.0; Win64; x64) AppleWebKit/537.36 (KHTML, like Gecko) Chrome/90.0.4430.85 Safari/537.36"
146.19.215.12 - - [30/Jun/2025:00:44:27 +0000] "GET / HTTP/1.1" 200 12837 "https://www.google.com" "Mozilla/5.0 (Windows NT 10.0; Win64; x64) AppleWebKit/537.36 (KHTML, like Gecko) Chrome/90.0.4430.85 Safari/537.36"
66.249.68.67 - - [30/Jun/2025:01:37:33 +0000] "GET /robots.txt HTTP/1.1" 404 1130 "-" "Mozilla/5.0 (compatible; Googlebot/2.1; +http://www.google.com/bot.html)"
66.249.68.67 - - [30/Jun/2025:01:37:36 +0000] "GET /bvlgari-blv-man-eau-de-toilette-ss-27763805 HTTP/1.1" 404 1130 "-" "Mozilla/5.0 (Linux; Android 6.0.1; Nexus 5X Build/MMB29P) AppleWebKit/537.36 (KHTML, like Gecko) Chrome/137.0.7151.103 Mobile Safari/537.36 (compatible; GoogleOther)"
143.198.127.169 - - [30/Jun/2025:01:38:20 +0000] "GET / HTTP/1.1" 200 12830 "-" "Mozilla/5.0 (Windows NT 10.0; Win64; x64) AppleWebKit/537.36 (KHTML, like Gecko) Chrome/80.0.3987.149 Safari/537.36"
143.198.127.169 - - [30/Jun/2025:01:38:20 +0000] "GET / HTTP/1.1" 200 12834 "-" "Mozilla/5.0 (Windows NT 10.0; Win64; x64) AppleWebKit/537.36 (KHTML, like Gecko) Chrome/80.0.3987.149 Safari/537.36"
143.198.127.169 - - [30/Jun/2025:01:38:25 +0000] "GET //wp-includes/wlwmanifest.xml HTTP/1.1" 404 1130 "-" "Mozilla/5.0 (Windows NT 10.0; Win64; x64) AppleWebKit/537.36 (KHTML, like Gecko) Chrome/80.0.3987.149 Safari/537.36"
143.198.127.169 - - [30/Jun/2025:01:38:24 +0000] "GET //wp-includes/wlwmanifest.xml HTTP/1.1" 404 1130 "-" "Mozilla/5.0 (Windows NT 10.0; Win64; x64) AppleWebKit/537.36 (KHTML, like Gecko) Chrome/80.0.3987.149 Safari/537.36"
143.198.127.169 - - [30/Jun/2025:01:38:28 +0000] "GET //xmlrpc.php?rsd HTTP/1.1" 404 1130 "-" "Mozilla/5.0 (Windows NT 10.0; Win64; x64) AppleWebKit/537.36 (KHTML, like Gecko) Chrome/80.0.3987.149 Safari/537.36"
143.198.127.169 - - [30/Jun/2025:01:38:27 +0000] "GET //xmlrpc.php?rsd HTTP/1.1" 404 1130 "-" "Mozilla/5.0 (Windows NT 10.0; Win64; x64) AppleWebKit/537.36 (KHTML, like Gecko) Chrome/80.0.3987.149 Safari/537.36"
143.198.127.169 - - [30/Jun/2025:01:38:31 +0000] "GET / HTTP/1.1" 200 12912 "-" "Mozilla/5.0 (Windows NT 10.0; Win64; x64) AppleWebKit/537.36 (KHTML, like Gecko) Chrome/80.0.3987.149 Safari/537.36"
143.198.127.169 - - [30/Jun/2025:01:38:31 +0000] "GET / HTTP/1.1" 200 12836 "-" "Mozilla/5.0 (Windows NT 10.0; Win64; x64) AppleWebKit/537.36 (KHTML, like Gecko) Chrome/80.0.3987.149 Safari/537.36"
143.198.127.169 - - [30/Jun/2025:01:38:36 +0000] "GET //blog/wp-includes/wlwmanifest.xml HTTP/1.1" 404 1130 "-" "Mozilla/5.0 (Windows NT 10.0; Win64; x64) AppleWebKit/537.36 (KHTML, like Gecko) Chrome/80.0.3987.149 Safari/537.36"
143.198.127.169 - - [30/Jun/2025:01:38:35 +0000] "GET //blog/wp-includes/wlwmanifest.xml HTTP/1.1" 404 1130 "-" "Mozilla/5.0 (Windows NT 10.0; Win64; x64) AppleWebKit/537.36 (KHTML, like Gecko) Chrome/80.0.3987.149 Safari/537.36"
143.198.127.169 - - [30/Jun/2025:01:38:38 +0000] "GET //web/wp-includes/wlwmanifest.xml HTTP/1.1" 404 1130 "-" "Mozilla/5.0 (Windows NT 10.0; Win64; x64) AppleWebKit/537.36 (KHTML, like Gecko) Chrome/80.0.3987.149 Safari/537.36"
143.198.127.169 - - [30/Jun/2025:01:38:38 +0000] "GET //web/wp-includes/wlwmanifest.xml HTTP/1.1" 404 1130 "-" "Mozilla/5.0 (Windows NT 10.0; Win64; x64) AppleWebKit/537.36 (KHTML, like Gecko) Chrome/80.0.3987.149 Safari/537.36"
66.249.68.67 - - [30/Jun/2025:01:38:39 +0000] "GET /bvlgari-blv-man-eau-de-toilette-ss-27763805 HTTP/1.1" 404 1130 "-" "Mozilla/5.0 (Linux; Android 6.0.1; Nexus 5X Build/MMB29P) AppleWebKit/537.36 (KHTML, like Gecko) Chrome/137.0.7151.103 Mobile Safari/537.36 (compatible; Googlebot/2.1; +http://www.google.com/bot.html)"
143.198.127.169 - - [30/Jun/2025:01:38:41 +0000] "GET //wordpress/wp-includes/wlwmanifest.xml HTTP/1.1" 404 1130 "-" "Mozilla/5.0 (Windows NT 10.0; Win64; x64) AppleWebKit/537.36 (KHTML, like Gecko) Chrome/80.0.3987.149 Safari/537.36"
143.198.127.169 - - [30/Jun/2025:01:38:41 +0000] "GET //wordpress/wp-includes/wlwmanifest.xml HTTP/1.1" 404 1130 "-" "Mozilla/5.0 (Windows NT 10.0; Win64; x64) AppleWebKit/537.36 (KHTML, like Gecko) Chrome/80.0.3987.149 Safari/537.36"
143.198.127.169 - - [30/Jun/2025:01:38:42 +0000] "GET //website/wp-includes/wlwmanifest.xml HTTP/1.1" 404 1130 "-" "Mozilla/5.0 (Windows NT 10.0; Win64; x64) AppleWebKit/537.36 (KHTML, like Gecko) Chrome/80.0.3987.149 Safari/537.36"
143.198.127.169 - - [30/Jun/2025:01:38:42 +0000] "GET //website/wp-includes/wlwmanifest.xml HTTP/1.1" 404 1130 "-" "Mozilla/5.0 (Windows NT 10.0; Win64; x64) AppleWebKit/537.36 (KHTML, like Gecko) Chrome/80.0.3987.149 Safari/537.36"
143.198.127.169 - - [30/Jun/2025:01:38:44 +0000] "GET //wp/wp-includes/wlwmanifest.xml HTTP/1.1" 404 1130 "-" "Mozilla/5.0 (Windows NT 10.0; Win64; x64) AppleWebKit/537.36 (KHTML, like Gecko) Chrome/80.0.3987.149 Safari/537.36"
