31.56.56.74 - - [27/Jun/2025:06:21:45 +0000] "GET /index.php/plugins/kcfinder/upload.php?asset/plugins/kcfinder/upload.php HTTP/1.1" 404 1130 "-" "Mozilla/5.0 (Windows NT 10.0; Win64; x64) AppleWebKit/537.36 (KHTML, like Gecko) Chrome/85.0.4183.102 Safari/537.36"
31.56.56.74 - - [27/Jun/2025:06:21:45 +0000] "GET /index.php/kcfinder/upload.php?asset/kcfinder/upload.php HTTP/1.1" 404 1130 "-" "Mozilla/5.0 (Windows NT 10.0; Win64; x64) AppleWebKit/537.36 (KHTML, like Gecko) Chrome/85.0.4183.102 Safari/537.36"
31.56.56.74 - - [27/Jun/2025:06:21:46 +0000] "GET /index.php/kcfinder/upload.php?assets/assets/kcfinder/upload.php HTTP/1.1" 404 1130 "-" "Mozilla/5.0 (Windows NT 10.0; Win64; x64) AppleWebKit/537.36 (KHTML, like Gecko) Chrome/85.0.4183.102 Safari/537.36"
31.56.56.74 - - [27/Jun/2025:06:21:46 +0000] "GET /index.php/upload.php?kcfinder/upload.php HTTP/1.1" 404 1130 "-" "Mozilla/5.0 (Windows NT 10.0; Win64; x64) AppleWebKit/537.36 (KHTML, like Gecko) Chrome/85.0.4183.102 Safari/537.36"
31.56.56.74 - - [27/Jun/2025:06:21:46 +0000] "GET /index.php/kcfinder/upload.php?assets/administrator/kcfinder/upload.php HTTP/1.1" 404 1130 "-" "Mozilla/5.0 (Windows NT 10.0; Win64; x64) AppleWebKit/537.36 (KHTML, like Gecko) Chrome/85.0.4183.102 Safari/537.36"
31.56.56.74 - - [27/Jun/2025:06:21:47 +0000] "GET /index.php/upload.php?assets/admin/js/kcfinder/upload.php HTTP/1.1" 404 1130 "-" "Mozilla/5.0 (Windows NT 10.0; Win64; x64) AppleWebKit/537.36 (KHTML, like Gecko) Chrome/85.0.4183.102 Safari/537.36"
31.56.56.74 - - [27/Jun/2025:06:21:47 +0000] "GET /index.php/tinymce/plugins/kcfinder/upload.php?admin/tinymce/plugins/kcfinder/upload.php HTTP/1.1" 404 1130 "-" "Mozilla/5.0 (Windows NT 10.0; Win64; x64) AppleWebKit/537.36 (KHTML, like Gecko) Chrome/85.0.4183.102 Safari/537.36"
31.56.56.74 - - [27/Jun/2025:06:21:47 +0000] "GET /index.php/kcfinder/upload.php?admin/kcfinder/upload.php HTTP/1.1" 404 1130 "-" "Mozilla/5.0 (Windows NT 10.0; Win64; x64) AppleWebKit/537.36 (KHTML, like Gecko) Chrome/85.0.4183.102 Safari/537.36"
31.56.56.74 - - [27/Jun/2025:06:21:48 +0000] "GET /index.php/kcfinder/upload.php?js/kcfinder/upload.php HTTP/1.1" 404 1130 "-" "Mozilla/5.0 (Windows NT 10.0; Win64; x64) AppleWebKit/537.36 (KHTML, like Gecko) Chrome/85.0.4183.102 Safari/537.36"
31.56.56.74 - - [27/Jun/2025:06:21:48 +0000] "GET /index.php/upload.php?assets/admin/kcfinder/upload.php HTTP/1.1" 404 1130 "-" "Mozilla/5.0 (Windows NT 10.0; Win64; x64) AppleWebKit/537.36 (KHTML, like Gecko) Chrome/85.0.4183.102 Safari/537.36"
31.56.56.74 - - [27/Jun/2025:06:21:48 +0000] "GET /index.php/upload.php?assets/js/kcfinder/upload.php HTTP/1.1" 404 1130 "-" "Mozilla/5.0 (Windows NT 10.0; Win64; x64) AppleWebKit/537.36 (KHTML, like Gecko) Chrome/85.0.4183.102 Safari/537.36"
31.56.56.74 - - [27/Jun/2025:06:21:49 +0000] "GET /index.php/assets/js/ckeditor/kcfinder/upload.php?admin/assets/js/ckeditor/kcfinder/upload.php HTTP/1.1" 404 1130 "-" "Mozilla/5.0 (Windows NT 10.0; Win64; x64) AppleWebKit/537.36 (KHTML, like Gecko) Chrome/85.0.4183.102 Safari/537.36"
31.56.56.74 - - [27/Jun/2025:06:21:49 +0000] "GET /index.php/plugins/kcfinder/upload.php?ckeditor/plugins/kcfinder/upload.php HTTP/1.1" 404 1130 "-" "Mozilla/5.0 (Windows NT 10.0; Win64; x64) AppleWebKit/537.36 (KHTML, like Gecko) Chrome/85.0.4183.102 Safari/537.36"
31.56.56.74 - - [27/Jun/2025:06:21:50 +0000] "GET /index.php/plugins/jquery-file-upload/?assets/global/plugins/jquery-file-upload/ HTTP/1.1" 404 1130 "-" "Mozilla/5.0 (Windows NT 10.0; Win64; x64) AppleWebKit/537.36 (KHTML, like Gecko) Chrome/85.0.4183.102 Safari/537.36"
31.56.56.74 - - [27/Jun/2025:06:21:50 +0000] "GET /index.php/user/assets/jquery-file-upload/?main/user/assets/jquery-file-upload/ HTTP/1.1" 404 1130 "-" "Mozilla/5.0 (Windows NT 10.0; Win64; x64) AppleWebKit/537.36 (KHTML, like Gecko) Chrome/85.0.4183.102 Safari/537.36"
31.56.56.74 - - [27/Jun/2025:06:21:50 +0000] "GET /index.php/?assets/jquery-file-upload/ HTTP/1.1" 200 12941 "-" "Mozilla/5.0 (Windows NT 10.0; Win64; x64) AppleWebKit/537.36 (KHTML, like Gecko) Chrome/85.0.4183.102 Safari/537.36"
31.56.56.74 - - [27/Jun/2025:06:21:51 +0000] "GET /index.php/jquery-file-upload/?assets/plugins/jquery-file-upload/ HTTP/1.1" 404 1130 "-" "Mozilla/5.0 (Windows NT 10.0; Win64; x64) AppleWebKit/537.36 (KHTML, like Gecko) Chrome/85.0.4183.102 Safari/537.36"
31.56.56.74 - - [27/Jun/2025:06:21:51 +0000] "GET /index.php/plugins/jquery-file-upload/?asset/plugins/jquery-file-upload/ HTTP/1.1" 404 1130 "-" "Mozilla/5.0 (Windows NT 10.0; Win64; x64) AppleWebKit/537.36 (KHTML, like Gecko) Chrome/85.0.4183.102 Safari/537.36"
31.56.56.74 - - [27/Jun/2025:06:21:52 +0000] "GET /index.php/jquery-file-upload/?asset/jquery-file-upload/ HTTP/1.1" 404 1130 "-" "Mozilla/5.0 (Windows NT 10.0; Win64; x64) AppleWebKit/537.36 (KHTML, like Gecko) Chrome/85.0.4183.102 Safari/537.36"
31.56.56.74 - - [27/Jun/2025:06:21:52 +0000] "GET /index.php/jquery-file-upload?assets/plugins/jquery-file-upload HTTP/1.1" 404 1130 "-" "Mozilla/5.0 (Windows NT 10.0; Win64; x64) AppleWebKit/537.36 (KHTML, like Gecko) Chrome/85.0.4183.102 Safari/537.36"
31.56.56.74 - - [27/Jun/2025:06:21:53 +0000] "GET /index.php/jquery-file-upload/?assets/assets/jquery-file-upload/ HTTP/1.1" 404 1130 "-" "Mozilla/5.0 (Windows NT 10.0; Win64; x64) AppleWebKit/537.36 (KHTML, like Gecko) Chrome/85.0.4183.102 Safari/537.36"
31.56.56.74 - - [27/Jun/2025:06:21:53 +0000] "GET /index.php/?jquery-file-upload/ HTTP/1.1" 200 12826 "-" "Mozilla/5.0 (Windows NT 10.0; Win64; x64) AppleWebKit/537.36 (KHTML, like Gecko) Chrome/85.0.4183.102 Safari/537.36"
31.56.56.74 - - [27/Jun/2025:06:21:54 +0000] "GET /index.php?jquery-file-upload HTTP/1.1" 200 12943 "-" "Mozilla/5.0 (Windows NT 10.0; Win64; x64) AppleWebKit/537.36 (KHTML, like Gecko) Chrome/85.0.4183.102 Safari/537.36"
31.56.56.74 - - [27/Jun/2025:06:21:54 +0000] "GET /index.php/jquery-file-upload?assets/administrator/jquery-file-upload HTTP/1.1" 404 1130 "-" "Mozilla/5.0 (Windows NT 10.0; Win64; x64) AppleWebKit/537.36 (KHTML, like Gecko) Chrome/85.0.4183.102 Safari/537.36"
31.56.56.74 - - [27/Jun/2025:06:21:54 +0000] "GET /index.php?assets/admin/js/jquery-file-upload HTTP/1.1" 200 12856 "-" "Mozilla/5.0 (Windows NT 10.0; Win64; x64) AppleWebKit/537.36 (KHTML, like Gecko) Chrome/85.0.4183.102 Safari/537.36"
31.56.56.74 - - [27/Jun/2025:06:21:55 +0000] "GET /index.php?assets/jquery-file-upload HTTP/1.1" 200 12846 "-" "Mozilla/5.0 (Windows NT 10.0; Win64; x64) AppleWebKit/537.36 (KHTML, like Gecko) Chrome/85.0.4183.102 Safari/537.36"
31.56.56.74 - - [27/Jun/2025:06:21:55 +0000] "GET /index.php/tinymce/plugins/jquery-file-upload?admin/tinymce/plugins/jquery-file-upload HTTP/1.1" 404 1130 "-" "Mozilla/5.0 (Windows NT 10.0; Win64; x64) AppleWebKit/537.36 (KHTML, like Gecko) Chrome/85.0.4183.102 Safari/537.36"
31.56.56.74 - - [27/Jun/2025:06:21:56 +0000] "GET /index.php/jquery-file-upload?admin/jquery-file-upload HTTP/1.1" 404 1130 "-" "Mozilla/5.0 (Windows NT 10.0; Win64; x64) AppleWebKit/537.36 (KHTML, like Gecko) Chrome/85.0.4183.102 Safari/537.36"
31.56.56.74 - - [27/Jun/2025:06:21:56 +0000] "GET /index.php/jquery-file-upload?js/jquery-file-upload HTTP/1.1" 404 1130 "-" "Mozilla/5.0 (Windows NT 10.0; Win64; x64) AppleWebKit/537.36 (KHTML, like Gecko) Chrome/85.0.4183.102 Safari/537.36"
31.56.56.74 - - [27/Jun/2025:06:21:56 +0000] "GET /index.php?assets/admin/jquery-file-upload HTTP/1.1" 200 12822 "-" "Mozilla/5.0 (Windows NT 10.0; Win64; x64) AppleWebKit/537.36 (KHTML, like Gecko) Chrome/85.0.4183.102 Safari/537.36"
31.56.56.74 - - [27/Jun/2025:06:21:57 +0000] "GET /index.php?assets/js/jquery-file-upload HTTP/1.1" 200 12920 "-" "Mozilla/5.0 (Windows NT 10.0; Win64; x64) AppleWebKit/537.36 (KHTML, like Gecko) Chrome/85.0.4183.102 Safari/537.36"
31.56.56.74 - - [27/Jun/2025:06:21:58 +0000] "GET /index.php/assets/js/jquery-file-upload?admin/assets/js/jquery-file-upload HTTP/1.1" 404 1130 "-" "Mozilla/5.0 (Windows NT 10.0; Win64; x64) AppleWebKit/537.36 (KHTML, like Gecko) Chrome/85.0.4183.102 Safari/537.36"
31.56.56.74 - - [27/Jun/2025:06:21:58 +0000] "GET /index.php?wp-login.php HTTP/1.1" 200 12898 "-" "Mozilla/5.0 (Windows NT 10.0; Win64; x64) AppleWebKit/537.36 (KHTML, like Gecko) Chrome/85.0.4183.102 Safari/537.36"
31.56.56.74 - - [27/Jun/2025:06:21:59 +0000] "GET /index.php/install.php?wp-admin/install.php HTTP/1.1" 404 1130 "-" "Mozilla/5.0 (Windows NT 10.0; Win64; x64) AppleWebKit/537.36 (KHTML, like Gecko) Chrome/85.0.4183.102 Safari/537.36"
31.56.56.74 - - [27/Jun/2025:06:21:59 +0000] "GET /index.php/wp-admin/install.php?wp/wp-admin/install.php HTTP/1.1" 404 1130 "-" "Mozilla/5.0 (Windows NT 10.0; Win64; x64) AppleWebKit/537.36 (KHTML, like Gecko) Chrome/85.0.4183.102 Safari/537.36"
31.56.56.74 - - [27/Jun/2025:06:22:00 +0000] "GET /index.php/wp-admin/install.php?wordpress/wp-admin/install.php HTTP/1.1" 404 1130 "-" "Mozilla/5.0 (Windows NT 10.0; Win64; x64) AppleWebKit/537.36 (KHTML, like Gecko) Chrome/85.0.4183.102 Safari/537.36"
31.56.56.74 - - [27/Jun/2025:06:22:00 +0000] "GET /index.php/wp-admin/install.php?blog/wp-admin/install.php HTTP/1.1" 404 1130 "-" "Mozilla/5.0 (Windows NT 10.0; Win64; x64) AppleWebKit/537.36 (KHTML, like Gecko) Chrome/85.0.4183.102 Safari/537.36"
31.56.56.74 - - [27/Jun/2025:06:22:00 +0000] "GET /index.php/wp-admin/install.php?new/wp-admin/install.php HTTP/1.1" 404 1130 "-" "Mozilla/5.0 (Windows NT 10.0; Win64; x64) AppleWebKit/537.36 (KHTML, like Gecko) Chrome/85.0.4183.102 Safari/537.36"
31.56.56.74 - - [27/Jun/2025:06:22:00 +0000] "GET /index.php/wp-admin/install.php?test/wp-admin/install.php HTTP/1.1" 404 1130 "-" "Mozilla/5.0 (Windows NT 10.0; Win64; x64) AppleWebKit/537.36 (KHTML, like Gecko) Chrome/85.0.4183.102 Safari/537.36"
31.56.56.74 - - [27/Jun/2025:06:22:01 +0000] "GET /index.php/wp-admin/install.php?old/wp-admin/install.php HTTP/1.1" 404 1130 "-" "Mozilla/5.0 (Windows NT 10.0; Win64; x64) AppleWebKit/537.36 (KHTML, like Gecko) Chrome/85.0.4183.102 Safari/537.36"
31.56.56.74 - - [27/Jun/2025:06:22:01 +0000] "GET /index.php/wp-admin/install.php?backup/wp-admin/install.php HTTP/1.1" 404 1130 "-" "Mozilla/5.0 (Windows NT 10.0; Win64; x64) AppleWebKit/537.36 (KHTML, like Gecko) Chrome/85.0.4183.102 Safari/537.36"
66.249.68.67 - - [27/Jun/2025:06:29:05 +0000] "GET /?p=oi/Z317884.html HTTP/1.1" 200 12890 "-" "Mozilla/5.0 (Linux; Android 6.0.1; Nexus 5X Build/MMB29P) AppleWebKit/537.36 (KHTML, like Gecko) Chrome/137.0.7151.103 Mobile Safari/537.36 (compatible; Googlebot/2.1; +http://www.google.com/bot.html)"
66.249.68.68 - - [27/Jun/2025:06:40:10 +0000] "GET /r%C3%A9veil-projecteur-dalek-de-doctor-who-ss-12596447 HTTP/1.1" 404 1130 "-" "Mozilla/5.0 (Linux; Android 6.0.1; Nexus 5X Build/MMB29P) AppleWebKit/537.36 (KHTML, like Gecko) Chrome/137.0.7151.103 Mobile Safari/537.36 (compatible; Googlebot/2.1; +http://www.google.com/bot.html)"
66.249.68.68 - - [27/Jun/2025:06:40:51 +0000] "GET /r%C3%A9veil-projecteur-dalek-de-doctor-who-ss-12596447 HTTP/1.1" 404 1130 "-" "Mozilla/5.0 (Linux; Android 6.0.1; Nexus 5X Build/MMB29P) AppleWebKit/537.36 (KHTML, like Gecko) Chrome/137.0.7151.103 Mobile Safari/537.36 (compatible; GoogleOther)"
66.249.68.68 - - [27/Jun/2025:07:05:07 +0000] "GET /pr%C3%A9servatif-theyfit-ss-31002909 HTTP/1.1" 404 1130 "-" "Mozilla/5.0 (Linux; Android 6.0.1; Nexus 5X Build/MMB29P) AppleWebKit/537.36 (KHTML, like Gecko) Chrome/137.0.7151.103 Mobile Safari/537.36 (compatible; GoogleOther)"
66.249.68.68 - - [27/Jun/2025:07:07:52 +0000] "GET /pr%C3%A9servatif-theyfit-ss-31002909 HTTP/1.1" 404 1130 "-" "Mozilla/5.0 (Linux; Android 6.0.1; Nexus 5X Build/MMB29P) AppleWebKit/537.36 (KHTML, like Gecko) Chrome/137.0.7151.103 Mobile Safari/537.36 (compatible; Googlebot/2.1; +http://www.google.com/bot.html)"
66.249.68.67 - - [27/Jun/2025:07:20:24 +0000] "GET /bracelet-brosway-homme-nautilus-bnu12-bijoux-de-mode-ss-37215624 HTTP/1.1" 404 1130 "-" "Mozilla/5.0 (Linux; Android 6.0.1; Nexus 5X Build/MMB29P) AppleWebKit/537.36 (KHTML, like Gecko) Chrome/137.0.7151.103 Mobile Safari/537.36 (compatible; Googlebot/2.1; +http://www.google.com/bot.html)"
66.249.68.67 - - [27/Jun/2025:07:42:53 +0000] "GET /commode-%C3%A0-tiroirs-willowton-s-17011347 HTTP/1.1" 404 1130 "-" "Mozilla/5.0 (Linux; Android 6.0.1; Nexus 5X Build/MMB29P) AppleWebKit/537.36 (KHTML, like Gecko) Chrome/137.0.7151.103 Mobile Safari/537.36 (compatible; GoogleOther)"
66.249.68.67 - - [27/Jun/2025:07:44:05 +0000] "GET /commode-%C3%A0-tiroirs-willowton-s-17011347 HTTP/1.1" 404 1130 "-" "Mozilla/5.0 (Linux; Android 6.0.1; Nexus 5X Build/MMB29P) AppleWebKit/537.36 (KHTML, like Gecko) Chrome/137.0.7151.103 Mobile Safari/537.36 (compatible; Googlebot/2.1; +http://www.google.com/bot.html)"
66.249.68.68 - - [27/Jun/2025:07:46:51 +0000] "GET /barbacoa-redonda-60-cm-con-soporte-para-paella-ss-17249940 HTTP/1.1" 404 1130 "-" "Mozilla/5.0 (Linux; Android 6.0.1; Nexus 5X Build/MMB29P) AppleWebKit/537.36 (KHTML, like Gecko) Chrome/137.0.7151.103 Mobile Safari/537.36 (compatible; GoogleOther)"
66.249.68.67 - - [27/Jun/2025:07:49:38 +0000] "GET /sleep-lift-ss-35342425 HTTP/1.1" 404 1130 "-" "Mozilla/5.0 (Linux; Android 6.0.1; Nexus 5X Build/MMB29P) AppleWebKit/537.36 (KHTML, like Gecko) Chrome/137.0.7151.103 Mobile Safari/537.36 (compatible; Googlebot/2.1; +http://www.google.com/bot.html)"
66.249.68.68 - - [27/Jun/2025:08:02:51 +0000] "GET /sleep-lift-ss-35342425 HTTP/1.1" 404 1130 "-" "Mozilla/5.0 (Linux; Android 6.0.1; Nexus 5X Build/MMB29P) AppleWebKit/537.36 (KHTML, like Gecko) Chrome/137.0.7151.103 Mobile Safari/537.36 (compatible; GoogleOther)"
66.249.68.69 - - [27/Jun/2025:08:07:56 +0000] "GET /barbacoa-redonda-60-cm-con-soporte-para-paella-ss-17249940 HTTP/1.1" 404 1130 "-" "Mozilla/5.0 (Linux; Android 6.0.1; Nexus 5X Build/MMB29P) AppleWebKit/537.36 (KHTML, like Gecko) Chrome/137.0.7151.103 Mobile Safari/537.36 (compatible; Googlebot/2.1; +http://www.google.com/bot.html)"
66.249.68.69 - - [27/Jun/2025:08:24:23 +0000] "GET /bricolage-de-diamant-poli-pour-laboratoire-diamant-synth%C3%A9tique-hpht-ss-40237855 HTTP/1.1" 404 1130 "-" "Mozilla/5.0 (Linux; Android 6.0.1; Nexus 5X Build/MMB29P) AppleWebKit/537.36 (KHTML, like Gecko) Chrome/137.0.7151.103 Mobile Safari/537.36 (compatible; GoogleOther)"
66.249.68.68 - - [27/Jun/2025:08:37:56 +0000] "GET /acoustic-research-srt-1210103-0a-ss-28392932 HTTP/1.1" 404 1130 "-" "Mozilla/5.0 (Linux; Android 6.0.1; Nexus 5X Build/MMB29P) AppleWebKit/537.36 (KHTML, like Gecko) Chrome/137.0.7151.103 Mobile Safari/537.36 (compatible; GoogleOther)"
114.119.153.247 - - [27/Jun/2025:08:39:21 +0000] "GET /un-million-de-femmes-s-48829544&sa=U HTTP/1.1" 400 1134 "-" "Mozilla/5.0 (Linux; Android 7.0;) AppleWebKit/537.36 (KHTML, like Gecko) Mobile Safari/537.36 (compatible; PetalBot;+https://webmaster.petalsearch.com/site/petalbot)"
66.249.68.67 - - [27/Jun/2025:08:40:49 +0000] "GET /acoustic-research-srt-1210103-0a-ss-28392932 HTTP/1.1" 404 1130 "-" "Mozilla/5.0 (Linux; Android 6.0.1; Nexus 5X Build/MMB29P) AppleWebKit/537.36 (KHTML, like Gecko) Chrome/137.0.7151.103 Mobile Safari/537.36 (compatible; Googlebot/2.1; +http://www.google.com/bot.html)"
66.249.68.69 - - [27/Jun/2025:08:48:18 +0000] "GET /maximal-cible-animali%C3%A8re-cerf-au-brame-ss-10828918 HTTP/1.1" 404 1130 "-" "Mozilla/5.0 (Linux; Android 6.0.1; Nexus 5X Build/MMB29P) AppleWebKit/537.36 (KHTML, like Gecko) Chrome/137.0.7151.103 Mobile Safari/537.36 (compatible; Googlebot/2.1; +http://www.google.com/bot.html)"
66.249.68.68 - - [27/Jun/2025:08:49:47 +0000] "GET /saravana-or-t-nagar-s-22721819 HTTP/1.1" 404 1130 "-" "Mozilla/5.0 (Linux; Android 6.0.1; Nexus 5X Build/MMB29P) AppleWebKit/537.36 (KHTML, like Gecko) Chrome/137.0.7151.103 Mobile Safari/537.36 (compatible; GoogleOther)"
66.249.68.68 - - [27/Jun/2025:08:55:46 +0000] "GET /saravana-or-t-nagar-s-22721819 HTTP/1.1" 404 1130 "-" "Mozilla/5.0 (Linux; Android 6.0.1; Nexus 5X Build/MMB29P) AppleWebKit/537.36 (KHTML, like Gecko) Chrome/137.0.7151.103 Mobile Safari/537.36 (compatible; Googlebot/2.1; +http://www.google.com/bot.html)"
66.249.68.68 - - [27/Jun/2025:09:10:43 +0000] "GET /maximal-cible-animali%C3%A8re-cerf-au-brame-ss-10828918 HTTP/1.1" 404 1130 "-" "Mozilla/5.0 (Linux; Android 6.0.1; Nexus 5X Build/MMB29P) AppleWebKit/537.36 (KHTML, like Gecko) Chrome/137.0.7151.103 Mobile Safari/537.36 (compatible; GoogleOther)"
66.249.68.68 - - [27/Jun/2025:09:13:42 +0000] "GET /billets-de-banque-bangladesh-pk-n%C2%B0-9999-40-taka-ss-13282533 HTTP/1.1" 404 1130 "-" "Mozilla/5.0 (Linux; Android 6.0.1; Nexus 5X Build/MMB29P) AppleWebKit/537.36 (KHTML, like Gecko) Chrome/137.0.7151.103 Mobile Safari/537.36 (compatible; Googlebot/2.1; +http://www.google.com/bot.html)"
66.249.68.68 - - [27/Jun/2025:09:15:12 +0000] "GET /billets-de-banque-bangladesh-pk-n%C2%B0-9999-40-taka-ss-13282533 HTTP/1.1" 404 1130 "-" "Mozilla/5.0 (Linux; Android 6.0.1; Nexus 5X Build/MMB29P) AppleWebKit/537.36 (KHTML, like Gecko) Chrome/137.0.7151.103 Mobile Safari/537.36 (compatible; GoogleOther)"
66.249.68.69 - - [27/Jun/2025:09:24:10 +0000] "GET /bricolage-de-diamant-poli-pour-laboratoire-diamant-synth%C3%A9tique-hpht-ss-40237855 HTTP/1.1" 404 1130 "-" "Mozilla/5.0 (Linux; Android 6.0.1; Nexus 5X Build/MMB29P) AppleWebKit/537.36 (KHTML, like Gecko) Chrome/137.0.7151.103 Mobile Safari/537.36 (compatible; Googlebot/2.1; +http://www.google.com/bot.html)"
66.249.68.67 - - [27/Jun/2025:09:28:39 +0000] "GET /montre-aviateur-pilote-de-chasse-ss-45330634 HTTP/1.1" 404 1130 "-" "Mozilla/5.0 (Linux; Android 6.0.1; Nexus 5X Build/MMB29P) AppleWebKit/537.36 (KHTML, like Gecko) Chrome/137.0.7151.103 Mobile Safari/537.36 (compatible; GoogleOther)"
66.249.68.69 - - [27/Jun/2025:09:30:09 +0000] "GET /montre-aviateur-pilote-de-chasse-ss-45330634 HTTP/1.1" 404 1130 "-" "Mozilla/5.0 (Linux; Android 6.0.1; Nexus 5X Build/MMB29P) AppleWebKit/537.36 (KHTML, like Gecko) Chrome/137.0.7151.103 Mobile Safari/537.36 (compatible; Googlebot/2.1; +http://www.google.com/bot.html)"
66.249.68.68 - - [27/Jun/2025:10:13:29 +0000] "GET /perforelieuse-superstar-reliure-anneau-m%C3%A9tallique-machine-%C3%A0-relier-ss-10963402 HTTP/1.1" 404 1130 "-" "Mozilla/5.0 (Linux; Android 6.0.1; Nexus 5X Build/MMB29P) AppleWebKit/537.36 (KHTML, like Gecko) Chrome/137.0.7151.103 Mobile Safari/537.36 (compatible; Googlebot/2.1; +http://www.google.com/bot.html)"
66.249.68.69 - - [27/Jun/2025:10:19:28 +0000] "GET /perforelieuse-superstar-reliure-anneau-m%C3%A9tallique-machine-%C3%A0-relier-ss-10963402 HTTP/1.1" 404 1130 "-" "Mozilla/5.0 (Linux; Android 6.0.1; Nexus 5X Build/MMB29P) AppleWebKit/537.36 (KHTML, like Gecko) Chrome/137.0.7151.103 Mobile Safari/537.36 (compatible; GoogleOther)"
66.249.68.67 - - [27/Jun/2025:10:28:26 +0000] "GET /bijoux-de-m%C3%A9nagerie/bijoux-animaux-boucles-d-oreilles-rennes-ss-5156275 HTTP/1.1" 404 1130 "-" "Mozilla/5.0 (Linux; Android 6.0.1; Nexus 5X Build/MMB29P) AppleWebKit/537.36 (KHTML, like Gecko) Chrome/137.0.7151.103 Mobile Safari/537.36 (compatible; Googlebot/2.1; +http://www.google.com/bot.html)"
66.249.68.67 - - [27/Jun/2025:10:29:56 +0000] "GET /bijoux-de-m%C3%A9nagerie/bijoux-animaux-boucles-d-oreilles-rennes-ss-5156275 HTTP/1.1" 404 1130 "-" "Mozilla/5.0 (Linux; Android 6.0.1; Nexus 5X Build/MMB29P) AppleWebKit/537.36 (KHTML, like Gecko) Chrome/137.0.7151.103 Mobile Safari/537.36 (compatible; GoogleOther)"
170.205.30.126 - - [27/Jun/2025:10:34:35 +0000] "GET /index.php?cjfuns.php HTTP/1.1" 200 12916 "-" "Mozlila/5.0 (Linux; Android 7.0; SM-G892A Bulid/NRD90M; wv) AppleWebKit/537.36 (KHTML, like Gecko) Version/4.0 Chrome/60.0.3112.107 Moblie Safari/537.36"
66.249.68.69 - - [27/Jun/2025:11:19:58 +0000] "GET /vitrine-en-ch%C3%AAne-noir-et-marron-private-desk-gubi-ss-42936126 HTTP/1.1" 404 1130 "-" "Mozilla/5.0 (Linux; Android 6.0.1; Nexus 5X Build/MMB29P) AppleWebKit/537.36 (KHTML, like Gecko) Chrome/137.0.7151.103 Mobile Safari/537.36 (compatible; Googlebot/2.1; +http://www.google.com/bot.html)"
66.249.68.68 - - [27/Jun/2025:11:22:34 +0000] "GET /vitrine-en-ch%C3%AAne-noir-et-marron-private-desk-gubi-ss-42936126 HTTP/1.1" 404 1130 "-" "Mozilla/5.0 (Linux; Android 6.0.1; Nexus 5X Build/MMB29P) AppleWebKit/537.36 (KHTML, like Gecko) Chrome/137.0.7151.103 Mobile Safari/537.36 (compatible; GoogleOther)"
66.249.68.69 - - [27/Jun/2025:11:22:34 +0000] "GET /robots.txt HTTP/1.1" 404 1130 "-" "Mozilla/5.0 (compatible; Googlebot/2.1; +http://www.google.com/bot.html)"
66.249.68.67 - - [27/Jun/2025:11:28:25 +0000] "GET /rouleau-de-papier-peint-la-lune-ss-21758807 HTTP/1.1" 404 1130 "-" "Mozilla/5.0 (Linux; Android 6.0.1; Nexus 5X Build/MMB29P) AppleWebKit/537.36 (KHTML, like Gecko) Chrome/137.0.7151.103 Mobile Safari/537.36 (compatible; GoogleOther)"
66.249.68.68 - - [27/Jun/2025:11:28:25 +0000] "GET /robots.txt HTTP/1.1" 404 1130 "-" "Mozilla/5.0 (compatible; Googlebot/2.1; +http://www.google.com/bot.html)"
66.249.68.68 - - [27/Jun/2025:11:29:06 +0000] "GET /rouleau-de-papier-peint-la-lune-ss-21758807 HTTP/1.1" 404 1130 "-" "Mozilla/5.0 (Linux; Android 6.0.1; Nexus 5X Build/MMB29P) AppleWebKit/537.36 (KHTML, like Gecko) Chrome/137.0.7151.103 Mobile Safari/537.36 (compatible; Googlebot/2.1; +http://www.google.com/bot.html)"
66.249.68.68 - - [27/Jun/2025:11:52:33 +0000] "GET /index.php?robots.txt HTTP/1.1" 200 12902 "-" "Mozilla/5.0 (compatible; Googlebot/2.1; +http://www.google.com/bot.html)"
66.249.68.69 - - [27/Jun/2025:11:52:35 +0000] "GET / HTTP/1.1" 200 12927 "-" "Mozilla/5.0 (compatible; Googlebot/2.1; +http://www.google.com/bot.html)"
66.249.68.68 - - [27/Jun/2025:11:52:58 +0000] "GET /favicon.ico HTTP/1.1" 404 1130 "-" "Googlebot-Image/1.0"
66.249.68.68 - - [27/Jun/2025:12:54:32 +0000] "GET /lanterne-d%C3%A9co-led-camargo-pour-l%E2%80%99ext%C3%A9rieur-piles-ss-29267956 HTTP/1.1" 404 1130 "-" "Mozilla/5.0 (Linux; Android 6.0.1; Nexus 5X Build/MMB29P) AppleWebKit/537.36 (KHTML, like Gecko) Chrome/137.0.7151.103 Mobile Safari/537.36 (compatible; Googlebot/2.1; +http://www.google.com/bot.html)"
66.249.68.67 - - [27/Jun/2025:12:54:51 +0000] "GET /lanterne-d%C3%A9co-led-camargo-pour-l%E2%80%99ext%C3%A9rieur-piles-ss-29267956 HTTP/1.1" 404 1130 "-" "Mozilla/5.0 (Linux; Android 6.0.1; Nexus 5X Build/MMB29P) AppleWebKit/537.36 (KHTML, like Gecko) Chrome/137.0.7151.103 Mobile Safari/537.36 (compatible; GoogleOther)"
104.210.140.141 - - [27/Jun/2025:13:51:16 +0000] "GET /robots.txt HTTP/1.1" 404 1130 "-" "Mozilla/5.0 (Macintosh; Intel Mac OS X 10_15_7) AppleWebKit/537.36 (KHTML, like Gecko) Chrome/131.0.0.0 Safari/537.36; compatible; OAI-SearchBot/1.0; +https://openai.com/searchbot"
104.210.140.142 - - [27/Jun/2025:13:51:18 +0000] "GET /index.php?robots.txt HTTP/1.1" 200 12843 "-" "Mozilla/5.0 (Macintosh; Intel Mac OS X 10_15_7) AppleWebKit/537.36 (KHTML, like Gecko) Chrome/131.0.0.0 Safari/537.36; compatible; OAI-SearchBot/1.0; +https://openai.com/searchbot"
66.249.68.67 - - [27/Jun/2025:13:52:09 +0000] "GET /bureau-assis-debout-ss-4034503 HTTP/1.1" 404 1130 "-" "Mozilla/5.0 (Linux; Android 6.0.1; Nexus 5X Build/MMB29P) AppleWebKit/537.36 (KHTML, like Gecko) Chrome/137.0.7151.103 Mobile Safari/537.36 (compatible; Googlebot/2.1; +http://www.google.com/bot.html)"
66.249.68.67 - - [27/Jun/2025:13:52:58 +0000] "GET /bureau-assis-debout-ss-4034503 HTTP/1.1" 404 1130 "-" "Mozilla/5.0 (Linux; Android 6.0.1; Nexus 5X Build/MMB29P) AppleWebKit/537.36 (KHTML, like Gecko) Chrome/137.0.7151.103 Mobile Safari/537.36 (compatible; GoogleOther)"
66.249.68.67 - - [27/Jun/2025:14:39:41 +0000] "GET /cybex-cot-s-lux-nacelle-pour-nouveau-n%C3%A9-ss-46354574 HTTP/1.1" 404 1130 "-" "Mozilla/5.0 (Linux; Android 6.0.1; Nexus 5X Build/MMB29P) AppleWebKit/537.36 (KHTML, like Gecko) Chrome/137.0.7151.103 Mobile Safari/537.36 (compatible; GoogleOther)"
66.249.68.69 - - [27/Jun/2025:14:41:24 +0000] "GET /cybex-cot-s-lux-nacelle-pour-nouveau-n%C3%A9-ss-46354574 HTTP/1.1" 404 1130 "-" "Mozilla/5.0 (Linux; Android 6.0.1; Nexus 5X Build/MMB29P) AppleWebKit/537.36 (KHTML, like Gecko) Chrome/137.0.7151.103 Mobile Safari/537.36 (compatible; Googlebot/2.1; +http://www.google.com/bot.html)"
66.249.68.69 - - [27/Jun/2025:15:09:55 +0000] "GET /diapason-avec-caisse-de-r%C3%A9sonance-ss-3761618 HTTP/1.1" 404 1130 "-" "Mozilla/5.0 (Linux; Android 6.0.1; Nexus 5X Build/MMB29P) AppleWebKit/537.36 (KHTML, like Gecko) Chrome/137.0.7151.103 Mobile Safari/537.36 (compatible; GoogleOther)"
66.249.68.69 - - [27/Jun/2025:15:10:46 +0000] "GET /diapason-avec-caisse-de-r%C3%A9sonance-ss-3761618 HTTP/1.1" 404 1130 "-" "Mozilla/5.0 (Linux; Android 6.0.1; Nexus 5X Build/MMB29P) AppleWebKit/537.36 (KHTML, like Gecko) Chrome/137.0.7151.103 Mobile Safari/537.36 (compatible; Googlebot/2.1; +http://www.google.com/bot.html)"
66.249.68.67 - - [27/Jun/2025:15:12:35 +0000] "GET /canap%C3%A9-d-angle-arezza-violet-240-x-280-cm-ss-27796574 HTTP/1.1" 404 1130 "-" "Mozilla/5.0 (Linux; Android 6.0.1; Nexus 5X Build/MMB29P) AppleWebKit/537.36 (KHTML, like Gecko) Chrome/137.0.7151.103 Mobile Safari/537.36 (compatible; GoogleOther)"
66.249.68.69 - - [27/Jun/2025:15:13:25 +0000] "GET /canap%C3%A9-d-angle-arezza-violet-240-x-280-cm-ss-27796574 HTTP/1.1" 404 1130 "-" "Mozilla/5.0 (Linux; Android 6.0.1; Nexus 5X Build/MMB29P) AppleWebKit/537.36 (KHTML, like Gecko) Chrome/137.0.7151.103 Mobile Safari/537.36 (compatible; Googlebot/2.1; +http://www.google.com/bot.html)"
66.249.68.67 - - [27/Jun/2025:15:31:06 +0000] "GET /grand-flacon-d%E2%80%99apothicaire-ss-40547835 HTTP/1.1" 404 1130 "-" "Mozilla/5.0 (Linux; Android 6.0.1; Nexus 5X Build/MMB29P) AppleWebKit/537.36 (KHTML, like Gecko) Chrome/137.0.7151.103 Mobile Safari/537.36 (compatible; GoogleOther)"
66.249.68.69 - - [27/Jun/2025:15:33:33 +0000] "GET /grand-flacon-d%E2%80%99apothicaire-ss-40547835 HTTP/1.1" 404 1130 "-" "Mozilla/5.0 (Linux; Android 6.0.1; Nexus 5X Build/MMB29P) AppleWebKit/537.36 (KHTML, like Gecko) Chrome/137.0.7151.103 Mobile Safari/537.36 (compatible; Googlebot/2.1; +http://www.google.com/bot.html)"
5.189.177.19 - - [27/Jun/2025:16:13:05 +0000] "GET /index.php?wp-login.php HTTP/1.1" 200 12934 "https://www.google.com" "Mozilla/5.0 (Windows NT 10.0; Win64; x64) AppleWebKit/537.36 (KHTML, like Gecko) Chrome/90.0.4430.85 Safari/537.36"
5.189.177.19 - - [27/Jun/2025:16:13:07 +0000] "GET / HTTP/1.1" 200 12926 "https://www.google.com" "Mozilla/5.0 (Windows NT 10.0; Win64; x64) AppleWebKit/537.36 (KHTML, like Gecko) Chrome/90.0.4430.85 Safari/537.36"
66.249.68.69 - - [27/Jun/2025:17:59:51 +0000] "GET /fragrance-lotion-ss-33490627 HTTP/1.1" 404 1130 "-" "Mozilla/5.0 (Linux; Android 6.0.1; Nexus 5X Build/MMB29P) AppleWebKit/537.36 (KHTML, like Gecko) Chrome/137.0.7151.103 Mobile Safari/537.36 (compatible; Googlebot/2.1; +http://www.google.com/bot.html)"
66.249.68.68 - - [27/Jun/2025:18:02:26 +0000] "GET /fragrance-lotion-ss-33490627 HTTP/1.1" 404 1130 "-" "Mozilla/5.0 (Linux; Android 6.0.1; Nexus 5X Build/MMB29P) AppleWebKit/537.36 (KHTML, like Gecko) Chrome/137.0.7151.103 Mobile Safari/537.36 (compatible; GoogleOther)"
66.249.68.69 - - [27/Jun/2025:18:17:53 +0000] "GET /eme-age-biomil-junior-400g-ss-44509970 HTTP/1.1" 404 1130 "-" "Mozilla/5.0 (Linux; Android 6.0.1; Nexus 5X Build/MMB29P) AppleWebKit/537.36 (KHTML, like Gecko) Chrome/137.0.7151.103 Mobile Safari/537.36 (compatible; GoogleOther)"
66.249.68.68 - - [27/Jun/2025:18:20:28 +0000] "GET /eme-age-biomil-junior-400g-ss-44509970 HTTP/1.1" 404 1130 "-" "Mozilla/5.0 (Linux; Android 6.0.1; Nexus 5X Build/MMB29P) AppleWebKit/537.36 (KHTML, like Gecko) Chrome/137.0.7151.103 Mobile Safari/537.36 (compatible; Googlebot/2.1; +http://www.google.com/bot.html)"
66.249.68.68 - - [27/Jun/2025:18:25:37 +0000] "GET /arroussa-d-argile-de-sejnane-ss-43785894 HTTP/1.1" 404 1130 "-" "Mozilla/5.0 (Linux; Android 6.0.1; Nexus 5X Build/MMB29P) AppleWebKit/537.36 (KHTML, like Gecko) Chrome/137.0.7151.103 Mobile Safari/537.36 (compatible; GoogleOther)"
66.249.68.68 - - [27/Jun/2025:18:46:14 +0000] "GET /arroussa-d-argile-de-sejnane-ss-43785894 HTTP/1.1" 404 1130 "-" "Mozilla/5.0 (Linux; Android 6.0.1; Nexus 5X Build/MMB29P) AppleWebKit/537.36 (KHTML, like Gecko) Chrome/137.0.7151.103 Mobile Safari/537.36 (compatible; Googlebot/2.1; +http://www.google.com/bot.html)"
66.249.68.67 - - [27/Jun/2025:18:56:32 +0000] "GET /l-atelier-ferrari-250-gto-ss-22796900 HTTP/1.1" 404 1130 "-" "Mozilla/5.0 (Linux; Android 6.0.1; Nexus 5X Build/MMB29P) AppleWebKit/537.36 (KHTML, like Gecko) Chrome/137.0.7151.103 Mobile Safari/537.36 (compatible; Googlebot/2.1; +http://www.google.com/bot.html)"
66.249.68.68 - - [27/Jun/2025:18:59:08 +0000] "GET /l-atelier-ferrari-250-gto-ss-22796900 HTTP/1.1" 404 1130 "-" "Mozilla/5.0 (Linux; Android 6.0.1; Nexus 5X Build/MMB29P) AppleWebKit/537.36 (KHTML, like Gecko) Chrome/137.0.7151.103 Mobile Safari/537.36 (compatible; GoogleOther)"
66.249.68.68 - - [27/Jun/2025:19:49:05 +0000] "GET /montre-garmin-910xt-de-segunda-mano-biked-ss-29261273 HTTP/1.1" 404 1130 "-" "Mozilla/5.0 (Linux; Android 6.0.1; Nexus 5X Build/MMB29P) AppleWebKit/537.36 (KHTML, like Gecko) Chrome/137.0.7151.103 Mobile Safari/537.36 (compatible; Googlebot/2.1; +http://www.google.com/bot.html)"
66.249.68.67 - - [27/Jun/2025:19:49:46 +0000] "GET /montre-garmin-910xt-de-segunda-mano-biked-ss-29261273 HTTP/1.1" 404 1130 "-" "Mozilla/5.0 (Linux; Android 6.0.1; Nexus 5X Build/MMB29P) AppleWebKit/537.36 (KHTML, like Gecko) Chrome/137.0.7151.103 Mobile Safari/537.36 (compatible; GoogleOther)"
66.249.68.68 - - [27/Jun/2025:19:51:12 +0000] "GET /luxe-co-comment-les-marques-ont-tu%C3%A9-le-luxe-ss-3088341 HTTP/1.1" 404 1130 "-" "Mozilla/5.0 (Linux; Android 6.0.1; Nexus 5X Build/MMB29P) AppleWebKit/537.36 (KHTML, like Gecko) Chrome/137.0.7151.103 Mobile Safari/537.36 (compatible; GoogleOther)"
66.249.68.67 - - [27/Jun/2025:19:51:53 +0000] "GET /luxe-co-comment-les-marques-ont-tu%C3%A9-le-luxe-ss-3088341 HTTP/1.1" 404 1130 "-" "Mozilla/5.0 (Linux; Android 6.0.1; Nexus 5X Build/MMB29P) AppleWebKit/537.36 (KHTML, like Gecko) Chrome/137.0.7151.103 Mobile Safari/537.36 (compatible; Googlebot/2.1; +http://www.google.com/bot.html)"
66.249.68.69 - - [27/Jun/2025:19:57:32 +0000] "GET /alpargatas-cu%C3%B1a-ante-negro-nuria-toni-pons-ss-22530551 HTTP/1.1" 404 1130 "-" "Mozilla/5.0 (Linux; Android 6.0.1; Nexus 5X Build/MMB29P) AppleWebKit/537.36 (KHTML, like Gecko) Chrome/137.0.7151.103 Mobile Safari/537.36 (compatible; GoogleOther)"
66.249.68.67 - - [27/Jun/2025:19:59:39 +0000] "GET /maty-naturel-sacs-port%C3%A9-main-%C3%A9paule-en-cuir-de-ss-855903 HTTP/1.1" 404 1130 "-" "Mozilla/5.0 (Linux; Android 6.0.1; Nexus 5X Build/MMB29P) AppleWebKit/537.36 (KHTML, like Gecko) Chrome/137.0.7151.103 Mobile Safari/537.36 (compatible; GoogleOther)"
66.249.68.69 - - [27/Jun/2025:20:00:21 +0000] "GET /maty-naturel-sacs-port%C3%A9-main-%C3%A9paule-en-cuir-de-ss-855903 HTTP/1.1" 404 1130 "-" "Mozilla/5.0 (Linux; Android 6.0.1; Nexus 5X Build/MMB29P) AppleWebKit/537.36 (KHTML, like Gecko) Chrome/137.0.7151.103 Mobile Safari/537.36 (compatible; Googlebot/2.1; +http://www.google.com/bot.html)"
66.249.68.67 - - [27/Jun/2025:20:27:52 +0000] "GET /ricoh-gr-iii-diary-ss-4903344 HTTP/1.1" 404 1130 "-" "Mozilla/5.0 (Linux; Android 6.0.1; Nexus 5X Build/MMB29P) AppleWebKit/537.36 (KHTML, like Gecko) Chrome/137.0.7151.103 Mobile Safari/537.36 (compatible; GoogleOther)"
66.249.68.67 - - [27/Jun/2025:20:28:35 +0000] "GET /ricoh-gr-iii-diary-ss-4903344 HTTP/1.1" 404 1130 "-" "Mozilla/5.0 (Linux; Android 6.0.1; Nexus 5X Build/MMB29P) AppleWebKit/537.36 (KHTML, like Gecko) Chrome/137.0.7151.103 Mobile Safari/537.36 (compatible; Googlebot/2.1; +http://www.google.com/bot.html)"
66.249.68.67 - - [27/Jun/2025:20:34:56 +0000] "GET /bracelet-constellation-poissons-plaqu%C3%A9-or-zirconium-ss-37223520 HTTP/1.1" 404 1130 "-" "Mozilla/5.0 (Linux; Android 6.0.1; Nexus 5X Build/MMB29P) AppleWebKit/537.36 (KHTML, like Gecko) Chrome/137.0.7151.103 Mobile Safari/537.36 (compatible; GoogleOther)"
66.249.68.69 - - [27/Jun/2025:20:37:05 +0000] "GET /chaussures-minimalistes-tikki-harlequin-cuir-enfant-ss-40315353 HTTP/1.1" 404 1130 "-" "Mozilla/5.0 (Linux; Android 6.0.1; Nexus 5X Build/MMB29P) AppleWebKit/537.36 (KHTML, like Gecko) Chrome/137.0.7151.103 Mobile Safari/537.36 (compatible; Googlebot/2.1; +http://www.google.com/bot.html)"
66.249.68.67 - - [27/Jun/2025:20:37:45 +0000] "GET /chaussures-minimalistes-tikki-harlequin-cuir-enfant-ss-40315353 HTTP/1.1" 404 1130 "-" "Mozilla/5.0 (Linux; Android 6.0.1; Nexus 5X Build/MMB29P) AppleWebKit/537.36 (KHTML, like Gecko) Chrome/137.0.7151.103 Mobile Safari/537.36 (compatible; GoogleOther)"
66.249.68.68 - - [27/Jun/2025:20:39:52 +0000] "GET /bracelet-constellation-poissons-plaqu%C3%A9-or-zirconium-ss-37223520 HTTP/1.1" 404 1130 "-" "Mozilla/5.0 (Linux; Android 6.0.1; Nexus 5X Build/MMB29P) AppleWebKit/537.36 (KHTML, like Gecko) Chrome/137.0.7151.103 Mobile Safari/537.36 (compatible; Googlebot/2.1; +http://www.google.com/bot.html)"
66.249.68.68 - - [27/Jun/2025:20:51:52 +0000] "GET /dessins-sur-toile-sympas-s-529819 HTTP/1.1" 404 1130 "-" "Mozilla/5.0 (Linux; Android 6.0.1; Nexus 5X Build/MMB29P) AppleWebKit/537.36 (KHTML, like Gecko) Chrome/137.0.7151.103 Mobile Safari/537.36 (compatible; Googlebot/2.1; +http://www.google.com/bot.html)"
66.249.68.67 - - [27/Jun/2025:20:52:34 +0000] "GET /dessins-sur-toile-sympas-s-529819 HTTP/1.1" 404 1130 "-" "Mozilla/5.0 (Linux; Android 6.0.1; Nexus 5X Build/MMB29P) AppleWebKit/537.36 (KHTML, like Gecko) Chrome/137.0.7151.103 Mobile Safari/537.36 (compatible; GoogleOther)"
66.249.68.67 - - [27/Jun/2025:21:23:29 +0000] "GET /pochette-kit-petit-9032-le-bonheur-des-dames-ss-33103455 HTTP/1.1" 404 1130 "-" "Mozilla/5.0 (Linux; Android 6.0.1; Nexus 5X Build/MMB29P) AppleWebKit/537.36 (KHTML, like Gecko) Chrome/137.0.7151.103 Mobile Safari/537.36 (compatible; GoogleOther)"
66.249.68.69 - - [27/Jun/2025:21:26:19 +0000] "GET /pochette-kit-petit-9032-le-bonheur-des-dames-ss-33103455 HTTP/1.1" 404 1130 "-" "Mozilla/5.0 (Linux; Android 6.0.1; Nexus 5X Build/MMB29P) AppleWebKit/537.36 (KHTML, like Gecko) Chrome/137.0.7151.103 Mobile Safari/537.36 (compatible; Googlebot/2.1; +http://www.google.com/bot.html)"
66.249.70.67 - - [27/Jun/2025:21:45:37 +0000] "GET /maillot-r%C3%A9tro-toulouse-fc-1983-84-ss-26671118 HTTP/1.1" 404 1130 "-" "Mozilla/5.0 (Linux; Android 6.0.1; Nexus 5X Build/MMB29P) AppleWebKit/537.36 (KHTML, like Gecko) Chrome/137.0.7151.103 Mobile Safari/537.36 (compatible; GoogleOther)"
66.249.68.67 - - [27/Jun/2025:21:46:20 +0000] "GET /maillot-r%C3%A9tro-toulouse-fc-1983-84-ss-26671118 HTTP/1.1" 404 1130 "-" "Mozilla/5.0 (Linux; Android 6.0.1; Nexus 5X Build/MMB29P) AppleWebKit/537.36 (KHTML, like Gecko) Chrome/137.0.7151.103 Mobile Safari/537.36 (compatible; Googlebot/2.1; +http://www.google.com/bot.html)"
66.249.68.69 - - [27/Jun/2025:21:52:37 +0000] "GET /vitrine-en-ch%C3%AAne-noir-et-marron-private-desk-gubi-ss-42936126 HTTP/1.1" 404 1130 "-" "Mozilla/5.0 (Linux; Android 6.0.1; Nexus 5X Build/MMB29P) AppleWebKit/537.36 (KHTML, like Gecko) Chrome/137.0.7151.103 Mobile Safari/537.36 (compatible; Googlebot/2.1; +http://www.google.com/bot.html)"
66.249.68.68 - - [27/Jun/2025:21:53:20 +0000] "GET /canap%C3%A9-d-angle-arezza-violet-240-x-280-cm-ss-27796574 HTTP/1.1" 404 1130 "-" "Mozilla/5.0 (Linux; Android 6.0.1; Nexus 5X Build/MMB29P) AppleWebKit/537.36 (KHTML, like Gecko) Chrome/137.0.7151.103 Mobile Safari/537.36 (compatible; Googlebot/2.1; +http://www.google.com/bot.html)"
66.249.68.67 - - [27/Jun/2025:21:53:41 +0000] "GET /canap%C3%A9-d-angle-arezza-violet-240-x-280-cm-ss-27796574 HTTP/1.1" 404 1130 "-" "Mozilla/5.0 (Linux; Android 6.0.1; Nexus 5X Build/MMB29P) AppleWebKit/537.36 (KHTML, like Gecko) Chrome/137.0.7151.103 Mobile Safari/537.36 (compatible; GoogleOther)"
114.119.132.89 - - [27/Jun/2025:22:55:54 +0000] "GET /robes-longues-prune-s-45069414&sa=U HTTP/1.1" 400 1134 "-" "Mozilla/5.0 (Linux; Android 7.0;) AppleWebKit/537.36 (KHTML, like Gecko) Mobile Safari/537.36 (compatible; PetalBot;+https://webmaster.petalsearch.com/site/petalbot)"
66.249.68.68 - - [27/Jun/2025:23:07:52 +0000] "GET /casquette-strapback-the-great-outdoors-coton-camel-coal-reference-ss-47485337 HTTP/1.1" 404 1130 "-" "Mozilla/5.0 (Linux; Android 6.0.1; Nexus 5X Build/MMB29P) AppleWebKit/537.36 (KHTML, like Gecko) Chrome/137.0.7151.103 Mobile Safari/537.36 (compatible; Googlebot/2.1; +http://www.google.com/bot.html)"
5.189.177.19 - - [27/Jun/2025:23:39:51 +0000] "GET /wp-login.php HTTP/1.1" 404 1130 "https://www.google.com" "Mozilla/5.0 (Windows NT 10.0; Win64; x64) AppleWebKit/537.36 (KHTML, like Gecko) Chrome/90.0.4430.85 Safari/537.36"
5.189.177.19 - - [27/Jun/2025:23:39:52 +0000] "GET /administrator/ HTTP/1.1" 404 1130 "https://www.google.com" "Mozilla/5.0 (Windows NT 10.0; Win64; x64) AppleWebKit/537.36 (KHTML, like Gecko) Chrome/90.0.4430.85 Safari/537.36"
5.189.177.19 - - [27/Jun/2025:23:39:53 +0000] "GET / HTTP/1.1" 200 12874 "https://www.google.com" "Mozilla/5.0 (Windows NT 10.0; Win64; x64) AppleWebKit/537.36 (KHTML, like Gecko) Chrome/90.0.4430.85 Safari/537.36"
66.249.68.68 - - [27/Jun/2025:23:41:26 +0000] "GET /robots.txt HTTP/1.1" 404 1130 "-" "Mozilla/5.0 (compatible; Googlebot/2.1; +http://www.google.com/bot.html)"
66.249.68.69 - - [27/Jun/2025:23:41:27 +0000] "GET /lampadaire-tr%C3%A9pied-bois-abat-jour-gris-fonc%C3%A9-ss-17515795 HTTP/1.1" 404 1130 "-" "Mozilla/5.0 (Linux; Android 6.0.1; Nexus 5X Build/MMB29P) AppleWebKit/537.36 (KHTML, like Gecko) Chrome/137.0.7151.103 Mobile Safari/537.36 (compatible; GoogleOther)"
66.249.68.68 - - [27/Jun/2025:23:41:43 +0000] "GET /lampadaire-tr%C3%A9pied-bois-abat-jour-gris-fonc%C3%A9-ss-17515795 HTTP/1.1" 404 1130 "-" "Mozilla/5.0 (Linux; Android 6.0.1; Nexus 5X Build/MMB29P) AppleWebKit/537.36 (KHTML, like Gecko) Chrome/137.0.7151.103 Mobile Safari/537.36 (compatible; Googlebot/2.1; +http://www.google.com/bot.html)"
35.171.186.54 - - [27/Jun/2025:23:54:17 +0000] "GET / HTTP/1.1" 200 12901 "-" "Mozilla/5.0 (compatible; DotBot/1.1; http://www.opensiteexplorer.org/dotbot, help@moz.com)"
66.249.68.67 - - [28/Jun/2025:00:26:41 +0000] "GET /audio-de-jour-s-3759129 HTTP/1.1" 404 1130 "-" "Mozilla/5.0 (Linux; Android 6.0.1; Nexus 5X Build/MMB29P) AppleWebKit/537.36 (KHTML, like Gecko) Chrome/137.0.7151.103 Mobile Safari/537.36 (compatible; GoogleOther)"
66.249.68.68 - - [28/Jun/2025:00:26:57 +0000] "GET /audio-de-jour-s-3759129 HTTP/1.1" 404 1130 "-" "Mozilla/5.0 (Linux; Android 6.0.1; Nexus 5X Build/MMB29P) AppleWebKit/537.36 (KHTML, like Gecko) Chrome/137.0.7151.103 Mobile Safari/537.36 (compatible; Googlebot/2.1; +http://www.google.com/bot.html)"
34.230.124.21 - - [28/Jun/2025:00:41:35 +0000] "GET /robots.txt HTTP/1.1" 404 1130 "-" "Mozilla/5.0 AppleWebKit/537.36 (KHTML, like Gecko; compatible; Amazonbot/0.1; +https://developer.amazon.com/support/amazonbot) Chrome/119.0.6045.214 Safari/537.36"
44.212.106.171 - - [28/Jun/2025:00:41:36 +0000] "GET / HTTP/1.1" 200 12940 "-" "Mozilla/5.0 AppleWebKit/537.36 (KHTML, like Gecko; compatible; Amazonbot/0.1; +https://developer.amazon.com/support/amazonbot) Chrome/119.0.6045.214 Safari/537.36"
196.251.88.64 - - [28/Jun/2025:02:38:10 +0000] "GET / HTTP/1.1" 200 12887 "-" "Mozilla/5.0 (Linux; Android 9; Redmi Note 4) AppleWebKit/537.36 (KHTML, like Gecko) Chrome/76.0.3809.80 Mobile Safari/537.36"
196.251.88.64 - - [28/Jun/2025:02:38:34 +0000] "GET //alumni.dbcollege.ac.in/assets/js/jquery-1.10.2.min.js HTTP/1.1" 404 1130 "-" "Mozilla/5.0 (Linux; Android 9; LM-G820) AppleWebKit/537.36 (KHTML, like Gecko) Chrome/76.0.3809.111 Mobile Safari/537.36"
196.251.88.64 - - [28/Jun/2025:02:38:34 +0000] "GET //alumni.dbcollege.ac.in/assets/js/bootstrap.min.js HTTP/1.1" 404 1130 "-" "Mozilla/5.0 (iPhone; CPU iPhone OS 12_1 like Mac OS X) AppleWebKit/605.1.15 (KHTML, like Gecko) CriOS/76.0.3809.81 Mobile/15E148 Safari/605.1"
196.251.88.64 - - [28/Jun/2025:02:38:34 +0000] "GET //alumni.dbcollege.ac.in/assets/js/jquery-ui.js HTTP/1.1" 404 1130 "-" "Mozilla/5.0 (Windows NT 6.1; rv:12.0) Gecko/20120403211507 Firefox/12.0"
196.251.88.64 - - [28/Jun/2025:02:39:03 +0000] "GET //alumni.dbcollege.ac.in/assets/js/jquery-1.10.2.min.js HTTP/1.1" 404 1130 "-" "Mozilla/5.0 (Linux; Android 8.0.0; LDN-L21) AppleWebKit/537.36 (KHTML, like Gecko) Chrome/76.0.3809.111 Mobile Safari/537.36"
196.251.88.64 - - [28/Jun/2025:02:39:03 +0000] "GET //alumni.dbcollege.ac.in/assets/js/bootstrap.min.js HTTP/1.1" 404 1130 "-" "Mozilla/5.0 (X11; Linux x86_64) AppleWebKit/537.36 (KHTML, like Gecko) Chrome/73.0.3683.86 Safari/537.36"
196.251.88.64 - - [28/Jun/2025:02:39:03 +0000] "GET //alumni.dbcollege.ac.in/assets/js/jquery-ui.js HTTP/1.1" 404 1130 "-" "Mozilla/5.0 (Windows NT 6.1; Win64; x64) AppleWebKit/537.36 (KHTML, like Gecko) Chrome/77.0.3835.0 Safari/537.36"
4.227.36.44 - - [28/Jun/2025:03:04:14 +0000] "GET /robots.txt HTTP/1.1" 404 1130 "-" "Mozilla/5.0 AppleWebKit/537.36 (KHTML, like Gecko; compatible; GPTBot/1.2; +https://openai.com/gptbot)"
20.171.207.106 - - [28/Jun/2025:03:04:21 +0000] "GET / HTTP/1.1" 200 12855 "-" "Mozilla/5.0 AppleWebKit/537.36 (KHTML, like Gecko; compatible; GPTBot/1.2; +https://openai.com/gptbot)"
66.249.68.69 - - [28/Jun/2025:03:32:58 +0000] "GET /aster-de-la-nouvelle-angleterre-violetta-ss-30585893 HTTP/1.1" 404 1130 "-" "Mozilla/5.0 (Linux; Android 6.0.1; Nexus 5X Build/MMB29P) AppleWebKit/537.36 (KHTML, like Gecko) Chrome/137.0.7151.103 Mobile Safari/537.36 (compatible; Googlebot/2.1; +http://www.google.com/bot.html)"
66.249.68.69 - - [28/Jun/2025:03:33:33 +0000] "GET /aster-de-la-nouvelle-angleterre-violetta-ss-30585893 HTTP/1.1" 404 1130 "-" "Mozilla/5.0 (Linux; Android 6.0.1; Nexus 5X Build/MMB29P) AppleWebKit/537.36 (KHTML, like Gecko) Chrome/137.0.7151.103 Mobile Safari/537.36 (compatible; GoogleOther)"
66.249.68.67 - - [28/Jun/2025:03:45:15 +0000] "GET /ea-fond-s-36415378 HTTP/1.1" 404 1130 "-" "Mozilla/5.0 (Linux; Android 6.0.1; Nexus 5X Build/MMB29P) AppleWebKit/537.36 (KHTML, like Gecko) Chrome/137.0.7151.103 Mobile Safari/537.36 (compatible; GoogleOther)"
66.249.68.67 - - [28/Jun/2025:03:45:51 +0000] "GET /ea-fond-s-36415378 HTTP/1.1" 404 1130 "-" "Mozilla/5.0 (Linux; Android 6.0.1; Nexus 5X Build/MMB29P) AppleWebKit/537.36 (KHTML, like Gecko) Chrome/137.0.7151.103 Mobile Safari/537.36 (compatible; Googlebot/2.1; +http://www.google.com/bot.html)"
66.249.68.68 - - [28/Jun/2025:04:32:37 +0000] "GET /sweat-%C3%A0-capuche-zipp%C3%A9-gris-fonc%C3%A9-ahorn-ss-42545012 HTTP/1.1" 404 1130 "-" "Mozilla/5.0 (Linux; Android 6.0.1; Nexus 5X Build/MMB29P) AppleWebKit/537.36 (KHTML, like Gecko) Chrome/137.0.7151.103 Mobile Safari/537.36 (compatible; GoogleOther)"
66.249.68.69 - - [28/Jun/2025:04:40:13 +0000] "GET /adidas-terrex-outdoors-agr-veste-coupe-vent-rouge-et-ss-40005586 HTTP/1.1" 404 1130 "-" "Mozilla/5.0 (Linux; Android 6.0.1; Nexus 5X Build/MMB29P) AppleWebKit/537.36 (KHTML, like Gecko) Chrome/137.0.7151.103 Mobile Safari/537.36 (compatible; GoogleOther)"
66.249.68.68 - - [28/Jun/2025:04:41:23 +0000] "GET /adidas-terrex-outdoors-agr-veste-coupe-vent-rouge-et-ss-40005586 HTTP/1.1" 404 1130 "-" "Mozilla/5.0 (Linux; Android 6.0.1; Nexus 5X Build/MMB29P) AppleWebKit/537.36 (KHTML, like Gecko) Chrome/137.0.7151.103 Mobile Safari/537.36 (compatible; Googlebot/2.1; +http://www.google.com/bot.html)"
66.249.68.68 - - [28/Jun/2025:04:57:48 +0000] "GET /club-c-85-ss-48489 HTTP/1.1" 404 1130 "-" "Mozilla/5.0 (Linux; Android 6.0.1; Nexus 5X Build/MMB29P) AppleWebKit/537.36 (KHTML, like Gecko) Chrome/137.0.7151.103 Mobile Safari/537.36 (compatible; GoogleOther)"
104.210.140.132 - - [28/Jun/2025:05:48:33 +0000] "GET /robots.txt HTTP/1.1" 404 1130 "-" "Mozilla/5.0 (Macintosh; Intel Mac OS X 10_15_7) AppleWebKit/537.36 (KHTML, like Gecko) Chrome/131.0.0.0 Safari/537.36; compatible; OAI-SearchBot/1.0; +https://openai.com/searchbot"
104.210.140.130 - - [28/Jun/2025:05:48:34 +0000] "GET /index.php?robots.txt HTTP/1.1" 200 12839 "-" "Mozilla/5.0 (Macintosh; Intel Mac OS X 10_15_7) AppleWebKit/537.36 (KHTML, like Gecko) Chrome/131.0.0.0 Safari/537.36; compatible; OAI-SearchBot/1.0; +https://openai.com/searchbot"
66.249.68.67 - - [28/Jun/2025:05:56:55 +0000] "GET /jupe-culotte-en-faux-cuir-caralia-ss-21040680 HTTP/1.1" 404 1130 "-" "Mozilla/5.0 (Linux; Android 6.0.1; Nexus 5X Build/MMB29P) AppleWebKit/537.36 (KHTML, like Gecko) Chrome/137.0.7151.103 Mobile Safari/537.36 (compatible; GoogleOther)"
52.230.164.187 - - [28/Jun/2025:06:41:45 +0000] "GET / HTTP/1.1" 200 12944 "-" "Mozilla/5.0 AppleWebKit/537.36 (KHTML, like Gecko); compatible; ChatGPT-User/1.0; +https://openai.com/bot"
66.249.68.69 - - [28/Jun/2025:06:50:25 +0000] "GET /jeu-de-cupcakes-s-47203332 HTTP/1.1" 404 1130 "-" "Mozilla/5.0 (Linux; Android 6.0.1; Nexus 5X Build/MMB29P) AppleWebKit/537.36 (KHTML, like Gecko) Chrome/137.0.7151.103 Mobile Safari/537.36 (compatible; Googlebot/2.1; +http://www.google.com/bot.html)"
66.249.68.67 - - [28/Jun/2025:06:53:13 +0000] "GET /jeu-de-cupcakes-s-47203332 HTTP/1.1" 404 1130 "-" "Mozilla/5.0 (Linux; Android 6.0.1; Nexus 5X Build/MMB29P) AppleWebKit/537.36 (KHTML, like Gecko) Chrome/137.0.7151.103 Mobile Safari/537.36 (compatible; GoogleOther)"
66.249.68.69 - - [28/Jun/2025:07:15:17 +0000] "GET /asrock-b365m-pro4-f-motherboard-asrock-on-ldlc-holy-ss-35511271 HTTP/1.1" 404 1130 "-" "Mozilla/5.0 (Linux; Android 6.0.1; Nexus 5X Build/MMB29P) AppleWebKit/537.36 (KHTML, like Gecko) Chrome/137.0.7151.103 Mobile Safari/537.36 (compatible; GoogleOther)"
66.249.68.69 - - [28/Jun/2025:07:17:48 +0000] "GET /asrock-b365m-pro4-f-motherboard-asrock-on-ldlc-holy-ss-35511271 HTTP/1.1" 404 1130 "-" "Mozilla/5.0 (Linux; Android 6.0.1; Nexus 5X Build/MMB29P) AppleWebKit/537.36 (KHTML, like Gecko) Chrome/137.0.7151.103 Mobile Safari/537.36 (compatible; Googlebot/2.1; +http://www.google.com/bot.html)"
66.249.68.67 - - [28/Jun/2025:07:19:04 +0000] "GET /sweat-%C3%A0-capuche-zipp%C3%A9-gris-fonc%C3%A9-ahorn-ss-42545012 HTTP/1.1" 404 1130 "-" "Mozilla/5.0 (Linux; Android 6.0.1; Nexus 5X Build/MMB29P) AppleWebKit/537.36 (KHTML, like Gecko) Chrome/137.0.7151.103 Mobile Safari/537.36 (compatible; Googlebot/2.1; +http://www.google.com/bot.html)"
66.249.68.67 - - [28/Jun/2025:07:29:11 +0000] "GET /tee-shirt-manches-longues-kaporal-enfant-jubab-ss-23798570 HTTP/1.1" 404 1130 "-" "Mozilla/5.0 (Linux; Android 6.0.1; Nexus 5X Build/MMB29P) AppleWebKit/537.36 (KHTML, like Gecko) Chrome/137.0.7151.103 Mobile Safari/537.36 (compatible; GoogleOther)"
66.249.68.68 - - [28/Jun/2025:07:30:27 +0000] "GET /tee-shirt-manches-longues-kaporal-enfant-jubab-ss-23798570 HTTP/1.1" 404 1130 "-" "Mozilla/5.0 (Linux; Android 6.0.1; Nexus 5X Build/MMB29P) AppleWebKit/537.36 (KHTML, like Gecko) Chrome/137.0.7151.103 Mobile Safari/537.36 (compatible; Googlebot/2.1; +http://www.google.com/bot.html)"
66.249.68.69 - - [28/Jun/2025:07:34:14 +0000] "GET /geberit-smyle-square-ensemble-de-toilettes-et-si%C3%A8ge-%C3%A0-ss-37757762 HTTP/1.1" 404 1130 "-" "Mozilla/5.0 (Linux; Android 6.0.1; Nexus 5X Build/MMB29P) AppleWebKit/537.36 (KHTML, like Gecko) Chrome/137.0.7151.103 Mobile Safari/537.36 (compatible; GoogleOther)"
66.249.68.67 - - [28/Jun/2025:07:35:30 +0000] "GET /geberit-smyle-square-ensemble-de-toilettes-et-si%C3%A8ge-%C3%A0-ss-37757762 HTTP/1.1" 404 1130 "-" "Mozilla/5.0 (Linux; Android 6.0.1; Nexus 5X Build/MMB29P) AppleWebKit/537.36 (KHTML, like Gecko) Chrome/137.0.7151.103 Mobile Safari/537.36 (compatible; Googlebot/2.1; +http://www.google.com/bot.html)"
66.249.68.67 - - [28/Jun/2025:07:43:06 +0000] "GET /grain-d-anis-mix-rose-x-box-ss-41534589 HTTP/1.1" 404 1130 "-" "Mozilla/5.0 (Linux; Android 6.0.1; Nexus 5X Build/MMB29P) AppleWebKit/537.36 (KHTML, like Gecko) Chrome/137.0.7151.103 Mobile Safari/537.36 (compatible; Googlebot/2.1; +http://www.google.com/bot.html)"
66.249.68.69 - - [28/Jun/2025:07:44:21 +0000] "GET /grain-d-anis-mix-rose-x-box-ss-41534589 HTTP/1.1" 404 1130 "-" "Mozilla/5.0 (Linux; Android 6.0.1; Nexus 5X Build/MMB29P) AppleWebKit/537.36 (KHTML, like Gecko) Chrome/137.0.7151.103 Mobile Safari/537.36 (compatible; GoogleOther)"
66.249.68.67 - - [28/Jun/2025:08:00:47 +0000] "GET /sleep-lift-ss-35342425 HTTP/1.1" 404 1130 "-" "Mozilla/5.0 (Linux; Android 6.0.1; Nexus 5X Build/MMB29P) AppleWebKit/537.36 (KHTML, like Gecko) Chrome/137.0.7151.103 Mobile Safari/537.36 (compatible; Googlebot/2.1; +http://www.google.com/bot.html)"
66.249.68.67 - - [28/Jun/2025:08:02:02 +0000] "GET /sleep-lift-ss-35342425 HTTP/1.1" 404 1130 "-" "Mozilla/5.0 (Linux; Android 6.0.1; Nexus 5X Build/MMB29P) AppleWebKit/537.36 (KHTML, like Gecko) Chrome/137.0.7151.103 Mobile Safari/537.36 (compatible; GoogleOther)"
5.189.177.19 - - [28/Jun/2025:08:46:43 +0000] "GET /index.php?wp-login.php HTTP/1.1" 200 12938 "https://www.google.com" "Mozilla/5.0 (Windows NT 10.0; Win64; x64) AppleWebKit/537.36 (KHTML, like Gecko) Chrome/90.0.4430.85 Safari/537.36"
5.189.177.19 - - [28/Jun/2025:08:46:45 +0000] "GET / HTTP/1.1" 200 12941 "https://www.google.com" "Mozilla/5.0 (Windows NT 10.0; Win64; x64) AppleWebKit/537.36 (KHTML, like Gecko) Chrome/90.0.4430.85 Safari/537.36"
66.249.68.68 - - [28/Jun/2025:09:24:10 +0000] "GET /pecute-coupe-ongles-chien-en-1-coupe-griffe-pour-ss-26036672 HTTP/1.1" 404 1130 "-" "Mozilla/5.0 (Linux; Android 6.0.1; Nexus 5X Build/MMB29P) AppleWebKit/537.36 (KHTML, like Gecko) Chrome/137.0.7151.103 Mobile Safari/537.36 (compatible; GoogleOther)"
66.249.68.69 - - [28/Jun/2025:09:25:26 +0000] "GET /pecute-coupe-ongles-chien-en-1-coupe-griffe-pour-ss-26036672 HTTP/1.1" 404 1130 "-" "Mozilla/5.0 (Linux; Android 6.0.1; Nexus 5X Build/MMB29P) AppleWebKit/537.36 (KHTML, like Gecko) Chrome/137.0.7151.103 Mobile Safari/537.36 (compatible; Googlebot/2.1; +http://www.google.com/bot.html)"
5.189.177.19 - - [28/Jun/2025:09:31:37 +0000] "GET /wp-login.php HTTP/1.1" 404 1130 "https://www.google.com" "Mozilla/5.0 (Windows NT 10.0; Win64; x64) AppleWebKit/537.36 (KHTML, like Gecko) Chrome/90.0.4430.85 Safari/537.36"
